{"id":31314,"date":"2025-11-08T23:55:12","date_gmt":"2025-11-08T22:55:12","guid":{"rendered":"https:\/\/eterle.cz\/eshop\/produkt\/lustr-kamenicky-senov-2\/"},"modified":"2025-12-05T22:33:03","modified_gmt":"2025-12-05T21:33:03","slug":"lustr-kamenicky-senov-2","status":"publish","type":"product","link":"https:\/\/eterle.cz\/eshop\/produkt\/lustr-kamenicky-senov-2\/","title":{"rendered":"Lustr \/ Kamenick\u00fd \u0160enov"},"content":{"rendered":"<p>Toto z\u00e1v\u011bsn\u00e9 sv\u00edtidlo pravd\u011bpodobn\u011b poch\u00e1z\u00ed z produkce Kamenick\u00fd \u0160enov a p\u0159edstavuje v\u00fdrazn\u00fd p\u0159\u00edklad \u010deskoslovensk\u00e9ho designu 70. let minul\u00e9ho stolet\u00ed. Kombinace \u010dern\u00e9ho kovov\u00e9ho t\u011bla a spodn\u00ed \u010d\u00e1sti z masivn\u00edho, \u017eebrovan\u00e9ho skla mu prop\u016fj\u010duje industri\u00e1ln\u00ed, t\u00e9m\u011b\u0159 brutalistn\u00ed charakter. Takov\u00e1 sv\u011btla b\u00fdvala navrhov\u00e1na pro ve\u0159ejn\u00e9 a reprezenta\u010dn\u00ed prostory, ale d\u00edky sv\u00e9 st\u0159\u00eddm\u00e9 eleganci dnes skv\u011ble zapadnou i do sou\u010dasn\u00fdch interi\u00e9r\u016f, kde dok\u00e1\u017eou zaujmout jako dominantn\u00ed solit\u00e9r s jasn\u00fdm odkazem na \u010deskoslovensk\u00fd modernismus.<\/p>\n<p>Stav: el. p\u016fvodn\u00ed, funk\u010dn\u00ed<br \/>\nZna\u010dka: pravd\u011bpodobn\u011b Kamenick\u00fd \u0160enov<br \/>\nRozm\u011br<br \/>\nV\u00fd\u0161ka: 64 cm<br \/>\nV\u00fd\u0161ka ty\u010de: 48 cm<br \/>\n\u0160\u00ed\u0159ka: 52 cm<br \/>\nHloubka: 26 cm<br \/>\nV\u00e1ha: 7,8 kg<\/p>\n<p>&nbsp;<\/p>\n","protected":false},"excerpt":{"rendered":"<p>Toto z\u00e1v\u011bsn\u00e9 sv\u00edtidlo pravd\u011bpodobn\u011b poch\u00e1z\u00ed z produkce Kamenick\u00fd \u0160enov a p\u0159edstavuje v\u00fdrazn\u00fd p\u0159\u00edklad \u010deskoslovensk\u00e9ho designu 70. let minul\u00e9ho stolet\u00ed. Kombinace<\/p>\n","protected":false},"featured_media":31316,"template":"","meta":[],"product_brand":[],"product_cat":[79,140],"product_tag":[],"class_list":{"0":"post-31314","1":"product","2":"type-product","3":"status-publish","4":"has-post-thumbnail","6":"product_cat-svetla","7":"product_cat-lustry","8":"product_shipping_class-nadrozmerne","10":"first","11":"instock","12":"purchasable","13":"product-type-simple"},"_links":{"self":[{"href":"https:\/\/eterle.cz\/eshop\/wp-json\/wp\/v2\/product\/31314","targetHints":{"allow":["GET"]}}],"collection":[{"href":"https:\/\/eterle.cz\/eshop\/wp-json\/wp\/v2\/product"}],"about":[{"href":"https:\/\/eterle.cz\/eshop\/wp-json\/wp\/v2\/types\/product"}],"version-history":[{"count":1,"href":"https:\/\/eterle.cz\/eshop\/wp-json\/wp\/v2\/product\/31314\/revisions"}],"predecessor-version":[{"id":31315,"href":"https:\/\/eterle.cz\/eshop\/wp-json\/wp\/v2\/product\/31314\/revisions\/31315"}],"wp:featuredmedia":[{"embeddable":true,"href":"https:\/\/eterle.cz\/eshop\/wp-json\/wp\/v2\/media\/31316"}],"wp:attachment":[{"href":"https:\/\/eterle.cz\/eshop\/wp-json\/wp\/v2\/media?parent=31314"}],"wp:term":[{"taxonomy":"product_brand","embeddable":true,"href":"https:\/\/eterle.cz\/eshop\/wp-json\/wp\/v2\/product_brand?post=31314"},{"taxonomy":"product_cat","embeddable":true,"href":"https:\/\/eterle.cz\/eshop\/wp-json\/wp\/v2\/product_cat?post=31314"},{"taxonomy":"product_tag","embeddable":true,"href":"https:\/\/eterle.cz\/eshop\/wp-json\/wp\/v2\/product_tag?post=31314"}],"curies":[{"name":"wp","href":"https:\/\/api.w.org\/{rel}","templated":true}]}}

Lustr / Kamenický Šenov

<p>Toto závěsné svítidlo pravděpodobně pochází z produkce Kamenický Šenov a představuje výrazný příklad československého designu 70. let minulého století. Kombinace černého kovového těla a spodní části z masivního, žebrovaného skla mu propůjčuje industriální, téměř brutalistní charakter. Taková světla bývala navrhována pro veřejné a reprezentační prostory, ale díky své střídmé eleganci dnes skvěle zapadnou i do současných interiérů, kde dokážou zaujmout jako dominantní solitér s jasným odkazem na československý modernismus.</p>
<p>Stav: el. původní, funkční<br />
Značka: pravděpodobně Kamenický Šenov<br />
Rozměr<br />
Výška: 64 cm<br />
Výška tyče: 48 cm<br />
Šířka: 52 cm<br />
Hloubka: 26 cm<br />
Váha: 7,8 kg</p>
<p>&nbsp;</p>

<p>Toto závěsné svítidlo pravděpodobně pochází z produkce Kamenický Šenov a představuje výrazný příklad československého designu 70. let minulého století. Kombinace</p>
