{"id":32116,"date":"2025-12-05T22:07:52","date_gmt":"2025-12-05T21:07:52","guid":{"rendered":"https:\/\/eterle.cz\/eshop\/produkt\/kreslo-kozelka-a-kropacek-6\/"},"modified":"2026-04-01T13:50:54","modified_gmt":"2026-04-01T11:50:54","slug":"kreslo-kozelka-a-kropacek-6","status":"publish","type":"product","link":"https:\/\/eterle.cz\/eshop\/produkt\/kreslo-kozelka-a-kropacek-6\/","title":{"rendered":"K\u0159eslo Ko\u017eelka a Krop\u00e1\u010dek"},"content":{"rendered":"<p>K\u0159eslo s typick\u00fdmi elegantn\u011b oh\u00fdban\u00fdmi podru\u010dkami, kter\u00e9 okam\u017eit\u011b prozrad\u00ed rukopis dvojice Ko\u017eelka a Krop\u00e1\u010dek. Jeho silueta je \u010dist\u00e1, m\u011bkk\u00e1 a nad\u010dasov\u00e1, p\u0159esn\u011b takov\u00e1, jakou zn\u00e1me z jejich pov\u00e1le\u010dn\u00e9 tvorby. <\/p>\n<p>K\u0159eslo pro\u0161lo kompletn\u00ed renovac\u00ed \u2013 od d\u0159eva a\u017e po nov\u00e9 \u010daloun\u011bn\u00ed. Tmav\u011b mo\u0159en\u00e1 konstrukce zv\u00fdraz\u0148uje plynulost lini\u00ed, zat\u00edmco sv\u011btl\u00e1 strukturovan\u00e1 l\u00e1tka dod\u00e1v\u00e1 celku lehkost a sou\u010dasn\u00fd v\u00fdraz. V\u00fdsledkem je k\u0159eslo, kter\u00e9 p\u016fsob\u00ed klidn\u011b, \u00fatuln\u011b a s p\u0159irozenou eleganc\u00ed. Nad\u010dasov\u00fd solit\u00e9r, kter\u00fd kr\u00e1sn\u011b zapadne do modern\u00edho i tradi\u010dn\u00edho interi\u00e9ru.<\/p>\n<p>Stav: po celkov\u00e9 renovaci<br \/>\nZna\u010dka: Ko\u017eelka a Krip\u00e1\u010dek<br \/>\nRozm\u011br<br \/>\nV\u00fd\u0161ka: 78 cm<br \/>\nV\u00fd\u0161ka sed\u00e1ku: 46 cm<br \/>\n\u0160\u00ed\u0159ka: 67 cm<br \/>\nHloubka: 82 cm<br \/>\nHloubka sed\u00e1ku: 52 cm<\/p>\n<p>&nbsp;<\/p>\n","protected":false},"excerpt":{"rendered":"<p>K\u0159eslo s typick\u00fdmi elegantn\u011b oh\u00fdban\u00fdmi podru\u010dkami, kter\u00e9 okam\u017eit\u011b prozrad\u00ed rukopis dvojice Ko\u017eelka a Krop\u00e1\u010dek. Jeho silueta je \u010dist\u00e1, m\u011bkk\u00e1 a<\/p>\n","protected":false},"featured_media":32118,"template":"","meta":[],"product_brand":[],"product_cat":[130,122],"product_tag":[],"class_list":{"0":"post-32116","1":"product","2":"type-product","3":"status-publish","4":"has-post-thumbnail","6":"product_cat-nabytek","7":"product_cat-kresla-a-taburety","8":"product_shipping_class-nadrozmerne","10":"first","11":"instock","12":"featured","13":"purchasable","14":"product-type-simple"},"_links":{"self":[{"href":"https:\/\/eterle.cz\/eshop\/wp-json\/wp\/v2\/product\/32116","targetHints":{"allow":["GET"]}}],"collection":[{"href":"https:\/\/eterle.cz\/eshop\/wp-json\/wp\/v2\/product"}],"about":[{"href":"https:\/\/eterle.cz\/eshop\/wp-json\/wp\/v2\/types\/product"}],"version-history":[{"count":1,"href":"https:\/\/eterle.cz\/eshop\/wp-json\/wp\/v2\/product\/32116\/revisions"}],"predecessor-version":[{"id":32117,"href":"https:\/\/eterle.cz\/eshop\/wp-json\/wp\/v2\/product\/32116\/revisions\/32117"}],"wp:featuredmedia":[{"embeddable":true,"href":"https:\/\/eterle.cz\/eshop\/wp-json\/wp\/v2\/media\/32118"}],"wp:attachment":[{"href":"https:\/\/eterle.cz\/eshop\/wp-json\/wp\/v2\/media?parent=32116"}],"wp:term":[{"taxonomy":"product_brand","embeddable":true,"href":"https:\/\/eterle.cz\/eshop\/wp-json\/wp\/v2\/product_brand?post=32116"},{"taxonomy":"product_cat","embeddable":true,"href":"https:\/\/eterle.cz\/eshop\/wp-json\/wp\/v2\/product_cat?post=32116"},{"taxonomy":"product_tag","embeddable":true,"href":"https:\/\/eterle.cz\/eshop\/wp-json\/wp\/v2\/product_tag?post=32116"}],"curies":[{"name":"wp","href":"https:\/\/api.w.org\/{rel}","templated":true}]}}

Křeslo Koželka a Kropáček

<p>Křeslo s typickými elegantně ohýbanými područkami, které okamžitě prozradí rukopis dvojice Koželka a Kropáček. Jeho silueta je čistá, měkká a nadčasová, přesně taková, jakou známe z jejich poválečné tvorby. </p>
<p>Křeslo prošlo kompletní renovací – od dřeva až po nové čalounění. Tmavě mořená konstrukce zvýrazňuje plynulost linií, zatímco světlá strukturovaná látka dodává celku lehkost a současný výraz. Výsledkem je křeslo, které působí klidně, útulně a s přirozenou elegancí. Nadčasový solitér, který krásně zapadne do moderního i tradičního interiéru.</p>
<p>Stav: po celkové renovaci<br />
Značka: Koželka a Kripáček<br />
Rozměr<br />
Výška: 78 cm<br />
Výška sedáku: 46 cm<br />
Šířka: 67 cm<br />
Hloubka: 82 cm<br />
Hloubka sedáku: 52 cm</p>
<p>&nbsp;</p>

<p>Křeslo s typickými elegantně ohýbanými područkami, které okamžitě prozradí rukopis dvojice Koželka a Kropáček. Jeho silueta je čistá, měkká a</p>
