{"id":32128,"date":"2025-12-05T22:08:22","date_gmt":"2025-12-05T21:08:22","guid":{"rendered":"https:\/\/eterle.cz\/eshop\/produkt\/kreslo-po-celkove-renovaci\/"},"modified":"2026-03-04T22:04:24","modified_gmt":"2026-03-04T21:04:24","slug":"kreslo-po-celkove-renovaci","status":"publish","type":"product","link":"https:\/\/eterle.cz\/eshop\/produkt\/kreslo-po-celkove-renovaci\/","title":{"rendered":"K\u0159eslo po celkov\u00e9 renovaci"},"content":{"rendered":"<p>K\u0159eslo s v\u00fdraznou, a\u017e so\u0161nou siluetou, kter\u00e1 p\u016fsob\u00ed lehce a sebejist\u011b z\u00e1rove\u0148. \u0160t\u00edhl\u00e1 vysok\u00e1 op\u011brka plynule p\u0159ech\u00e1z\u00ed do sed\u00e1ku, zat\u00edmco \u00fazk\u00e9 d\u0159ev\u011bn\u00e9 podru\u010dky dod\u00e1vaj\u00ed celku elegantn\u00ed, t\u00e9m\u011b\u0159 modernistick\u00fd rytmus. Autor nen\u00ed zn\u00e1m, ale tvaroslov\u00ed jasn\u011b odkazuje k \u010desk\u00e9mu designu 60. let \u2013 k dob\u011b, kdy se hledala kombinace pohodl\u00ed, \u010dist\u00fdch lini\u00ed a v\u00fdrazn\u00e9ho profilu.<\/p>\n<p>K\u0159eslo pro\u0161lo kompletn\u00ed renovac\u00ed \u2013 obnovou d\u0159eva i p\u0159e\u010daloun\u011bn\u00edm. Kombinace dvou l\u00e1tek podtrhuje jeho dynamick\u00fd tvar: \u010cokol\u00e1dov\u011b hn\u011bd\u00e1 l\u00e1tka zv\u00fdraz\u0148uje tvar k\u0159esla, zat\u00edmco sed\u00e1k ve vanikov\u011b \u017elut\u00e9 p\u0159id\u00e1v\u00e1 jemnost a kontrastn\u00ed detail. D\u0159ev\u011bn\u00e1 konstrukce byla p\u0159ebrou\u0161ena a o\u0161et\u0159ena tak, aby vynikla jej\u00ed tepl\u00e1 kresba.<\/p>\n<p>V\u00fdsledkem je solit\u00e9r, kter\u00fd spojuje pohodl\u00ed vysok\u00e9ho k\u0159esla s \u010dist\u00fdm, nad\u010dasov\u00fdm designem. Ide\u00e1ln\u00ed pro kout, kde chcete m\u00edt klid a styl v jednom.<\/p>\n<p>Stav: po celkov\u00e9 renovaci<br \/>\nRozm\u011br<br \/>\nV\u00fd\u0161ka: 108 cm<br \/>\nV\u00fd\u0161ka sed\u00e1ku: 48 cm<br \/>\n\u0160\u00ed\u0159ka: 63 cm<br \/>\nHloubka: 81 cm<br \/>\nHloubka sed\u00e1ku: 48 cm<\/p>\n<p>&nbsp;<\/p>\n","protected":false},"excerpt":{"rendered":"<p>K\u0159eslo s v\u00fdraznou, a\u017e so\u0161nou siluetou, kter\u00e1 p\u016fsob\u00ed lehce a sebejist\u011b z\u00e1rove\u0148. \u0160t\u00edhl\u00e1 vysok\u00e1 op\u011brka plynule p\u0159ech\u00e1z\u00ed do sed\u00e1ku, zat\u00edmco<\/p>\n","protected":false},"featured_media":32130,"template":"","meta":[],"product_brand":[],"product_cat":[91],"product_tag":[],"class_list":{"0":"post-32128","1":"product","2":"type-product","3":"status-publish","4":"has-post-thumbnail","6":"product_cat-prodane","7":"product_shipping_class-nadrozmerne","9":"first","10":"outofstock","11":"featured","12":"purchasable","13":"product-type-simple"},"_links":{"self":[{"href":"https:\/\/eterle.cz\/eshop\/wp-json\/wp\/v2\/product\/32128","targetHints":{"allow":["GET"]}}],"collection":[{"href":"https:\/\/eterle.cz\/eshop\/wp-json\/wp\/v2\/product"}],"about":[{"href":"https:\/\/eterle.cz\/eshop\/wp-json\/wp\/v2\/types\/product"}],"version-history":[{"count":3,"href":"https:\/\/eterle.cz\/eshop\/wp-json\/wp\/v2\/product\/32128\/revisions"}],"predecessor-version":[{"id":34713,"href":"https:\/\/eterle.cz\/eshop\/wp-json\/wp\/v2\/product\/32128\/revisions\/34713"}],"wp:featuredmedia":[{"embeddable":true,"href":"https:\/\/eterle.cz\/eshop\/wp-json\/wp\/v2\/media\/32130"}],"wp:attachment":[{"href":"https:\/\/eterle.cz\/eshop\/wp-json\/wp\/v2\/media?parent=32128"}],"wp:term":[{"taxonomy":"product_brand","embeddable":true,"href":"https:\/\/eterle.cz\/eshop\/wp-json\/wp\/v2\/product_brand?post=32128"},{"taxonomy":"product_cat","embeddable":true,"href":"https:\/\/eterle.cz\/eshop\/wp-json\/wp\/v2\/product_cat?post=32128"},{"taxonomy":"product_tag","embeddable":true,"href":"https:\/\/eterle.cz\/eshop\/wp-json\/wp\/v2\/product_tag?post=32128"}],"curies":[{"name":"wp","href":"https:\/\/api.w.org\/{rel}","templated":true}]}}

Křeslo po celkové renovaci

<p>Křeslo s výraznou, až sošnou siluetou, která působí lehce a sebejistě zároveň. Štíhlá vysoká opěrka plynule přechází do sedáku, zatímco úzké dřevěné područky dodávají celku elegantní, téměř modernistický rytmus. Autor není znám, ale tvarosloví jasně odkazuje k českému designu 60. let – k době, kdy se hledala kombinace pohodlí, čistých linií a výrazného profilu.</p>
<p>Křeslo prošlo kompletní renovací – obnovou dřeva i přečalouněním. Kombinace dvou látek podtrhuje jeho dynamický tvar: Čokoládově hnědá látka zvýrazňuje tvar křesla, zatímco sedák ve vanikově žluté přidává jemnost a kontrastní detail. Dřevěná konstrukce byla přebroušena a ošetřena tak, aby vynikla její teplá kresba.</p>
<p>Výsledkem je solitér, který spojuje pohodlí vysokého křesla s čistým, nadčasovým designem. Ideální pro kout, kde chcete mít klid a styl v jednom.</p>
<p>Stav: po celkové renovaci<br />
Rozměr<br />
Výška: 108 cm<br />
Výška sedáku: 48 cm<br />
Šířka: 63 cm<br />
Hloubka: 81 cm<br />
Hloubka sedáku: 48 cm</p>
<p>&nbsp;</p>

<p>Křeslo s výraznou, až sošnou siluetou, která působí lehce a sebejistě zároveň. Štíhlá vysoká opěrka plynule přechází do sedáku, zatímco</p>
