{"id":32139,"date":"2025-12-05T22:08:47","date_gmt":"2025-12-05T21:08:47","guid":{"rendered":"https:\/\/eterle.cz\/eshop\/produkt\/kreslo-tatra-4\/"},"modified":"2026-04-01T13:50:54","modified_gmt":"2026-04-01T11:50:54","slug":"kreslo-tatra-4","status":"publish","type":"product","link":"https:\/\/eterle.cz\/eshop\/produkt\/kreslo-tatra-4\/","title":{"rendered":"K\u0159eslo Tatra"},"content":{"rendered":"<p>K\u0159eslo z produkce Tatra n\u00e1bytek, kter\u00e9 na prvn\u00ed pohled zaujme svou lehkou, geometrickou konstrukc\u00ed a raritn\u00edm detailem \u2013 transparentn\u00edmi plastov\u00fdmi podru\u010dkami. Tento dnes u\u017e m\u00e1lo v\u00eddan\u00fd model pat\u0159\u00ed k odv\u00e1\u017en\u011bj\u0161\u00edm experiment\u016fm 60. let, kdy se tradi\u010dn\u00ed d\u0159ev\u011bn\u00e1 kostra za\u010dala kombinovat s nov\u00fdmi materi\u00e1ly a vznikaly tak neobvykl\u00e9, modern\u011b p\u016fsob\u00edc\u00ed siluety.<\/p>\n<p>K\u0159eslo pro\u0161lo kompletn\u00ed renovac\u00ed. D\u0159ev\u011bn\u00e9 nohy a r\u00e1m byly znovu o\u0161et\u0159eny, aby vynikla jejich tepl\u00e1 kresba, a nov\u00e9 \u010daloun\u011bn\u00ed v jemn\u011b modro\u0161ed\u00e9m odst\u00ednu podtrhuje \u010distotu tvaru. Plastov\u00e9 podru\u010dky jsou ikonick\u00fdm prvkem \u2013 opticky odleh\u010duj\u00ed konstrukci a dod\u00e1vaj\u00ed k\u0159eslu t\u00e9m\u011b\u0159 futuristick\u00fd v\u00fdraz, kter\u00fd p\u016fsob\u00ed p\u0159ekvapiv\u011b sou\u010dasn\u011b.<\/p>\n<p>V\u00fdsledkem je jedine\u010dn\u00fd solit\u00e9r, kter\u00fd kombinuje retro atmosf\u00e9ru s modern\u00ed lehkost\u00ed. Skv\u011bl\u00e1 volba pro interi\u00e9r, kter\u00fd m\u00e1 m\u00edt charakter a z\u00e1rove\u0148 neot\u0159el\u00fd detail.<\/p>\n<p>Stav: po celkov\u00e9 renovaci<br \/>\nZna\u010dka: Tatra n\u00e1bytok<br \/>\nRozm\u011br<br \/>\nV\u00fd\u0161ka: 83 cm<br \/>\nV\u00fd\u0161ka sed\u00e1ku: 42 cm<br \/>\n\u0160\u00ed\u0159ka: 65 cm<br \/>\nHloubka: 65 cm<br \/>\nHloubka sed\u00e1ku: 49 cm<\/p>\n<p>&nbsp;<\/p>\n","protected":false},"excerpt":{"rendered":"<p>K\u0159eslo z produkce Tatra n\u00e1bytek, kter\u00e9 na prvn\u00ed pohled zaujme svou lehkou, geometrickou konstrukc\u00ed a raritn\u00edm detailem \u2013 transparentn\u00edmi plastov\u00fdmi<\/p>\n","protected":false},"featured_media":32141,"template":"","meta":[],"product_brand":[],"product_cat":[130,122],"product_tag":[],"class_list":{"0":"post-32139","1":"product","2":"type-product","3":"status-publish","4":"has-post-thumbnail","6":"product_cat-nabytek","7":"product_cat-kresla-a-taburety","8":"product_shipping_class-nadrozmerne","10":"first","11":"instock","12":"purchasable","13":"product-type-simple"},"_links":{"self":[{"href":"https:\/\/eterle.cz\/eshop\/wp-json\/wp\/v2\/product\/32139","targetHints":{"allow":["GET"]}}],"collection":[{"href":"https:\/\/eterle.cz\/eshop\/wp-json\/wp\/v2\/product"}],"about":[{"href":"https:\/\/eterle.cz\/eshop\/wp-json\/wp\/v2\/types\/product"}],"version-history":[{"count":1,"href":"https:\/\/eterle.cz\/eshop\/wp-json\/wp\/v2\/product\/32139\/revisions"}],"predecessor-version":[{"id":32140,"href":"https:\/\/eterle.cz\/eshop\/wp-json\/wp\/v2\/product\/32139\/revisions\/32140"}],"wp:featuredmedia":[{"embeddable":true,"href":"https:\/\/eterle.cz\/eshop\/wp-json\/wp\/v2\/media\/32141"}],"wp:attachment":[{"href":"https:\/\/eterle.cz\/eshop\/wp-json\/wp\/v2\/media?parent=32139"}],"wp:term":[{"taxonomy":"product_brand","embeddable":true,"href":"https:\/\/eterle.cz\/eshop\/wp-json\/wp\/v2\/product_brand?post=32139"},{"taxonomy":"product_cat","embeddable":true,"href":"https:\/\/eterle.cz\/eshop\/wp-json\/wp\/v2\/product_cat?post=32139"},{"taxonomy":"product_tag","embeddable":true,"href":"https:\/\/eterle.cz\/eshop\/wp-json\/wp\/v2\/product_tag?post=32139"}],"curies":[{"name":"wp","href":"https:\/\/api.w.org\/{rel}","templated":true}]}}

Křeslo Tatra

<p>Křeslo z produkce Tatra nábytek, které na první pohled zaujme svou lehkou, geometrickou konstrukcí a raritním detailem – transparentními plastovými područkami. Tento dnes už málo vídaný model patří k odvážnějším experimentům 60. let, kdy se tradiční dřevěná kostra začala kombinovat s novými materiály a vznikaly tak neobvyklé, moderně působící siluety.</p>
<p>Křeslo prošlo kompletní renovací. Dřevěné nohy a rám byly znovu ošetřeny, aby vynikla jejich teplá kresba, a nové čalounění v jemně modrošedém odstínu podtrhuje čistotu tvaru. Plastové područky jsou ikonickým prvkem – opticky odlehčují konstrukci a dodávají křeslu téměř futuristický výraz, který působí překvapivě současně.</p>
<p>Výsledkem je jedinečný solitér, který kombinuje retro atmosféru s moderní lehkostí. Skvělá volba pro interiér, který má mít charakter a zároveň neotřelý detail.</p>
<p>Stav: po celkové renovaci<br />
Značka: Tatra nábytok<br />
Rozměr<br />
Výška: 83 cm<br />
Výška sedáku: 42 cm<br />
Šířka: 65 cm<br />
Hloubka: 65 cm<br />
Hloubka sedáku: 49 cm</p>
<p>&nbsp;</p>

<p>Křeslo z produkce Tatra nábytek, které na první pohled zaujme svou lehkou, geometrickou konstrukcí a raritním detailem – transparentními plastovými</p>
