{"id":32149,"date":"2025-12-05T22:09:11","date_gmt":"2025-12-05T21:09:11","guid":{"rendered":"https:\/\/eterle.cz\/eshop\/produkt\/kreslo-po-renovaci-ton-2\/"},"modified":"2026-04-01T13:50:54","modified_gmt":"2026-04-01T11:50:54","slug":"kreslo-po-renovaci-ton-2","status":"publish","type":"product","link":"https:\/\/eterle.cz\/eshop\/produkt\/kreslo-po-renovaci-ton-2\/","title":{"rendered":"K\u0159eslo po renovaci \/ Ton"},"content":{"rendered":"<p>K\u0159eslo TON, zn\u00e1m\u00e9 jako \u201emal\u00e9 C\u201c, navr\u017een\u00e9 Ing. arch. Janem \u0160m\u00eddkem. Jeho charakter ur\u010duj\u00ed ladn\u011b prohnut\u00e9 podru\u010dky, lehk\u00e1 konstrukce a typick\u00e1 elegance \u0160m\u00eddkova stylu \u2013 jednoduchost, kter\u00e1 p\u016fsob\u00ed p\u0159irozen\u011b a sou\u010dasn\u011b.<\/p>\n<p>K\u0159eslo pro\u0161lo kompletn\u00ed renovac\u00ed. D\u0159ev\u011bn\u00e9 \u010d\u00e1sti byly znovu o\u0161et\u0159eny do sv\u011btl\u00e9ho p\u0159\u00edrodn\u00edho t\u00f3nu a nov\u00e9 \u010daloun\u011bn\u00ed v zelen\u00e9m odst\u00ednu se svisl\u00fdm pro\u0161it\u00edm dod\u00e1v\u00e1 k\u0159eslu sv\u011b\u017e\u00ed modenr\u00ed t\u00f3n.<\/p>\n<p>V\u00fdsledkem je ikonick\u00e9 \u201emal\u00e9 C\u201c v pe\u010dliv\u011b obnoven\u00e9 podob\u011b \u2013 nad\u010dasov\u00fd \u0160m\u00eddk\u016fv n\u00e1vrh, kter\u00fd d\u00edky citliv\u00e9 renovaci p\u016fsob\u00ed \u010dist\u011b, sv\u011b\u017ee a p\u0159ipraven\u011b pro dal\u0161\u00ed desetilet\u00ed.<\/p>\n<p>Stav: po celkov\u00e9 renovaci<br \/>\nZna\u010dka: Ton, Jan \u0160m\u00eddek<br \/>\nRozm\u011br<br \/>\nV\u00fd\u0161ka: 85 cm<br \/>\nV\u00fd\u0161ka sed\u00e1ku: 40 cm<br \/>\n\u0160\u00ed\u0159ka: 61 cm<br \/>\nHloubka: 65 cm<br \/>\nHloubka sed\u00e1ku: 48 cm<\/p>\n<p>&nbsp;<\/p>\n","protected":false},"excerpt":{"rendered":"<p>K\u0159eslo TON, zn\u00e1m\u00e9 jako \u201emal\u00e9 C\u201c, navr\u017een\u00e9 Ing. arch. Janem \u0160m\u00eddkem. Jeho charakter ur\u010duj\u00ed ladn\u011b prohnut\u00e9 podru\u010dky, lehk\u00e1 konstrukce a<\/p>\n","protected":false},"featured_media":32151,"template":"","meta":[],"product_brand":[],"product_cat":[130,122],"product_tag":[],"class_list":{"0":"post-32149","1":"product","2":"type-product","3":"status-publish","4":"has-post-thumbnail","6":"product_cat-nabytek","7":"product_cat-kresla-a-taburety","8":"product_shipping_class-nadrozmerne","10":"first","11":"instock","12":"purchasable","13":"product-type-simple"},"_links":{"self":[{"href":"https:\/\/eterle.cz\/eshop\/wp-json\/wp\/v2\/product\/32149","targetHints":{"allow":["GET"]}}],"collection":[{"href":"https:\/\/eterle.cz\/eshop\/wp-json\/wp\/v2\/product"}],"about":[{"href":"https:\/\/eterle.cz\/eshop\/wp-json\/wp\/v2\/types\/product"}],"version-history":[{"count":3,"href":"https:\/\/eterle.cz\/eshop\/wp-json\/wp\/v2\/product\/32149\/revisions"}],"predecessor-version":[{"id":33827,"href":"https:\/\/eterle.cz\/eshop\/wp-json\/wp\/v2\/product\/32149\/revisions\/33827"}],"wp:featuredmedia":[{"embeddable":true,"href":"https:\/\/eterle.cz\/eshop\/wp-json\/wp\/v2\/media\/32151"}],"wp:attachment":[{"href":"https:\/\/eterle.cz\/eshop\/wp-json\/wp\/v2\/media?parent=32149"}],"wp:term":[{"taxonomy":"product_brand","embeddable":true,"href":"https:\/\/eterle.cz\/eshop\/wp-json\/wp\/v2\/product_brand?post=32149"},{"taxonomy":"product_cat","embeddable":true,"href":"https:\/\/eterle.cz\/eshop\/wp-json\/wp\/v2\/product_cat?post=32149"},{"taxonomy":"product_tag","embeddable":true,"href":"https:\/\/eterle.cz\/eshop\/wp-json\/wp\/v2\/product_tag?post=32149"}],"curies":[{"name":"wp","href":"https:\/\/api.w.org\/{rel}","templated":true}]}}

Křeslo po renovaci / Ton

<p>Křeslo TON, známé jako „malé C“, navržené Ing. arch. Janem Šmídkem. Jeho charakter určují ladně prohnuté područky, lehká konstrukce a typická elegance Šmídkova stylu – jednoduchost, která působí přirozeně a současně.</p>
<p>Křeslo prošlo kompletní renovací. Dřevěné části byly znovu ošetřeny do světlého přírodního tónu a nové čalounění v zeleném odstínu se svislým prošitím dodává křeslu svěží modenrí tón.</p>
<p>Výsledkem je ikonické „malé C“ v pečlivě obnovené podobě – nadčasový Šmídkův návrh, který díky citlivé renovaci působí čistě, svěže a připraveně pro další desetiletí.</p>
<p>Stav: po celkové renovaci<br />
Značka: Ton, Jan Šmídek<br />
Rozměr<br />
Výška: 85 cm<br />
Výška sedáku: 40 cm<br />
Šířka: 61 cm<br />
Hloubka: 65 cm<br />
Hloubka sedáku: 48 cm</p>
<p>&nbsp;</p>

<p>Křeslo TON, známé jako „malé C“, navržené Ing. arch. Janem Šmídkem. Jeho charakter určují ladně prohnuté područky, lehká konstrukce a</p>
