{"id":32158,"date":"2025-12-05T22:09:31","date_gmt":"2025-12-05T21:09:31","guid":{"rendered":"https:\/\/eterle.cz\/eshop\/produkt\/zidle-s-dirou-oswald-heardltl\/"},"modified":"2026-02-19T17:52:27","modified_gmt":"2026-02-19T16:52:27","slug":"zidle-s-dirou-oswald-heardltl","status":"publish","type":"product","link":"https:\/\/eterle.cz\/eshop\/produkt\/zidle-s-dirou-oswald-heardltl\/","title":{"rendered":"\u017didle s d\u00edrou \/ Oswald Heardltl"},"content":{"rendered":"<p>\u017didle s \u010distou, elegantn\u00ed lini\u00ed a typick\u00fdm v\u00fd\u0159ezem v op\u011brce, kter\u00fd ji okam\u017eit\u011b odli\u0161uje od b\u011b\u017en\u00fdch typov\u00fdch model\u016f. Jej\u00ed tvaroslov\u00ed odpov\u00edd\u00e1 pr\u00e1ci Oswalda Haerdtla, v\u00fdznamn\u00e9ho rakousk\u00e9ho architekta a design\u00e9ra, kter\u00fd dok\u00e1zal oh\u00fdbanou p\u0159ekli\u017eku pou\u017e\u00edt s mimo\u0159\u00e1dnou lehkost\u00ed a citlivost\u00ed.<\/p>\n<p>Op\u011brka se jemn\u011b st\u00e1\u010d\u00ed dozadu, sed\u00e1k m\u00e1 m\u011bkk\u00e9 obliny a cel\u00e9 proveden\u00ed p\u016fsob\u00ed p\u0159ekvapiv\u011b sou\u010dasn\u011b \u2013 p\u0159esn\u011b tak, jak je pro Haerdtla typick\u00e9. Nov\u00e9 \u010daloun\u011bn\u00ed v geometrick\u00e9 l\u00e1tce dod\u00e1v\u00e1 \u017eidli \u017eiv\u00fd rytmus a hezky kontrastuje s p\u0159\u00edrodn\u00edm t\u00f3nem d\u0159eva.<\/p>\n<p>Stav d\u0159eva je p\u016fvodn\u00ed, s lehk\u00fdmi stopami pou\u017e\u00edv\u00e1n\u00ed odpov\u00eddaj\u00edc\u00edmi v\u011bku.<\/p>\n<p>V\u00fdsledkem je kr\u00e1sn\u00fd p\u0159\u00edklad st\u0159edoevropsk\u00e9ho modernismu \u2013 \u017eidle, kter\u00e1 kombinuje jemnost tvaru, funk\u010dnost a autor\u016fv nezam\u011bniteln\u00fd cit pro proporce.<\/p>\n<p>Stav: nov\u00e9 \u010daloun\u011bn\u00ed, d\u0159evo s lehkou patinou<br \/>\nZna\u010dka: Oswald Heardltl<br \/>\nRozm\u011br<br \/>\nV\u00fd\u0161ka: 83 cm<br \/>\nV\u00fd\u0161ka sed\u00e1ku: 48 cm<br \/>\n\u0160\u00ed\u0159ka: 44 cm<br \/>\nHloubka: 42 cm<br \/>\nHloubka sed\u00e1ku: 44 cm<\/p>\n<p>&nbsp;<\/p>\n","protected":false},"excerpt":{"rendered":"<p>\u017didle s \u010distou, elegantn\u00ed lini\u00ed a typick\u00fdm v\u00fd\u0159ezem v op\u011brce, kter\u00fd ji okam\u017eit\u011b odli\u0161uje od b\u011b\u017en\u00fdch typov\u00fdch model\u016f. Jej\u00ed tvaroslov\u00ed<\/p>\n","protected":false},"featured_media":32160,"template":"","meta":[],"product_brand":[],"product_cat":[91],"product_tag":[],"class_list":{"0":"post-32158","1":"product","2":"type-product","3":"status-publish","4":"has-post-thumbnail","6":"product_cat-prodane","7":"product_shipping_class-nadrozmerne","9":"first","10":"outofstock","11":"purchasable","12":"product-type-simple"},"_links":{"self":[{"href":"https:\/\/eterle.cz\/eshop\/wp-json\/wp\/v2\/product\/32158","targetHints":{"allow":["GET"]}}],"collection":[{"href":"https:\/\/eterle.cz\/eshop\/wp-json\/wp\/v2\/product"}],"about":[{"href":"https:\/\/eterle.cz\/eshop\/wp-json\/wp\/v2\/types\/product"}],"version-history":[{"count":2,"href":"https:\/\/eterle.cz\/eshop\/wp-json\/wp\/v2\/product\/32158\/revisions"}],"predecessor-version":[{"id":34363,"href":"https:\/\/eterle.cz\/eshop\/wp-json\/wp\/v2\/product\/32158\/revisions\/34363"}],"wp:featuredmedia":[{"embeddable":true,"href":"https:\/\/eterle.cz\/eshop\/wp-json\/wp\/v2\/media\/32160"}],"wp:attachment":[{"href":"https:\/\/eterle.cz\/eshop\/wp-json\/wp\/v2\/media?parent=32158"}],"wp:term":[{"taxonomy":"product_brand","embeddable":true,"href":"https:\/\/eterle.cz\/eshop\/wp-json\/wp\/v2\/product_brand?post=32158"},{"taxonomy":"product_cat","embeddable":true,"href":"https:\/\/eterle.cz\/eshop\/wp-json\/wp\/v2\/product_cat?post=32158"},{"taxonomy":"product_tag","embeddable":true,"href":"https:\/\/eterle.cz\/eshop\/wp-json\/wp\/v2\/product_tag?post=32158"}],"curies":[{"name":"wp","href":"https:\/\/api.w.org\/{rel}","templated":true}]}}

Židle s dírou / Oswald Heardltl

<p>Židle s čistou, elegantní linií a typickým výřezem v opěrce, který ji okamžitě odlišuje od běžných typových modelů. Její tvarosloví odpovídá práci Oswalda Haerdtla, významného rakouského architekta a designéra, který dokázal ohýbanou překližku použít s mimořádnou lehkostí a citlivostí.</p>
<p>Opěrka se jemně stáčí dozadu, sedák má měkké obliny a celé provedení působí překvapivě současně – přesně tak, jak je pro Haerdtla typické. Nové čalounění v geometrické látce dodává židli živý rytmus a hezky kontrastuje s přírodním tónem dřeva.</p>
<p>Stav dřeva je původní, s lehkými stopami používání odpovídajícími věku.</p>
<p>Výsledkem je krásný příklad středoevropského modernismu – židle, která kombinuje jemnost tvaru, funkčnost a autorův nezaměnitelný cit pro proporce.</p>
<p>Stav: nové čalounění, dřevo s lehkou patinou<br />
Značka: Oswald Heardltl<br />
Rozměr<br />
Výška: 83 cm<br />
Výška sedáku: 48 cm<br />
Šířka: 44 cm<br />
Hloubka: 42 cm<br />
Hloubka sedáku: 44 cm</p>
<p>&nbsp;</p>

<p>Židle s čistou, elegantní linií a typickým výřezem v opěrce, který ji okamžitě odlišuje od běžných typových modelů. Její tvarosloví</p>
