{"id":32167,"date":"2025-12-05T22:09:51","date_gmt":"2025-12-05T21:09:51","guid":{"rendered":"https:\/\/eterle.cz\/eshop\/produkt\/taburet-11\/"},"modified":"2026-04-01T13:50:53","modified_gmt":"2026-04-01T11:50:53","slug":"taburet-11","status":"publish","type":"product","link":"https:\/\/eterle.cz\/eshop\/produkt\/taburet-11\/","title":{"rendered":"Taburet"},"content":{"rendered":"<p>Jednoduch\u00e1, minimalistick\u00fd stoli\u010dka s pevnou d\u0159ev\u011bnou konstrukc\u00ed a m\u011bkk\u00fdm \u010daloun\u011bn\u00fdm sed\u00e1kem. Na nic si nehraje, p\u0159esto p\u016fsob\u00ed \u00fatuln\u011b a najde mnoho vyu\u017eit\u00ed. Stoli\u010dka je praktick\u00e1, lehk\u00e1 a snadno kombinovateln\u00e1 \u2013 ide\u00e1ln\u00ed jako dopln\u011bk do lo\u017enice, p\u0159eds\u00edn\u011b nebo jako jednoduch\u00fd solit\u00e9r tam, kde pot\u0159ebujete mal\u00fd, ale dob\u0159e ud\u011blan\u00fd kus n\u00e1bytku. Poslou\u017e\u00ed v chodb\u011b na odlo\u017eenou kabelku, na sezen\u00ed p\u0159i obouv\u00e1n\u00ed, v ob\u00fdv\u00e1ku, kdy\u017e u\u017e sofa pro n\u00e1v\u0161t\u011bvy nesta\u010d\u00ed. <\/p>\n<p>D\u0159ev\u011bn\u00e1 \u010d\u00e1st je zcela p\u016fvodn\u00ed, s drobn\u00fdmi stopami pou\u017e\u00edv\u00e1n\u00ed, kter\u00e9 j\u00ed dod\u00e1vaj\u00ed p\u0159irozenou patinu. Vnit\u0159n\u00ed v\u00fdpl\u0148 sed\u00e1ku je tak\u00e9 p\u016fvodn\u00ed, pouze l\u00e1tka byla nov\u011b p\u0159e\u010daloun\u011bna do strukturovan\u00e9, sv\u011btle kr\u00e9mov\u00e9 tkaniny, je\u017e stoli\u010dce dod\u00e1v\u00e1 jemnost a univerz\u00e1ln\u00ed v\u00fdraz.<\/p>\n<p>Stav: nov\u00e9 \u010daloun\u011bn\u00ed, d\u0159evo s lehkou patinou<br \/>\nRozm\u011br<br \/>\nV\u00fd\u0161ka: 51 cm<br \/>\n\u0160\u00ed\u0159ka: 42 cm<br \/>\nHloubka: 42 cm<\/p>\n<p>&nbsp;<\/p>\n","protected":false},"excerpt":{"rendered":"<p>Jednoduch\u00e1, minimalistick\u00fd stoli\u010dka s pevnou d\u0159ev\u011bnou konstrukc\u00ed a m\u011bkk\u00fdm \u010daloun\u011bn\u00fdm sed\u00e1kem. Na nic si nehraje, p\u0159esto p\u016fsob\u00ed \u00fatuln\u011b a najde<\/p>\n","protected":false},"featured_media":32169,"template":"","meta":[],"product_brand":[],"product_cat":[130,122],"product_tag":[],"class_list":{"0":"post-32167","1":"product","2":"type-product","3":"status-publish","4":"has-post-thumbnail","6":"product_cat-nabytek","7":"product_cat-kresla-a-taburety","8":"product_shipping_class-nadrozmerne","10":"first","11":"instock","12":"purchasable","13":"product-type-simple"},"_links":{"self":[{"href":"https:\/\/eterle.cz\/eshop\/wp-json\/wp\/v2\/product\/32167","targetHints":{"allow":["GET"]}}],"collection":[{"href":"https:\/\/eterle.cz\/eshop\/wp-json\/wp\/v2\/product"}],"about":[{"href":"https:\/\/eterle.cz\/eshop\/wp-json\/wp\/v2\/types\/product"}],"version-history":[{"count":1,"href":"https:\/\/eterle.cz\/eshop\/wp-json\/wp\/v2\/product\/32167\/revisions"}],"predecessor-version":[{"id":32168,"href":"https:\/\/eterle.cz\/eshop\/wp-json\/wp\/v2\/product\/32167\/revisions\/32168"}],"wp:featuredmedia":[{"embeddable":true,"href":"https:\/\/eterle.cz\/eshop\/wp-json\/wp\/v2\/media\/32169"}],"wp:attachment":[{"href":"https:\/\/eterle.cz\/eshop\/wp-json\/wp\/v2\/media?parent=32167"}],"wp:term":[{"taxonomy":"product_brand","embeddable":true,"href":"https:\/\/eterle.cz\/eshop\/wp-json\/wp\/v2\/product_brand?post=32167"},{"taxonomy":"product_cat","embeddable":true,"href":"https:\/\/eterle.cz\/eshop\/wp-json\/wp\/v2\/product_cat?post=32167"},{"taxonomy":"product_tag","embeddable":true,"href":"https:\/\/eterle.cz\/eshop\/wp-json\/wp\/v2\/product_tag?post=32167"}],"curies":[{"name":"wp","href":"https:\/\/api.w.org\/{rel}","templated":true}]}}

<p>Jednoduchá, minimalistický stolička s pevnou dřevěnou konstrukcí a měkkým čalouněným sedákem. Na nic si nehraje, přesto působí útulně a najde mnoho využití. Stolička je praktická, lehká a snadno kombinovatelná – ideální jako doplněk do ložnice, předsíně nebo jako jednoduchý solitér tam, kde potřebujete malý, ale dobře udělaný kus nábytku. Poslouží v chodbě na odloženou kabelku, na sezení při obouvání, v obýváku, když už sofa pro návštěvy nestačí. </p>
<p>Dřevěná část je zcela původní, s drobnými stopami používání, které jí dodávají přirozenou patinu. Vnitřní výplň sedáku je také původní, pouze látka byla nově přečalouněna do strukturované, světle krémové tkaniny, jež stoličce dodává jemnost a univerzální výraz.</p>
<p>Stav: nové čalounění, dřevo s lehkou patinou<br />
Rozměr<br />
Výška: 51 cm<br />
Šířka: 42 cm<br />
Hloubka: 42 cm</p>
<p>&nbsp;</p>

<p>Jednoduchá, minimalistický stolička s pevnou dřevěnou konstrukcí a měkkým čalouněným sedákem. Na nic si nehraje, přesto působí útulně a najde</p>
