{"id":32174,"date":"2025-12-05T22:10:07","date_gmt":"2025-12-05T21:10:07","guid":{"rendered":"https:\/\/eterle.cz\/eshop\/produkt\/zidle-s-dirou-a-suman\/"},"modified":"2026-01-25T10:14:20","modified_gmt":"2026-01-25T09:14:20","slug":"zidle-s-dirou-a-suman","status":"publish","type":"product","link":"https:\/\/eterle.cz\/eshop\/produkt\/zidle-s-dirou-a-suman\/","title":{"rendered":"\u017didle s d\u00edrou \/ A. \u0160uman"},"content":{"rendered":"<p>\u017didle s plynule tvarovanou p\u0159ekli\u017ekovou op\u011brkou, kter\u00e1 se sm\u011brem dol\u016f elegantn\u011b st\u00e1\u010d\u00ed a vytv\u00e1\u0159\u00ed charakteristick\u00fd oblouk nad sed\u00e1kem. Podle konstrukce i proporc\u00ed jde o pr\u00e1ci A. \u0160umana, jen\u017e pat\u0159il k autor\u016fm hledaj\u00edc\u00edm lehkost a modern\u00ed v\u00fdraz v oh\u00fdban\u00e9 p\u0159ekli\u017ece u\u017e v 50. a 60. letech.<\/p>\n<p>Tvar op\u011brky p\u016fsob\u00ed t\u00e9m\u011b\u0159 organicky \u2013 jemn\u011b obklopuje z\u00e1da, ale p\u0159itom z\u016fst\u00e1v\u00e1 subtiln\u00ed. Sed\u00e1k jsme nov\u011b o\u010dalounili do geometrick\u00e9 l\u00e1tky, kter\u00e1 kr\u00e1sn\u011b o\u017eivuje p\u0159\u00edrodn\u00ed t\u00f3n d\u0159eva a dod\u00e1v\u00e1 \u017eidli hrav\u00fd, p\u0159esto elegantn\u00ed rytmus. D\u0159ev\u011bn\u00e9 \u010d\u00e1sti jsou v p\u016fvodn\u00edm stavu, s p\u0159irozenou patinou, kter\u00e1 k jej\u00edmu v\u011bku pat\u0159\u00ed. V\u00fdsledkem je \u017eidle, kter\u00e1 kombinuje modernistickou \u010distotu, pohodlnou ergonomii a v\u00fdrazn\u00fd podpis autora.<\/p>\n<p>Stav: nov\u00e9 \u010daloun\u011bn\u00ed, d\u0159evo s lehkou patinou<br \/>\nZna\u010dka: Anton\u00edn \u0160uman<br \/>\nRozm\u011br<br \/>\nV\u00fd\u0161ka: 82 cm<br \/>\nV\u00fd\u0161ka sed\u00e1ku: 47 cm<br \/>\n\u0160\u00ed\u0159ka: 47 cm<br \/>\nHloubka: 44 cm<br \/>\nHloubka sed\u00e1ku: 44 cm<\/p>\n<p>&nbsp;<\/p>\n","protected":false},"excerpt":{"rendered":"<p>\u017didle s plynule tvarovanou p\u0159ekli\u017ekovou op\u011brkou, kter\u00e1 se sm\u011brem dol\u016f elegantn\u011b st\u00e1\u010d\u00ed a vytv\u00e1\u0159\u00ed charakteristick\u00fd oblouk nad sed\u00e1kem. Podle konstrukce<\/p>\n","protected":false},"featured_media":32176,"template":"","meta":[],"product_brand":[],"product_cat":[91],"product_tag":[],"class_list":{"0":"post-32174","1":"product","2":"type-product","3":"status-publish","4":"has-post-thumbnail","6":"product_cat-prodane","7":"product_shipping_class-nadrozmerne","9":"first","10":"outofstock","11":"purchasable","12":"product-type-simple"},"_links":{"self":[{"href":"https:\/\/eterle.cz\/eshop\/wp-json\/wp\/v2\/product\/32174","targetHints":{"allow":["GET"]}}],"collection":[{"href":"https:\/\/eterle.cz\/eshop\/wp-json\/wp\/v2\/product"}],"about":[{"href":"https:\/\/eterle.cz\/eshop\/wp-json\/wp\/v2\/types\/product"}],"version-history":[{"count":1,"href":"https:\/\/eterle.cz\/eshop\/wp-json\/wp\/v2\/product\/32174\/revisions"}],"predecessor-version":[{"id":32175,"href":"https:\/\/eterle.cz\/eshop\/wp-json\/wp\/v2\/product\/32174\/revisions\/32175"}],"wp:featuredmedia":[{"embeddable":true,"href":"https:\/\/eterle.cz\/eshop\/wp-json\/wp\/v2\/media\/32176"}],"wp:attachment":[{"href":"https:\/\/eterle.cz\/eshop\/wp-json\/wp\/v2\/media?parent=32174"}],"wp:term":[{"taxonomy":"product_brand","embeddable":true,"href":"https:\/\/eterle.cz\/eshop\/wp-json\/wp\/v2\/product_brand?post=32174"},{"taxonomy":"product_cat","embeddable":true,"href":"https:\/\/eterle.cz\/eshop\/wp-json\/wp\/v2\/product_cat?post=32174"},{"taxonomy":"product_tag","embeddable":true,"href":"https:\/\/eterle.cz\/eshop\/wp-json\/wp\/v2\/product_tag?post=32174"}],"curies":[{"name":"wp","href":"https:\/\/api.w.org\/{rel}","templated":true}]}}

Židle s dírou / A. Šuman

<p>Židle s plynule tvarovanou překližkovou opěrkou, která se směrem dolů elegantně stáčí a vytváří charakteristický oblouk nad sedákem. Podle konstrukce i proporcí jde o práci A. Šumana, jenž patřil k autorům hledajícím lehkost a moderní výraz v ohýbané překližce už v 50. a 60. letech.</p>
<p>Tvar opěrky působí téměř organicky – jemně obklopuje záda, ale přitom zůstává subtilní. Sedák jsme nově očalounili do geometrické látky, která krásně oživuje přírodní tón dřeva a dodává židli hravý, přesto elegantní rytmus. Dřevěné části jsou v původním stavu, s přirozenou patinou, která k jejímu věku patří. Výsledkem je židle, která kombinuje modernistickou čistotu, pohodlnou ergonomii a výrazný podpis autora.</p>
<p>Stav: nové čalounění, dřevo s lehkou patinou<br />
Značka: Antonín Šuman<br />
Rozměr<br />
Výška: 82 cm<br />
Výška sedáku: 47 cm<br />
Šířka: 47 cm<br />
Hloubka: 44 cm<br />
Hloubka sedáku: 44 cm</p>
<p>&nbsp;</p>

<p>Židle s plynule tvarovanou překližkovou opěrkou, která se směrem dolů elegantně stáčí a vytváří charakteristický oblouk nad sedákem. Podle konstrukce</p>
