{"id":32191,"date":"2025-12-05T22:10:43","date_gmt":"2025-12-05T21:10:43","guid":{"rendered":"https:\/\/eterle.cz\/eshop\/produkt\/taburet-modre-boucle\/"},"modified":"2026-04-01T13:50:53","modified_gmt":"2026-04-01T11:50:53","slug":"taburet-modre-boucle","status":"publish","type":"product","link":"https:\/\/eterle.cz\/eshop\/produkt\/taburet-modre-boucle\/","title":{"rendered":"Taburet modr\u00e9 boucl\u00e9"},"content":{"rendered":"<p>Jednoduch\u00fd kulat\u00fd taburet s d\u0159ev\u011bnou konstrukc\u00ed, kter\u00e1 nese kr\u00e1snou patinu let. Jeho tvar je st\u0159\u00eddm\u00fd a nad\u010dasov\u00fd \u2013 \u010dtz\u0159i rovn\u00e9 nohy, kulat\u00e1 obru\u010d a m\u011bkk\u00fd sed\u00e1k, kter\u00fd p\u016fsob\u00ed jako drobn\u00fd, p\u0159\u00edjemn\u011b zaoblen\u00fd akcent v prostoru.<\/p>\n<p>Sed\u00e1k byl nov\u011b p\u0159e\u010daloun\u011bn do v\u00fdrazn\u00e9 boucl\u00e9 l\u00e1tky v hlubok\u00e9m n\u00e1mo\u0159nick\u00e9m odst\u00ednu. Struktura boucl\u00e9 dod\u00e1v\u00e1 taburetu bohatost a sou\u010dasn\u00fd v\u00fdraz. D\u0159ev\u011bn\u00e1 \u010d\u00e1st je p\u016fvodn\u00ed, jen citliv\u011b o\u0161et\u0159en\u00e1.<\/p>\n<p>V\u00fdsledkem je mal\u00fd, ale charakterov\u00fd kus \u2013 praktick\u00fd, pohodln\u00fd a d\u00edky boucl\u00e9 \u010daloun\u011bn\u00ed i p\u0159ekvapiv\u011b elegantn\u00ed. Skv\u011ble poslou\u017e\u00ed jako dopln\u011bk do ob\u00fdvac\u00edho pokoje, p\u0159eds\u00edn\u011b \u010di lo\u017enice.<\/p>\n<p>Stav: nov\u00e9 \u010daloun\u011bn\u00ed, d\u0159evo s lehkou patinou, viditeln\u00e9 p\u016fvodn\u00ed opravy na obru\u010di<br \/>\nRozm\u011br<br \/>\nV\u00fd\u0161ka: 53 cm<br \/>\nPr\u016fm\u011br: 45 cm<\/p>\n<p>&nbsp;<\/p>\n","protected":false},"excerpt":{"rendered":"<p>Jednoduch\u00fd kulat\u00fd taburet s d\u0159ev\u011bnou konstrukc\u00ed, kter\u00e1 nese kr\u00e1snou patinu let. Jeho tvar je st\u0159\u00eddm\u00fd a nad\u010dasov\u00fd \u2013 \u010dtz\u0159i rovn\u00e9<\/p>\n","protected":false},"featured_media":32193,"template":"","meta":[],"product_brand":[],"product_cat":[130,122],"product_tag":[],"class_list":{"0":"post-32191","1":"product","2":"type-product","3":"status-publish","4":"has-post-thumbnail","6":"product_cat-nabytek","7":"product_cat-kresla-a-taburety","8":"product_shipping_class-nadrozmerne","10":"first","11":"instock","12":"purchasable","13":"product-type-simple"},"_links":{"self":[{"href":"https:\/\/eterle.cz\/eshop\/wp-json\/wp\/v2\/product\/32191","targetHints":{"allow":["GET"]}}],"collection":[{"href":"https:\/\/eterle.cz\/eshop\/wp-json\/wp\/v2\/product"}],"about":[{"href":"https:\/\/eterle.cz\/eshop\/wp-json\/wp\/v2\/types\/product"}],"version-history":[{"count":1,"href":"https:\/\/eterle.cz\/eshop\/wp-json\/wp\/v2\/product\/32191\/revisions"}],"predecessor-version":[{"id":32192,"href":"https:\/\/eterle.cz\/eshop\/wp-json\/wp\/v2\/product\/32191\/revisions\/32192"}],"wp:featuredmedia":[{"embeddable":true,"href":"https:\/\/eterle.cz\/eshop\/wp-json\/wp\/v2\/media\/32193"}],"wp:attachment":[{"href":"https:\/\/eterle.cz\/eshop\/wp-json\/wp\/v2\/media?parent=32191"}],"wp:term":[{"taxonomy":"product_brand","embeddable":true,"href":"https:\/\/eterle.cz\/eshop\/wp-json\/wp\/v2\/product_brand?post=32191"},{"taxonomy":"product_cat","embeddable":true,"href":"https:\/\/eterle.cz\/eshop\/wp-json\/wp\/v2\/product_cat?post=32191"},{"taxonomy":"product_tag","embeddable":true,"href":"https:\/\/eterle.cz\/eshop\/wp-json\/wp\/v2\/product_tag?post=32191"}],"curies":[{"name":"wp","href":"https:\/\/api.w.org\/{rel}","templated":true}]}}

Taburet modré bouclé

<p>Jednoduchý kulatý taburet s dřevěnou konstrukcí, která nese krásnou patinu let. Jeho tvar je střídmý a nadčasový – čtzři rovné nohy, kulatá obruč a měkký sedák, který působí jako drobný, příjemně zaoblený akcent v prostoru.</p>
<p>Sedák byl nově přečalouněn do výrazné bouclé látky v hlubokém námořnickém odstínu. Struktura bouclé dodává taburetu bohatost a současný výraz. Dřevěná část je původní, jen citlivě ošetřená.</p>
<p>Výsledkem je malý, ale charakterový kus – praktický, pohodlný a díky bouclé čalounění i překvapivě elegantní. Skvěle poslouží jako doplněk do obývacího pokoje, předsíně či ložnice.</p>
<p>Stav: nové čalounění, dřevo s lehkou patinou, viditelné původní opravy na obruči<br />
Rozměr<br />
Výška: 53 cm<br />
Průměr: 45 cm</p>
<p>&nbsp;</p>

<p>Jednoduchý kulatý taburet s dřevěnou konstrukcí, která nese krásnou patinu let. Jeho tvar je střídmý a nadčasový – čtzři rovné</p>
