{"id":32230,"date":"2025-12-05T22:12:09","date_gmt":"2025-12-05T21:12:09","guid":{"rendered":"https:\/\/eterle.cz\/eshop\/produkt\/minimalisticke-kreslo\/"},"modified":"2026-04-01T13:50:53","modified_gmt":"2026-04-01T11:50:53","slug":"minimalisticke-kreslo","status":"publish","type":"product","link":"https:\/\/eterle.cz\/eshop\/produkt\/minimalisticke-kreslo\/","title":{"rendered":"Minimalistick\u00e9 k\u0159eslo"},"content":{"rendered":"<p>Modernistick\u00e9 k\u0159eslo s v\u00fdraznou kovovou konstrukc\u00ed, kter\u00e1 mu dod\u00e1v\u00e1 lehce industri\u00e1ln\u00ed charakter. \u0160t\u00edhl\u00e9 v\u00e1lcov\u00e9 nohy, horizont\u00e1ln\u00ed ramena z tmav\u00e9ho d\u0159eva a napnut\u00e9 \u010dalounick\u00e9 plochy tvo\u0159\u00ed celek, kter\u00fd p\u016fsob\u00ed vzdu\u0161n\u011b a funk\u010dn\u011b, typicky pro 60.\u201370. l\u00e9ta.<\/p>\n<p>Nov\u011b p\u0159e\u010daloun\u011bn\u00e9 plochy v jemn\u011b strukturovan\u00e9 sv\u011btle b\u00e9\u017eov\u00e9 l\u00e1tce p\u0159id\u00e1vaj\u00ed k\u0159eslu \u010distotu a vizu\u00e1ln\u00ed klid, kter\u00fd kr\u00e1sn\u011b kontrastuje s kovov\u00fdmi prvky. \u00dahel sklopen\u00ed op\u011brky i sed\u00e1ku vytv\u00e1\u0159\u00ed p\u0159\u00edjemnou, lehce \u201eodpo\u010dinkovou\u201c ergonomii \u2013 k\u0159eslo p\u016fsob\u00ed uvoln\u011bn\u011b, ale st\u00e1le modern\u011b.<\/p>\n<p>V\u00fdsledkem je zaj\u00edmav\u00fd solit\u00e9r, kter\u00fd kombinuje kov, d\u0159evo a textil v lehk\u00e9m, minimalistick\u00e9m pojet\u00ed. Hod\u00ed se do interi\u00e9r\u016f, kde chcete dodat trochu modernistick\u00e9 hrany, ale z\u00e1rove\u0148 zachovat \u00fatulnost d\u00edky l\u00e1tkov\u00fdm ploch\u00e1m.<\/p>\n<p>Stav: nov\u00e9 \u010daloun\u011bn\u00ed<br \/>\nRozm\u011br<br \/>\nV\u00fd\u0161ka: 70 cm<br \/>\nV\u00fd\u0161ka sed\u00e1ku: 40 cm<br \/>\n\u0160\u00ed\u0159ka: 59 cm<br \/>\nHloubka: 70 cm<br \/>\nHloubka sed\u00e1ku: 54 cm<\/p>\n<p>&nbsp;<\/p>\n","protected":false},"excerpt":{"rendered":"<p>Modernistick\u00e9 k\u0159eslo s v\u00fdraznou kovovou konstrukc\u00ed, kter\u00e1 mu dod\u00e1v\u00e1 lehce industri\u00e1ln\u00ed charakter. \u0160t\u00edhl\u00e9 v\u00e1lcov\u00e9 nohy, horizont\u00e1ln\u00ed ramena z tmav\u00e9ho d\u0159eva<\/p>\n","protected":false},"featured_media":32232,"template":"","meta":[],"product_brand":[],"product_cat":[130,122],"product_tag":[],"class_list":{"0":"post-32230","1":"product","2":"type-product","3":"status-publish","4":"has-post-thumbnail","6":"product_cat-nabytek","7":"product_cat-kresla-a-taburety","8":"product_shipping_class-nadrozmerne","10":"first","11":"instock","12":"purchasable","13":"product-type-simple"},"_links":{"self":[{"href":"https:\/\/eterle.cz\/eshop\/wp-json\/wp\/v2\/product\/32230","targetHints":{"allow":["GET"]}}],"collection":[{"href":"https:\/\/eterle.cz\/eshop\/wp-json\/wp\/v2\/product"}],"about":[{"href":"https:\/\/eterle.cz\/eshop\/wp-json\/wp\/v2\/types\/product"}],"version-history":[{"count":1,"href":"https:\/\/eterle.cz\/eshop\/wp-json\/wp\/v2\/product\/32230\/revisions"}],"predecessor-version":[{"id":32231,"href":"https:\/\/eterle.cz\/eshop\/wp-json\/wp\/v2\/product\/32230\/revisions\/32231"}],"wp:featuredmedia":[{"embeddable":true,"href":"https:\/\/eterle.cz\/eshop\/wp-json\/wp\/v2\/media\/32232"}],"wp:attachment":[{"href":"https:\/\/eterle.cz\/eshop\/wp-json\/wp\/v2\/media?parent=32230"}],"wp:term":[{"taxonomy":"product_brand","embeddable":true,"href":"https:\/\/eterle.cz\/eshop\/wp-json\/wp\/v2\/product_brand?post=32230"},{"taxonomy":"product_cat","embeddable":true,"href":"https:\/\/eterle.cz\/eshop\/wp-json\/wp\/v2\/product_cat?post=32230"},{"taxonomy":"product_tag","embeddable":true,"href":"https:\/\/eterle.cz\/eshop\/wp-json\/wp\/v2\/product_tag?post=32230"}],"curies":[{"name":"wp","href":"https:\/\/api.w.org\/{rel}","templated":true}]}}

Minimalistické křeslo

<p>Modernistické křeslo s výraznou kovovou konstrukcí, která mu dodává lehce industriální charakter. Štíhlé válcové nohy, horizontální ramena z tmavého dřeva a napnuté čalounické plochy tvoří celek, který působí vzdušně a funkčně, typicky pro 60.–70. léta.</p>
<p>Nově přečalouněné plochy v jemně strukturované světle béžové látce přidávají křeslu čistotu a vizuální klid, který krásně kontrastuje s kovovými prvky. Úhel sklopení opěrky i sedáku vytváří příjemnou, lehce „odpočinkovou“ ergonomii – křeslo působí uvolněně, ale stále moderně.</p>
<p>Výsledkem je zajímavý solitér, který kombinuje kov, dřevo a textil v lehkém, minimalistickém pojetí. Hodí se do interiérů, kde chcete dodat trochu modernistické hrany, ale zároveň zachovat útulnost díky látkovým plochám.</p>
<p>Stav: nové čalounění<br />
Rozměr<br />
Výška: 70 cm<br />
Výška sedáku: 40 cm<br />
Šířka: 59 cm<br />
Hloubka: 70 cm<br />
Hloubka sedáku: 54 cm</p>
<p>&nbsp;</p>

<p>Modernistické křeslo s výraznou kovovou konstrukcí, která mu dodává lehce industriální charakter. Štíhlé válcové nohy, horizontální ramena z tmavého dřeva</p>
