{"id":32260,"date":"2025-12-05T22:13:18","date_gmt":"2025-12-05T21:13:18","guid":{"rendered":"https:\/\/eterle.cz\/eshop\/produkt\/zrcadlo-rtenka-r-lecal\/"},"modified":"2026-01-24T12:20:40","modified_gmt":"2026-01-24T11:20:40","slug":"zrcadlo-rtenka-r-lecal","status":"publish","type":"product","link":"https:\/\/eterle.cz\/eshop\/produkt\/zrcadlo-rtenka-r-lecal\/","title":{"rendered":"Zrcadlo rt\u011bnka \/ R. Lecal"},"content":{"rendered":"<p>Stojac\u00ed zrcadlo \u201eLipstick\u201c podle n\u00e1vrhu Rogera Lecala, francouzsk\u00e9ho design\u00e9ra 60. let. Jeho \u0161t\u00edhl\u00e1 silueta p\u0159ipom\u00ednaj\u00edc\u00ed vysunutou rt\u011bnku pat\u0159\u00ed k ikon\u00e1m francouzsk\u00e9ho pop-modernismu. Dlouh\u00e1 ov\u00e1ln\u00e1 zrcadlov\u00e1 plocha vlo\u017een\u00e1 do hladk\u00e9ho v\u00e1lcov\u00e9ho t\u011bla vytv\u00e1\u0159\u00ed dojem elegantn\u00edho, t\u00e9m\u011b\u0159 socha\u0159sk\u00e9ho objektu.<\/p>\n<p>A\u010dkoli je dnes tento model \u010dasto spojov\u00e1n s It\u00e1li\u00ed \u2013 mnoho kus\u016f poch\u00e1z\u00ed z pozd\u011bj\u0161\u00edch italsk\u00fdch reedic a tamn\u00edho vintage trhu \u2013 samotn\u00fd n\u00e1vrh je francouzsk\u00fd, poch\u00e1zej\u00edc\u00ed z d\u00edlny Rogera Lecala a p\u016fvodn\u011b vyr\u00e1b\u011bn\u00fd firmou Chabri\u00e8re Editions.<\/p>\n<p>Zrcadlo p\u016fsob\u00ed lehce futuristicky, ale z\u00e1rove\u0148 harmonicky a \u010dist\u011b. Ide\u00e1ln\u00ed jako designov\u00fd solit\u00e9r do lo\u017enice, \u0161atny \u010di p\u0159eds\u00edn\u011b, kde dod\u00e1 prostoru eleganci, sv\u011btlo a jemn\u00fd \u0161arm 60. let.<\/p>\n<p>Stav: po renovaci (nov\u011b lakov\u00e1no)<br \/>\nZna\u010dka: Roger Lecal<br \/>\nRozm\u011br<br \/>\nV\u00fd\u0161ka: 160 cm<br \/>\nV\u00fd\u0161ka zrcadla: 121 cm<br \/>\nPr\u016fm\u011br z\u00e1kladny: 25 cm<\/p>\n<p>&nbsp;<\/p>\n","protected":false},"excerpt":{"rendered":"<p>Stojac\u00ed zrcadlo \u201eLipstick\u201c podle n\u00e1vrhu Rogera Lecala, francouzsk\u00e9ho design\u00e9ra 60. let. Jeho \u0161t\u00edhl\u00e1 silueta p\u0159ipom\u00ednaj\u00edc\u00ed vysunutou rt\u011bnku pat\u0159\u00ed k ikon\u00e1m<\/p>\n","protected":false},"featured_media":32262,"template":"","meta":[],"product_brand":[],"product_cat":[91],"product_tag":[],"class_list":{"0":"post-32260","1":"product","2":"type-product","3":"status-publish","4":"has-post-thumbnail","6":"product_cat-prodane","7":"product_shipping_class-nadrozmerne","9":"first","10":"outofstock","11":"purchasable","12":"product-type-simple"},"_links":{"self":[{"href":"https:\/\/eterle.cz\/eshop\/wp-json\/wp\/v2\/product\/32260","targetHints":{"allow":["GET"]}}],"collection":[{"href":"https:\/\/eterle.cz\/eshop\/wp-json\/wp\/v2\/product"}],"about":[{"href":"https:\/\/eterle.cz\/eshop\/wp-json\/wp\/v2\/types\/product"}],"version-history":[{"count":1,"href":"https:\/\/eterle.cz\/eshop\/wp-json\/wp\/v2\/product\/32260\/revisions"}],"predecessor-version":[{"id":32261,"href":"https:\/\/eterle.cz\/eshop\/wp-json\/wp\/v2\/product\/32260\/revisions\/32261"}],"wp:featuredmedia":[{"embeddable":true,"href":"https:\/\/eterle.cz\/eshop\/wp-json\/wp\/v2\/media\/32262"}],"wp:attachment":[{"href":"https:\/\/eterle.cz\/eshop\/wp-json\/wp\/v2\/media?parent=32260"}],"wp:term":[{"taxonomy":"product_brand","embeddable":true,"href":"https:\/\/eterle.cz\/eshop\/wp-json\/wp\/v2\/product_brand?post=32260"},{"taxonomy":"product_cat","embeddable":true,"href":"https:\/\/eterle.cz\/eshop\/wp-json\/wp\/v2\/product_cat?post=32260"},{"taxonomy":"product_tag","embeddable":true,"href":"https:\/\/eterle.cz\/eshop\/wp-json\/wp\/v2\/product_tag?post=32260"}],"curies":[{"name":"wp","href":"https:\/\/api.w.org\/{rel}","templated":true}]}}

Zrcadlo rtěnka / R. Lecal

<p>Stojací zrcadlo „Lipstick“ podle návrhu Rogera Lecala, francouzského designéra 60. let. Jeho štíhlá silueta připomínající vysunutou rtěnku patří k ikonám francouzského pop-modernismu. Dlouhá oválná zrcadlová plocha vložená do hladkého válcového těla vytváří dojem elegantního, téměř sochařského objektu.</p>
<p>Ačkoli je dnes tento model často spojován s Itálií – mnoho kusů pochází z pozdějších italských reedic a tamního vintage trhu – samotný návrh je francouzský, pocházející z dílny Rogera Lecala a původně vyráběný firmou Chabrière Editions.</p>
<p>Zrcadlo působí lehce futuristicky, ale zároveň harmonicky a čistě. Ideální jako designový solitér do ložnice, šatny či předsíně, kde dodá prostoru eleganci, světlo a jemný šarm 60. let.</p>
<p>Stav: po renovaci (nově lakováno)<br />
Značka: Roger Lecal<br />
Rozměr<br />
Výška: 160 cm<br />
Výška zrcadla: 121 cm<br />
Průměr základny: 25 cm</p>
<p>&nbsp;</p>

<p>Stojací zrcadlo „Lipstick“ podle návrhu Rogera Lecala, francouzského designéra 60. let. Jeho štíhlá silueta připomínající vysunutou rtěnku patří k ikonám</p>
