{"id":32291,"date":"2025-12-05T22:14:18","date_gmt":"2025-12-05T21:14:18","guid":{"rendered":"https:\/\/eterle.cz\/eshop\/produkt\/sada-6-sklenic-na-vino-bohemia-czechoslovakia\/"},"modified":"2026-04-01T13:50:52","modified_gmt":"2026-04-01T11:50:52","slug":"sada-6-sklenic-na-vino-bohemia-czechoslovakia","status":"publish","type":"product","link":"https:\/\/eterle.cz\/eshop\/produkt\/sada-6-sklenic-na-vino-bohemia-czechoslovakia\/","title":{"rendered":"Sada 6 sklenic na v\u00edno \/ Bohemia Czechoslovakia"},"content":{"rendered":"<p>Sada \u0161esti elegantn\u00edch sklenic Bohemia Czechoslovakia (s p\u016fvodn\u00ed n\u00e1lepkou), typick\u00fdch pro \u010deskoslovenskou produkci 60.\u201380. let minul\u00e9ho stolet\u00ed. Tenkost\u011bnn\u00e9 t\u011blo zdob\u00ed jemn\u00fd, bohat\u011b strukturovan\u00fd lept s ornament\u00e1ln\u00edm motivem, kter\u00fd p\u016fsob\u00ed lehce a slavnostn\u011b. Horn\u00ed okraj dopl\u0148uje zlacen\u00e1 linka, kter\u00e1 dod\u00e1v\u00e1 sklenic\u00edm decentn\u00ed noblesu.<\/p>\n<p>Tvar no\u017eky s brou\u0161en\u00fdm, fazetov\u00fdm uzlem tvo\u0159\u00ed kr\u00e1sn\u00fd detail \u2013 sv\u011btlo se v n\u011bm l\u00e1me a jemn\u011b odr\u00e1\u017e\u00ed, co\u017e cel\u00e9 sad\u011b p\u0159id\u00e1v\u00e1 na eleganci. Sklenice jsou ide\u00e1ln\u00ed na v\u00edno, sekt \u010di slavnostn\u00ed p\u0159\u00edpitek.<\/p>\n<p>Klasika, kter\u00e1 rozz\u00e1\u0159\u00ed sv\u00e1te\u010dn\u00ed st\u016fl a z\u00e1rove\u0148 se kr\u00e1sn\u011b vyj\u00edm\u00e1 v kredenci \u010di vitr\u00edn\u011b.<\/p>\n<p>Stav: velmi dobr\u00fd<br \/>\nZna\u010dka: Bohemia Czechoslovakia<br \/>\nRozm\u011br<br \/>\nObjem: 220 ml<br \/>\nV\u00fd\u0161ka: 19,5 cm<\/p>\n<p>&nbsp;<\/p>\n","protected":false},"excerpt":{"rendered":"<p>Sada \u0161esti elegantn\u00edch sklenic Bohemia Czechoslovakia (s p\u016fvodn\u00ed n\u00e1lepkou), typick\u00fdch pro \u010deskoslovenskou produkci 60.\u201380. let minul\u00e9ho stolet\u00ed. Tenkost\u011bnn\u00e9 t\u011blo zdob\u00ed<\/p>\n","protected":false},"featured_media":32293,"template":"","meta":[],"product_brand":[],"product_cat":[75,134],"product_tag":[],"class_list":{"0":"post-32291","1":"product","2":"type-product","3":"status-publish","4":"has-post-thumbnail","6":"product_cat-sklo","7":"product_cat-sklenice","9":"first","10":"instock","11":"purchasable","12":"product-type-simple"},"_links":{"self":[{"href":"https:\/\/eterle.cz\/eshop\/wp-json\/wp\/v2\/product\/32291","targetHints":{"allow":["GET"]}}],"collection":[{"href":"https:\/\/eterle.cz\/eshop\/wp-json\/wp\/v2\/product"}],"about":[{"href":"https:\/\/eterle.cz\/eshop\/wp-json\/wp\/v2\/types\/product"}],"version-history":[{"count":2,"href":"https:\/\/eterle.cz\/eshop\/wp-json\/wp\/v2\/product\/32291\/revisions"}],"predecessor-version":[{"id":33593,"href":"https:\/\/eterle.cz\/eshop\/wp-json\/wp\/v2\/product\/32291\/revisions\/33593"}],"wp:featuredmedia":[{"embeddable":true,"href":"https:\/\/eterle.cz\/eshop\/wp-json\/wp\/v2\/media\/32293"}],"wp:attachment":[{"href":"https:\/\/eterle.cz\/eshop\/wp-json\/wp\/v2\/media?parent=32291"}],"wp:term":[{"taxonomy":"product_brand","embeddable":true,"href":"https:\/\/eterle.cz\/eshop\/wp-json\/wp\/v2\/product_brand?post=32291"},{"taxonomy":"product_cat","embeddable":true,"href":"https:\/\/eterle.cz\/eshop\/wp-json\/wp\/v2\/product_cat?post=32291"},{"taxonomy":"product_tag","embeddable":true,"href":"https:\/\/eterle.cz\/eshop\/wp-json\/wp\/v2\/product_tag?post=32291"}],"curies":[{"name":"wp","href":"https:\/\/api.w.org\/{rel}","templated":true}]}}