{"id":35086,"date":"2026-03-16T22:36:38","date_gmt":"2026-03-16T21:36:38","guid":{"rendered":"https:\/\/eterle.cz\/eshop\/?post_type=product&#038;p=35086"},"modified":"2026-04-01T13:50:52","modified_gmt":"2026-04-01T11:50:52","slug":"nocni-stolek-7","status":"publish","type":"product","link":"https:\/\/eterle.cz\/eshop\/produkt\/nocni-stolek-7\/","title":{"rendered":"No\u010dn\u00ed stolek"},"content":{"rendered":"<p><span data-sheets-root=\"1\">No\u010dn\u00ed stolek z prvn\u00ed poloviny 20. stolet\u00ed zaujme p\u0159edev\u0161\u00edm v\u00fdraznou kresbou o\u0159echov\u00e9 d\u00fdhy. Pr\u00e1v\u011b pr\u00e1ce s d\u00fdhou byla v meziv\u00e1le\u010dn\u00e9m obdob\u00ed jedn\u00edm z hlavn\u00edch prost\u0159edk\u016f, jak dodat i men\u0161\u00edm kus\u016fm n\u00e1bytku v\u00fdraz a eleganci. Dekorativn\u00ed jsou i p\u016fvodn\u00ed \u00fachytky z barevn\u00e9ho plastu.<\/span><\/p>\n<p>Stolek m\u00e1 praktick\u00e9 \u010dlen\u011bn\u00ed \u2013 horn\u00ed z\u00e1suvku na drobnosti a spodn\u00ed sk\u0159\u00ed\u0148ku se dv\u011bma dv\u00ed\u0159ky, kter\u00e1 nab\u00edz\u00ed dostatek \u00falo\u017en\u00e9ho prostoru.<\/p>\n<p>Tvaroslov\u00ed i zpracov\u00e1n\u00ed odkazuj\u00ed na \u010deskoslovensk\u00fd n\u00e1bytek 30.\u201340. let, kdy se do interi\u00e9r\u016f postupn\u011b prom\u00edtal vliv funkcionalismu i dozn\u00edvaj\u00edc\u00ed elegance art deca. Stolek m\u016f\u017ee fungovat nejen jako no\u010dn\u00ed, ale tak\u00e9 jako men\u0161\u00ed solit\u00e9rn\u00ed sk\u0159\u00ed\u0148ka v ob\u00fdvac\u00edm prostoru nebo p\u0159eds\u00edni.<\/p>\n<p><span data-sheets-root=\"1\">Stav: zachoval\u00fd se zn\u00e1mkami patiny, stopy po ji\u017e mrtv\u00e9m a a neaktivn\u00edm \u010dervoto\u010di, m\u00edsty chyb\u00ed d\u00fdha.<\/span><\/p>\n<p>Rozm\u011br<\/p>\n<div>V\u00fd\u0161ka: 64 cm<\/div>\n<div>Hloubka: 36 cm<\/div>\n<div>\u0160\u00ed\u0159ka 53: cm<\/div>\n","protected":false},"excerpt":{"rendered":"<p>No\u010dn\u00ed stolek z prvn\u00ed poloviny 20. stolet\u00ed zaujme p\u0159edev\u0161\u00edm v\u00fdraznou kresbou o\u0159echov\u00e9 d\u00fdhy. Pr\u00e1v\u011b pr\u00e1ce s d\u00fdhou byla v meziv\u00e1le\u010dn\u00e9m<\/p>\n","protected":false},"featured_media":35087,"template":"","meta":[],"product_brand":[],"product_cat":[130,139,124],"product_tag":[],"class_list":{"0":"post-35086","1":"product","2":"type-product","3":"status-publish","4":"has-post-thumbnail","6":"product_cat-nabytek","7":"product_cat-postele-a-loznice","8":"product_cat-stoly","9":"product_shipping_class-nadrozmerne","11":"first","12":"instock","13":"taxable","14":"shipping-taxable","15":"purchasable","16":"product-type-simple"},"_links":{"self":[{"href":"https:\/\/eterle.cz\/eshop\/wp-json\/wp\/v2\/product\/35086","targetHints":{"allow":["GET"]}}],"collection":[{"href":"https:\/\/eterle.cz\/eshop\/wp-json\/wp\/v2\/product"}],"about":[{"href":"https:\/\/eterle.cz\/eshop\/wp-json\/wp\/v2\/types\/product"}],"version-history":[{"count":3,"href":"https:\/\/eterle.cz\/eshop\/wp-json\/wp\/v2\/product\/35086\/revisions"}],"predecessor-version":[{"id":35363,"href":"https:\/\/eterle.cz\/eshop\/wp-json\/wp\/v2\/product\/35086\/revisions\/35363"}],"wp:featuredmedia":[{"embeddable":true,"href":"https:\/\/eterle.cz\/eshop\/wp-json\/wp\/v2\/media\/35087"}],"wp:attachment":[{"href":"https:\/\/eterle.cz\/eshop\/wp-json\/wp\/v2\/media?parent=35086"}],"wp:term":[{"taxonomy":"product_brand","embeddable":true,"href":"https:\/\/eterle.cz\/eshop\/wp-json\/wp\/v2\/product_brand?post=35086"},{"taxonomy":"product_cat","embeddable":true,"href":"https:\/\/eterle.cz\/eshop\/wp-json\/wp\/v2\/product_cat?post=35086"},{"taxonomy":"product_tag","embeddable":true,"href":"https:\/\/eterle.cz\/eshop\/wp-json\/wp\/v2\/product_tag?post=35086"}],"curies":[{"name":"wp","href":"https:\/\/api.w.org\/{rel}","templated":true}]}}

Noční stolek

<p><span data-sheets-root="1">Noční stolek z první poloviny 20. století zaujme především výraznou kresbou ořechové dýhy. Právě práce s dýhou byla v meziválečném období jedním z hlavních prostředků, jak dodat i menším kusům nábytku výraz a eleganci. Dekorativní jsou i původní úchytky z barevného plastu.</span></p>
<p>Stolek má praktické členění – horní zásuvku na drobnosti a spodní skříňku se dvěma dvířky, která nabízí dostatek úložného prostoru.</p>
<p>Tvarosloví i zpracování odkazují na československý nábytek 30.–40. let, kdy se do interiérů postupně promítal vliv funkcionalismu i doznívající elegance art deca. Stolek může fungovat nejen jako noční, ale také jako menší solitérní skříňka v obývacím prostoru nebo předsíni.</p>
<p><span data-sheets-root="1">Stav: zachovalý se známkami patiny, stopy po již mrtvém a a neaktivním červotoči, místy chybí dýha.</span></p>
<p>Rozměr</p>
<div>Výška: 64 cm</div>
<div>Hloubka: 36 cm</div>
<div>Šířka 53: cm</div>

<p>Noční stolek z první poloviny 20. století zaujme především výraznou kresbou ořechové dýhy. Právě práce s dýhou byla v meziválečném</p>
