{"id":35564,"date":"2026-04-01T13:34:05","date_gmt":"2026-04-01T11:34:05","guid":{"rendered":"https:\/\/eterle.cz\/eshop\/produkt\/jidelni-rozkladaci-stul-2\/"},"modified":"2026-04-01T13:54:17","modified_gmt":"2026-04-01T11:54:17","slug":"jidelni-rozkladaci-stul-2","status":"publish","type":"product","link":"https:\/\/eterle.cz\/eshop\/produkt\/jidelni-rozkladaci-stul-2\/","title":{"rendered":"J\u00eddeln\u00ed rozkl\u00e1dac\u00ed st\u016fl"},"content":{"rendered":"<p>Rozkl\u00e1dac\u00ed j\u00eddeln\u00ed st\u016fl z prvn\u00ed poloviny 20. stolet\u00ed zaujme minimalistickou formou a p\u0159\u00edjemn\u011b tepl\u00fdm odst\u00ednem o\u0159echov\u00e9ho d\u0159eva. Na kruhov\u00e9 desce je kr\u00e1sn\u011b viditeln\u00e1 p\u0159irozen\u00e1 kresba, kter\u00e1 p\u016fsob\u00ed jemn\u011b dekorativn\u011b a d\u00e1v\u00e1 stolu jeho charakter. Zaj\u00edmav\u00fdm detailem jsou lehce p\u0159edsazen\u00e9 hranolov\u00e9 nohy, kter\u00e9 nen\u00e1padn\u011b vystupuj\u00ed z desky stolu a dod\u00e1vaj\u00ed mu drobn\u00fd dekorativn\u00ed akcent.<\/p>\n<p>Tvaroslov\u00ed odpov\u00edd\u00e1 obdob\u00ed 30.\u201340. let minul\u00e9ho stolet\u00ed, kdy se n\u00e1bytek postupn\u011b posouval od zdobn\u011bj\u0161\u00edho Art Deca k jednodu\u0161\u0161\u00edm, funk\u010dn\u011bj\u0161\u00edm form\u00e1m. D\u00edky sv\u00e9 variabilit\u011b a nad\u010dasov\u00e9mu vzhledu je st\u016fl dob\u0159e pou\u017eiteln\u00fd i dnes \u2013 v men\u0161\u00edm prostoru funguje jako kompaktn\u00ed kruhov\u00fd st\u016fl, po rozlo\u017een\u00ed nab\u00eddne plnohodnotn\u00e9 m\u00edsto pro v\u011bt\u0161\u00ed spole\u010dnost.<\/p>\n<p>Stav: p\u016fvodn\u00ed zachoval\u00fd, ve st\u0159edu stolu a na jedn\u00e9 noze chyb\u00ed kus d\u00fdhy<br \/>\nRozm\u011bry<br \/>\nV\u00fd\u0161ka: 80 cm<br \/>\nPr\u016fm\u011br slo\u017een\u00fd: 115 cm<br \/>\nPr\u016fm\u011br rozlo\u017een\u00fd: 115 x 165 cm<\/p>\n<p>&nbsp;<\/p>\n","protected":false},"excerpt":{"rendered":"<p>Rozkl\u00e1dac\u00ed j\u00eddeln\u00ed st\u016fl z prvn\u00ed poloviny 20. stolet\u00ed zaujme minimalistickou formou a p\u0159\u00edjemn\u011b tepl\u00fdm odst\u00ednem o\u0159echov\u00e9ho d\u0159eva. Na kruhov\u00e9 desce<\/p>\n","protected":false},"featured_media":35566,"template":"","meta":[],"product_brand":[],"product_cat":[95,130,124],"product_tag":[],"class_list":{"0":"post-35564","1":"product","2":"type-product","3":"status-publish","4":"has-post-thumbnail","6":"product_cat-novinky","7":"product_cat-nabytek","8":"product_cat-stoly","9":"product_shipping_class-nadrozmerne","11":"first","12":"instock","13":"purchasable","14":"product-type-simple"},"_links":{"self":[{"href":"https:\/\/eterle.cz\/eshop\/wp-json\/wp\/v2\/product\/35564","targetHints":{"allow":["GET"]}}],"collection":[{"href":"https:\/\/eterle.cz\/eshop\/wp-json\/wp\/v2\/product"}],"about":[{"href":"https:\/\/eterle.cz\/eshop\/wp-json\/wp\/v2\/types\/product"}],"version-history":[{"count":1,"href":"https:\/\/eterle.cz\/eshop\/wp-json\/wp\/v2\/product\/35564\/revisions"}],"predecessor-version":[{"id":35565,"href":"https:\/\/eterle.cz\/eshop\/wp-json\/wp\/v2\/product\/35564\/revisions\/35565"}],"wp:featuredmedia":[{"embeddable":true,"href":"https:\/\/eterle.cz\/eshop\/wp-json\/wp\/v2\/media\/35566"}],"wp:attachment":[{"href":"https:\/\/eterle.cz\/eshop\/wp-json\/wp\/v2\/media?parent=35564"}],"wp:term":[{"taxonomy":"product_brand","embeddable":true,"href":"https:\/\/eterle.cz\/eshop\/wp-json\/wp\/v2\/product_brand?post=35564"},{"taxonomy":"product_cat","embeddable":true,"href":"https:\/\/eterle.cz\/eshop\/wp-json\/wp\/v2\/product_cat?post=35564"},{"taxonomy":"product_tag","embeddable":true,"href":"https:\/\/eterle.cz\/eshop\/wp-json\/wp\/v2\/product_tag?post=35564"}],"curies":[{"name":"wp","href":"https:\/\/api.w.org\/{rel}","templated":true}]}}

Jídelní rozkládací stůl

<p>Rozkládací jídelní stůl z první poloviny 20. století zaujme minimalistickou formou a příjemně teplým odstínem ořechového dřeva. Na kruhové desce je krásně viditelná přirozená kresba, která působí jemně dekorativně a dává stolu jeho charakter. Zajímavým detailem jsou lehce předsazené hranolové nohy, které nenápadně vystupují z desky stolu a dodávají mu drobný dekorativní akcent.</p>
<p>Tvarosloví odpovídá období 30.–40. let minulého století, kdy se nábytek postupně posouval od zdobnějšího Art Deca k jednodušším, funkčnějším formám. Díky své variabilitě a nadčasovému vzhledu je stůl dobře použitelný i dnes – v menším prostoru funguje jako kompaktní kruhový stůl, po rozložení nabídne plnohodnotné místo pro větší společnost.</p>
<p>Stav: původní zachovalý, ve středu stolu a na jedné noze chybí kus dýhy<br />
Rozměry<br />
Výška: 80 cm<br />
Průměr složený: 115 cm<br />
Průměr rozložený: 115 x 165 cm</p>
<p>&nbsp;</p>

<p>Rozkládací jídelní stůl z první poloviny 20. století zaujme minimalistickou formou a příjemně teplým odstínem ořechového dřeva. Na kruhové desce</p>
