{"id":35577,"date":"2026-04-01T13:34:35","date_gmt":"2026-04-01T11:34:35","guid":{"rendered":"https:\/\/eterle.cz\/eshop\/produkt\/jidelni-rozkladaci-stul-3\/"},"modified":"2026-04-01T13:54:16","modified_gmt":"2026-04-01T11:54:16","slug":"jidelni-rozkladaci-stul-3","status":"publish","type":"product","link":"https:\/\/eterle.cz\/eshop\/produkt\/jidelni-rozkladaci-stul-3\/","title":{"rendered":"J\u00eddeln\u00ed rozkl\u00e1dac\u00ed st\u016fl"},"content":{"rendered":"<p>Rozkl\u00e1dac\u00ed j\u00eddeln\u00ed st\u016fl z prvn\u00ed poloviny 20. stolet\u00ed nese v\u00fdrazn\u011bj\u0161\u00ed, dekorativn\u011bj\u0161\u00ed charakter, typick\u00fd pro dozn\u00edvaj\u00edc\u00ed Art Deco. Dominantn\u00edm prvkem je tmav\u0161\u00ed t\u00f3n d\u0159eva v kombinaci s jemn\u011b profilovanou hranou desky, kter\u00e1 je po obvodu zdoben\u00e1 vy\u0159ez\u00e1van\u00fdm dekorem. Deska je rozkl\u00e1dac\u00ed \u2013 po rozta\u017een\u00ed se do st\u0159edu vkl\u00e1d\u00e1 samostatn\u00e1 p\u0159\u00eddavn\u00e1 \u010d\u00e1st, kter\u00e1 nen\u00ed sou\u010d\u00e1st\u00ed konstrukce a je pot\u0159eba ji uchov\u00e1vat zvl\u00e1\u0161\u0165. Tento zp\u016fsob \u0159e\u0161en\u00ed je pro star\u0161\u00ed typy stol\u016f pom\u011brn\u011b b\u011b\u017en\u00fd. V\u00fdrazn\u00fdm prvkem jsou tak\u00e9 tvarovan\u00e9, lehce esovit\u011b prohnut\u00e9 nohy, kter\u00e9 stolu dod\u00e1vaj\u00ed lehkost a elegantn\u00ed siluetu. St\u016fl p\u016fsob\u00ed velmi reprezentativn\u011b. V interi\u00e9ru bude fungovat jako v\u00fdrazn\u011bj\u0161\u00ed solit\u00e9r i plnohodnotn\u00fd j\u00eddeln\u00ed st\u016fl pro ka\u017edodenn\u00ed pou\u017eit\u00ed.<\/p>\n<p>Stav: horn\u00ed deska m\u00e1 nov\u00fd povrch, nohy p\u016fvodn\u00ed velmi dobr\u00fd stav<br \/>\nRozm\u011bry<br \/>\nV\u00fd\u0161ka: 77 cm<br \/>\nSlo\u017een\u00fd: 106&#215;213 cm<br \/>\nRozlo\u017een\u00fd: 106&#215;213 cm<\/p>\n<p>&nbsp;<\/p>\n","protected":false},"excerpt":{"rendered":"<p>Rozkl\u00e1dac\u00ed j\u00eddeln\u00ed st\u016fl z prvn\u00ed poloviny 20. stolet\u00ed nese v\u00fdrazn\u011bj\u0161\u00ed, dekorativn\u011bj\u0161\u00ed charakter, typick\u00fd pro dozn\u00edvaj\u00edc\u00ed Art Deco. Dominantn\u00edm prvkem je<\/p>\n","protected":false},"featured_media":35579,"template":"","meta":[],"product_brand":[],"product_cat":[95,130,124],"product_tag":[],"class_list":{"0":"post-35577","1":"product","2":"type-product","3":"status-publish","4":"has-post-thumbnail","6":"product_cat-novinky","7":"product_cat-nabytek","8":"product_cat-stoly","9":"product_shipping_class-nadrozmerne","11":"first","12":"instock","13":"purchasable","14":"product-type-simple"},"_links":{"self":[{"href":"https:\/\/eterle.cz\/eshop\/wp-json\/wp\/v2\/product\/35577","targetHints":{"allow":["GET"]}}],"collection":[{"href":"https:\/\/eterle.cz\/eshop\/wp-json\/wp\/v2\/product"}],"about":[{"href":"https:\/\/eterle.cz\/eshop\/wp-json\/wp\/v2\/types\/product"}],"version-history":[{"count":1,"href":"https:\/\/eterle.cz\/eshop\/wp-json\/wp\/v2\/product\/35577\/revisions"}],"predecessor-version":[{"id":35578,"href":"https:\/\/eterle.cz\/eshop\/wp-json\/wp\/v2\/product\/35577\/revisions\/35578"}],"wp:featuredmedia":[{"embeddable":true,"href":"https:\/\/eterle.cz\/eshop\/wp-json\/wp\/v2\/media\/35579"}],"wp:attachment":[{"href":"https:\/\/eterle.cz\/eshop\/wp-json\/wp\/v2\/media?parent=35577"}],"wp:term":[{"taxonomy":"product_brand","embeddable":true,"href":"https:\/\/eterle.cz\/eshop\/wp-json\/wp\/v2\/product_brand?post=35577"},{"taxonomy":"product_cat","embeddable":true,"href":"https:\/\/eterle.cz\/eshop\/wp-json\/wp\/v2\/product_cat?post=35577"},{"taxonomy":"product_tag","embeddable":true,"href":"https:\/\/eterle.cz\/eshop\/wp-json\/wp\/v2\/product_tag?post=35577"}],"curies":[{"name":"wp","href":"https:\/\/api.w.org\/{rel}","templated":true}]}}

Jídelní rozkládací stůl

<p>Rozkládací jídelní stůl z první poloviny 20. století nese výraznější, dekorativnější charakter, typický pro doznívající Art Deco. Dominantním prvkem je tmavší tón dřeva v kombinaci s jemně profilovanou hranou desky, která je po obvodu zdobená vyřezávaným dekorem. Deska je rozkládací – po roztažení se do středu vkládá samostatná přídavná část, která není součástí konstrukce a je potřeba ji uchovávat zvlášť. Tento způsob řešení je pro starší typy stolů poměrně běžný. Výrazným prvkem jsou také tvarované, lehce esovitě prohnuté nohy, které stolu dodávají lehkost a elegantní siluetu. Stůl působí velmi reprezentativně. V interiéru bude fungovat jako výraznější solitér i plnohodnotný jídelní stůl pro každodenní použití.</p>
<p>Stav: horní deska má nový povrch, nohy původní velmi dobrý stav<br />
Rozměry<br />
Výška: 77 cm<br />
Složený: 106&#215;213 cm<br />
Rozložený: 106&#215;213 cm</p>
<p>&nbsp;</p>

<p>Rozkládací jídelní stůl z první poloviny 20. století nese výraznější, dekorativnější charakter, typický pro doznívající Art Deco. Dominantním prvkem je</p>
