{"id":35588,"date":"2026-04-01T13:34:58","date_gmt":"2026-04-01T11:34:58","guid":{"rendered":"https:\/\/eterle.cz\/eshop\/produkt\/set-6-jidelnich-zidli\/"},"modified":"2026-04-01T13:54:16","modified_gmt":"2026-04-01T11:54:16","slug":"set-6-jidelnich-zidli","status":"publish","type":"product","link":"https:\/\/eterle.cz\/eshop\/produkt\/set-6-jidelnich-zidli\/","title":{"rendered":"Set 6 j\u00eddeln\u00edch \u017eidl\u00ed"},"content":{"rendered":"<p>Set \u0161esti j\u00eddeln\u00edch \u017eidl\u00ed z prvn\u00ed poloviny 20. stolet\u00ed zaujme v\u00fdrazn\u011bj\u0161\u00ed, lehce dekorativn\u00ed siluetou, kter\u00e1 odkazuje k dozn\u00edvaj\u00edc\u00edm historizuj\u00edc\u00edm styl\u016fm, p\u0159edev\u0161\u00edm k rokoko revivalu p\u0159elomu 19. a 20. stolet\u00ed. Jde o typick\u00fd p\u0159\u00edklad n\u00e1bytku z obdob\u00ed, kdy se tradi\u010dn\u00ed tvaroslov\u00ed postupn\u011b zjednodu\u0161ovalo, ale st\u00e1le si uchov\u00e1valo sv\u016fj ornament\u00e1ln\u00ed charakter.<\/p>\n<p>Dominantn\u00edm prvkem je vysok\u00e9 op\u011bradlo s m\u011bkce tvarovanou lini\u00ed, dopln\u011bn\u00e9 \u010daloun\u011bn\u00edm lemovan\u00fdm ozdobn\u00fdmi h\u0159eb\u00ed\u010dky. Tento detail p\u016fsob\u00ed jemn\u011b dekorativn\u011b a podtrhuje \u0159emesln\u00fd charakter cel\u00e9ho kusu. V\u00fdraz \u017eidl\u00ed dotv\u00e1\u0159ej\u00ed lehce prohnut\u00e9 p\u0159edn\u00ed nohy, kter\u00e9 jim d\u00e1vaj\u00ed elegantn\u00ed, t\u00e9m\u011b\u0159 salonn\u00ed charakter. Zadn\u00ed nohy jsou veden\u00e9 p\u0159\u00edmo, co\u017e vytv\u00e1\u0159\u00ed vyv\u00e1\u017een\u00fd kontrast.<\/p>\n<p>Stav: p\u016fvodn\u00ed zachoval\u00fd, na jedn\u00e9 \u017eidli trochu viditeln\u011bj\u0161\u00ed po\u0161kozen\u00ed d\u0159eva na hran\u011b sed\u00e1ku a na zadn\u00ed stran\u011b op\u011bradla u jin\u00e9 \u017eidle &#8211; v\u0161e viz foto<br \/>\nRozm\u011bry<br \/>\nV\u00fd\u0161ka: 106 cm<br \/>\nV\u00fd\u0161ka sed\u00e1ku: 50 cm<br \/>\n\u0160\u00ed\u0159ka celkov\u00e1: 49 cm<br \/>\nHloubka celkov\u00e1: 60 cm<br \/>\nHloubka sed\u00e1ku: 42 cm<\/p>\n<p>&nbsp;<\/p>\n","protected":false},"excerpt":{"rendered":"<p>Set \u0161esti j\u00eddeln\u00edch \u017eidl\u00ed z prvn\u00ed poloviny 20. stolet\u00ed zaujme v\u00fdrazn\u011bj\u0161\u00ed, lehce dekorativn\u00ed siluetou, kter\u00e1 odkazuje k dozn\u00edvaj\u00edc\u00edm historizuj\u00edc\u00edm styl\u016fm,<\/p>\n","protected":false},"featured_media":35590,"template":"","meta":[],"product_brand":[],"product_cat":[95,130,121],"product_tag":[],"class_list":{"0":"post-35588","1":"product","2":"type-product","3":"status-publish","4":"has-post-thumbnail","6":"product_cat-novinky","7":"product_cat-nabytek","8":"product_cat-zidle","9":"product_shipping_class-nadrozmerne","11":"first","12":"instock","13":"purchasable","14":"product-type-simple"},"_links":{"self":[{"href":"https:\/\/eterle.cz\/eshop\/wp-json\/wp\/v2\/product\/35588","targetHints":{"allow":["GET"]}}],"collection":[{"href":"https:\/\/eterle.cz\/eshop\/wp-json\/wp\/v2\/product"}],"about":[{"href":"https:\/\/eterle.cz\/eshop\/wp-json\/wp\/v2\/types\/product"}],"version-history":[{"count":1,"href":"https:\/\/eterle.cz\/eshop\/wp-json\/wp\/v2\/product\/35588\/revisions"}],"predecessor-version":[{"id":35589,"href":"https:\/\/eterle.cz\/eshop\/wp-json\/wp\/v2\/product\/35588\/revisions\/35589"}],"wp:featuredmedia":[{"embeddable":true,"href":"https:\/\/eterle.cz\/eshop\/wp-json\/wp\/v2\/media\/35590"}],"wp:attachment":[{"href":"https:\/\/eterle.cz\/eshop\/wp-json\/wp\/v2\/media?parent=35588"}],"wp:term":[{"taxonomy":"product_brand","embeddable":true,"href":"https:\/\/eterle.cz\/eshop\/wp-json\/wp\/v2\/product_brand?post=35588"},{"taxonomy":"product_cat","embeddable":true,"href":"https:\/\/eterle.cz\/eshop\/wp-json\/wp\/v2\/product_cat?post=35588"},{"taxonomy":"product_tag","embeddable":true,"href":"https:\/\/eterle.cz\/eshop\/wp-json\/wp\/v2\/product_tag?post=35588"}],"curies":[{"name":"wp","href":"https:\/\/api.w.org\/{rel}","templated":true}]}}

Set 6 jídelních židlí

<p>Set šesti jídelních židlí z první poloviny 20. století zaujme výraznější, lehce dekorativní siluetou, která odkazuje k doznívajícím historizujícím stylům, především k rokoko revivalu přelomu 19. a 20. století. Jde o typický příklad nábytku z období, kdy se tradiční tvarosloví postupně zjednodušovalo, ale stále si uchovávalo svůj ornamentální charakter.</p>
<p>Dominantním prvkem je vysoké opěradlo s měkce tvarovanou linií, doplněné čalouněním lemovaným ozdobnými hřebíčky. Tento detail působí jemně dekorativně a podtrhuje řemeslný charakter celého kusu. Výraz židlí dotvářejí lehce prohnuté přední nohy, které jim dávají elegantní, téměř salonní charakter. Zadní nohy jsou vedené přímo, což vytváří vyvážený kontrast.</p>
<p>Stav: původní zachovalý, na jedné židli trochu viditelnější poškození dřeva na hraně sedáku a na zadní straně opěradla u jiné židle &#8211; vše viz foto<br />
Rozměry<br />
Výška: 106 cm<br />
Výška sedáku: 50 cm<br />
Šířka celková: 49 cm<br />
Hloubka celková: 60 cm<br />
Hloubka sedáku: 42 cm</p>
<p>&nbsp;</p>

<p>Set šesti jídelních židlí z první poloviny 20. století zaujme výraznější, lehce dekorativní siluetou, která odkazuje k doznívajícím historizujícím stylům,</p>
