{"id":35633,"date":"2026-04-01T13:36:35","date_gmt":"2026-04-01T11:36:35","guid":{"rendered":"https:\/\/eterle.cz\/eshop\/produkt\/sofa\/"},"modified":"2026-04-06T17:15:35","modified_gmt":"2026-04-06T15:15:35","slug":"sofa","status":"publish","type":"product","link":"https:\/\/eterle.cz\/eshop\/produkt\/sofa\/","title":{"rendered":"Sofa"},"content":{"rendered":"<p>Pohovka, kter\u00e1 stoj\u00ed na pomez\u00ed dvou sv\u011bt\u016f \u2013 autentick\u00e9ho retra a sou\u010dasn\u00e9ho minimalismu. P\u016fvodn\u00ed \u010daloun\u011bn\u00ed s jemnou strukturou a typick\u00fdm tepl\u00fdm odst\u00ednem nese jasnou stopu sv\u00e9 doby, zat\u00edmco samotn\u00e1 forma z\u016fst\u00e1v\u00e1 p\u0159ekvapiv\u011b st\u0159\u00eddm\u00e1 a \u010dist\u00e1.<\/p>\n<p>Pr\u00e1v\u011b v t\u00e9to kombinaci je jej\u00ed s\u00edla. V p\u016fvodn\u00edm stavu nab\u00edz\u00ed charakter a atmosf\u00e9ru 60. a 70. let, po p\u0159e\u010daloun\u011bn\u00ed se snadno prom\u011bn\u00ed v minimalistick\u00fd kus, kter\u00fd obstoj\u00ed i v sou\u010dasn\u00e9m interi\u00e9ru.<\/p>\n<p>Subtiln\u00ed d\u0159ev\u011bn\u00e1 konstrukce s typickou \u201eplovouc\u00ed\u201c siluetou a v\u00fdrazn\u011b tvarovanou podno\u017e\u00ed odkazuje k bruselsk\u00e9mu stylu a k produkci \u010deskoslovensk\u00fdch podnik\u016f t\u00e9 doby, zejm\u00e9na D\u0159evopodniku Hole\u0161ov. Tento typ pohovek b\u00fdv\u00e1 na trhu n\u011bkdy p\u0159ipisov\u00e1n Ludv\u00edku Vol\u00e1kovi, jeho\u017e n\u00e1vrhy pracuj\u00ed s podobnou lehkost\u00ed a d\u016frazem na funk\u010dnost.<\/p>\n<p>Typick\u00fd p\u0159edstavitel \u010deskoslovensk\u00e9ho designu 60.\u201370. let, kde se prakti\u010dnost p\u0159irozen\u011b propojuje s estetikou. Nechyb\u00ed ani rozkl\u00e1dac\u00ed mechanismus, d\u00edky kter\u00e9mu se b\u011bhem chv\u00edle prom\u011bn\u00ed v plnohodnotn\u00e9 l\u016f\u017eko.<\/p>\n<p>Stav: p\u016fvodn\u00ed velmi dobr\u00fd, \u010daloun\u011bn\u00ed bez po\u0161kozen\u00ed<br \/>\nZna\u010dka: pravd\u011bpodobn\u011b Ludv\u00edk Vol\u00e1k<br \/>\nRozm\u011bry<br \/>\nV\u00fd\u0161ka: 74 cm<br \/>\n\u0160\u00ed\u0159ka: 210 cm<br \/>\nHloubka: 89 cm, rozta\u017een\u00e9 158 cm<\/p>\n<p>&nbsp;<\/p>\n","protected":false},"excerpt":{"rendered":"<p>Pohovka, kter\u00e1 stoj\u00ed na pomez\u00ed dvou sv\u011bt\u016f \u2013 autentick\u00e9ho retra a sou\u010dasn\u00e9ho minimalismu. P\u016fvodn\u00ed \u010daloun\u011bn\u00ed s jemnou strukturou a typick\u00fdm<\/p>\n","protected":false},"featured_media":35635,"template":"","meta":[],"product_brand":[],"product_cat":[95,130,123],"product_tag":[],"class_list":{"0":"post-35633","1":"product","2":"type-product","3":"status-publish","4":"has-post-thumbnail","6":"product_cat-novinky","7":"product_cat-nabytek","8":"product_cat-sofa","9":"product_shipping_class-nadrozmerne","11":"first","12":"instock","13":"purchasable","14":"product-type-simple"},"_links":{"self":[{"href":"https:\/\/eterle.cz\/eshop\/wp-json\/wp\/v2\/product\/35633","targetHints":{"allow":["GET"]}}],"collection":[{"href":"https:\/\/eterle.cz\/eshop\/wp-json\/wp\/v2\/product"}],"about":[{"href":"https:\/\/eterle.cz\/eshop\/wp-json\/wp\/v2\/types\/product"}],"version-history":[{"count":4,"href":"https:\/\/eterle.cz\/eshop\/wp-json\/wp\/v2\/product\/35633\/revisions"}],"predecessor-version":[{"id":36118,"href":"https:\/\/eterle.cz\/eshop\/wp-json\/wp\/v2\/product\/35633\/revisions\/36118"}],"wp:featuredmedia":[{"embeddable":true,"href":"https:\/\/eterle.cz\/eshop\/wp-json\/wp\/v2\/media\/35635"}],"wp:attachment":[{"href":"https:\/\/eterle.cz\/eshop\/wp-json\/wp\/v2\/media?parent=35633"}],"wp:term":[{"taxonomy":"product_brand","embeddable":true,"href":"https:\/\/eterle.cz\/eshop\/wp-json\/wp\/v2\/product_brand?post=35633"},{"taxonomy":"product_cat","embeddable":true,"href":"https:\/\/eterle.cz\/eshop\/wp-json\/wp\/v2\/product_cat?post=35633"},{"taxonomy":"product_tag","embeddable":true,"href":"https:\/\/eterle.cz\/eshop\/wp-json\/wp\/v2\/product_tag?post=35633"}],"curies":[{"name":"wp","href":"https:\/\/api.w.org\/{rel}","templated":true}]}}

<p>Pohovka, která stojí na pomezí dvou světů – autentického retra a současného minimalismu. Původní čalounění s jemnou strukturou a typickým teplým odstínem nese jasnou stopu své doby, zatímco samotná forma zůstává překvapivě střídmá a čistá.</p>
<p>Právě v této kombinaci je její síla. V původním stavu nabízí charakter a atmosféru 60. a 70. let, po přečalounění se snadno promění v minimalistický kus, který obstojí i v současném interiéru.</p>
<p>Subtilní dřevěná konstrukce s typickou „plovoucí“ siluetou a výrazně tvarovanou podnoží odkazuje k bruselskému stylu a k produkci československých podniků té doby, zejména Dřevopodniku Holešov. Tento typ pohovek bývá na trhu někdy připisován Ludvíku Volákovi, jehož návrhy pracují s podobnou lehkostí a důrazem na funkčnost.</p>
<p>Typický představitel československého designu 60.–70. let, kde se praktičnost přirozeně propojuje s estetikou. Nechybí ani rozkládací mechanismus, díky kterému se během chvíle promění v plnohodnotné lůžko.</p>
<p>Stav: původní velmi dobrý, čalounění bez poškození<br />
Značka: pravděpodobně Ludvík Volák<br />
Rozměry<br />
Výška: 74 cm<br />
Šířka: 210 cm<br />
Hloubka: 89 cm, roztažené 158 cm</p>
<p>&nbsp;</p>

<p>Pohovka, která stojí na pomezí dvou světů – autentického retra a současného minimalismu. Původní čalounění s jemnou strukturou a typickým</p>
