{"id":35655,"date":"2026-04-01T13:37:19","date_gmt":"2026-04-01T11:37:19","guid":{"rendered":"https:\/\/eterle.cz\/eshop\/produkt\/sedaci-souprava\/"},"modified":"2026-04-01T13:54:16","modified_gmt":"2026-04-01T11:54:16","slug":"sedaci-souprava","status":"publish","type":"product","link":"https:\/\/eterle.cz\/eshop\/produkt\/sedaci-souprava\/","title":{"rendered":"Sedac\u00ed souprava"},"content":{"rendered":"<p>Sedac\u00ed souprava z \u010deskoslovensk\u00e9 produkce 60. a 70. let, v\u00fdrazn\u011b inspirovan\u00e1 skandin\u00e1vsk\u00fdm designem. Jednoduch\u00e9 linie, otev\u0159en\u00e1 konstrukce a pr\u00e1ce s masivn\u00edm d\u0159evem d\u00e1vaj\u00ed vyniknout lehkosti, kter\u00e1 je pro seversk\u00fd n\u00e1bytek typick\u00e1, z\u00e1rove\u0148 v\u0161ak zachov\u00e1vaj\u00ed poctiv\u00fd charakter dom\u00e1c\u00ed v\u00fdroby.<br \/>\nSouprava tvo\u0159en\u00e1 dvoum\u00edstnou pohovkou a dv\u011bma k\u0159esly p\u016fsob\u00ed klidn\u011b a nad\u010dasov\u011b \u2013 jej\u00ed tvar p\u0159irozen\u011b zapad\u00e1 do sou\u010dasn\u00fdch interi\u00e9r\u016f, ani\u017e by ztr\u00e1cel autenticitu sv\u00e9 doby.<br \/>\nCelek pro\u0161el kompletn\u00ed obnovou \u2013 nov\u00e9 nen\u00ed pouze \u010daloun\u011bn\u00ed, ale i vnit\u0159n\u00ed v\u00fdpln\u011b, co\u017e p\u0159in\u00e1\u0161\u00ed v\u00fdrazn\u011b vy\u0161\u0161\u00ed komfort a dlouhou \u017eivotnost. Kvalitn\u00ed l\u00e1tka spolu s nov\u00fdmi matracemi posouvaj\u00ed cel\u00fd kus na \u00farove\u0148, kter\u00e1 odpov\u00edd\u00e1 jeho sou\u010dasn\u00e9 hodnot\u011b. Jde o kus, kter\u00fd si zachov\u00e1v\u00e1 sv\u016fj p\u016fvodn\u00ed charakter, ale kvalitou zpracov\u00e1n\u00ed odpov\u00edd\u00e1 dne\u0161n\u00edm n\u00e1rok\u016fm<\/p>\n<p>Stav: kompletn\u011b nov\u00e9 sed\u00e1ky; d\u0159evo p\u016fvodn\u00ed, velmi dobr\u00fd stav<br \/>\nRozm\u011bry<br \/>\nK\u0159eslo<br \/>\nV\u00fd\u0161ka: 79 cm<br \/>\nHloubka: 71 cm<br \/>\n\u0160\u00ed\u0159ka: 66 cm<br \/>\nV\u00fd\u0161ka sed\u00e1ku: 41 cm<br \/>\nHloubka sed\u00e1ku: 49 cm<\/p>\n<p>Sofa<br \/>\nV\u00fd\u0161ka: 79 cm<br \/>\n\u0160\u00edrka: 120 cm<br \/>\nHloubka: 71 cm<br \/>\nV\u00fd\u0161ka sed\u00e1ku: 41 cm<br \/>\nHloubka sed\u00e1ku: 49 cm<\/p>\n<p>&nbsp;<\/p>\n","protected":false},"excerpt":{"rendered":"<p>Sedac\u00ed souprava z \u010deskoslovensk\u00e9 produkce 60. a 70. let, v\u00fdrazn\u011b inspirovan\u00e1 skandin\u00e1vsk\u00fdm designem. Jednoduch\u00e9 linie, otev\u0159en\u00e1 konstrukce a pr\u00e1ce s<\/p>\n","protected":false},"featured_media":35657,"template":"","meta":[],"product_brand":[],"product_cat":[95,130,123],"product_tag":[],"class_list":{"0":"post-35655","1":"product","2":"type-product","3":"status-publish","4":"has-post-thumbnail","6":"product_cat-novinky","7":"product_cat-nabytek","8":"product_cat-sofa","9":"product_shipping_class-nadrozmerne","11":"first","12":"instock","13":"purchasable","14":"product-type-simple"},"_links":{"self":[{"href":"https:\/\/eterle.cz\/eshop\/wp-json\/wp\/v2\/product\/35655","targetHints":{"allow":["GET"]}}],"collection":[{"href":"https:\/\/eterle.cz\/eshop\/wp-json\/wp\/v2\/product"}],"about":[{"href":"https:\/\/eterle.cz\/eshop\/wp-json\/wp\/v2\/types\/product"}],"version-history":[{"count":1,"href":"https:\/\/eterle.cz\/eshop\/wp-json\/wp\/v2\/product\/35655\/revisions"}],"predecessor-version":[{"id":35656,"href":"https:\/\/eterle.cz\/eshop\/wp-json\/wp\/v2\/product\/35655\/revisions\/35656"}],"wp:featuredmedia":[{"embeddable":true,"href":"https:\/\/eterle.cz\/eshop\/wp-json\/wp\/v2\/media\/35657"}],"wp:attachment":[{"href":"https:\/\/eterle.cz\/eshop\/wp-json\/wp\/v2\/media?parent=35655"}],"wp:term":[{"taxonomy":"product_brand","embeddable":true,"href":"https:\/\/eterle.cz\/eshop\/wp-json\/wp\/v2\/product_brand?post=35655"},{"taxonomy":"product_cat","embeddable":true,"href":"https:\/\/eterle.cz\/eshop\/wp-json\/wp\/v2\/product_cat?post=35655"},{"taxonomy":"product_tag","embeddable":true,"href":"https:\/\/eterle.cz\/eshop\/wp-json\/wp\/v2\/product_tag?post=35655"}],"curies":[{"name":"wp","href":"https:\/\/api.w.org\/{rel}","templated":true}]}}

Sedací souprava

<p>Sedací souprava z československé produkce 60. a 70. let, výrazně inspirovaná skandinávským designem. Jednoduché linie, otevřená konstrukce a práce s masivním dřevem dávají vyniknout lehkosti, která je pro severský nábytek typická, zároveň však zachovávají poctivý charakter domácí výroby.<br />
Souprava tvořená dvoumístnou pohovkou a dvěma křesly působí klidně a nadčasově – její tvar přirozeně zapadá do současných interiérů, aniž by ztrácel autenticitu své doby.<br />
Celek prošel kompletní obnovou – nové není pouze čalounění, ale i vnitřní výplně, což přináší výrazně vyšší komfort a dlouhou životnost. Kvalitní látka spolu s novými matracemi posouvají celý kus na úroveň, která odpovídá jeho současné hodnotě. Jde o kus, který si zachovává svůj původní charakter, ale kvalitou zpracování odpovídá dnešním nárokům</p>
<p>Stav: kompletně nové sedáky; dřevo původní, velmi dobrý stav<br />
Rozměry<br />
Křeslo<br />
Výška: 79 cm<br />
Hloubka: 71 cm<br />
Šířka: 66 cm<br />
Výška sedáku: 41 cm<br />
Hloubka sedáku: 49 cm</p>
<p>Sofa<br />
Výška: 79 cm<br />
Šírka: 120 cm<br />
Hloubka: 71 cm<br />
Výška sedáku: 41 cm<br />
Hloubka sedáku: 49 cm</p>
<p>&nbsp;</p>

<p>Sedací souprava z československé produkce 60. a 70. let, výrazně inspirovaná skandinávským designem. Jednoduché linie, otevřená konstrukce a práce s</p>
