{"id":35694,"date":"2026-04-01T13:38:41","date_gmt":"2026-04-01T11:38:41","guid":{"rendered":"https:\/\/eterle.cz\/eshop\/produkt\/designovy-jidelni-stul-alias\/"},"modified":"2026-04-01T13:54:16","modified_gmt":"2026-04-01T11:54:16","slug":"designovy-jidelni-stul-alias","status":"publish","type":"product","link":"https:\/\/eterle.cz\/eshop\/produkt\/designovy-jidelni-stul-alias\/","title":{"rendered":"Designov\u00fd j\u00eddeln\u00ed st\u016fl \/ Alias"},"content":{"rendered":"<p>J\u00eddeln\u00ed st\u016fl navr\u017een\u00fd Albertem Medou pro italskou zna\u010dku Alias pat\u0159\u00ed k typick\u00fdm uk\u00e1zk\u00e1m technologick\u00e9ho designu, kde estetika vych\u00e1z\u00ed p\u0159\u00edmo z konstrukce.<br \/>\nCharakteristick\u00e1 hlin\u00edkov\u00e1 podno\u017e s jemn\u011b \u010dlen\u011bnou strukturou p\u016fsob\u00ed lehce a precizn\u011b, t\u00e9m\u011b\u0159 jako technick\u00fd objekt. Ve spojen\u00ed s velkoform\u00e1tovou sklen\u011bnou deskou vznik\u00e1 celek, kter\u00fd je vizu\u00e1ln\u011b subtiln\u00ed, ale prostorov\u011b v\u00fdrazn\u00fd.<br \/>\nAlberto Meda dlouhodob\u011b pracuje s pr\u016fmyslov\u00fdmi materi\u00e1ly a principy konstrukce, kter\u00e9 nep\u0159ekr\u00fdv\u00e1, ale naopak p\u0159izn\u00e1v\u00e1. Pr\u00e1v\u011b tato logika je pro jeho tvorbu ur\u010duj\u00edc\u00ed a \u010din\u00ed ji nad\u010dasovou.<br \/>\nD\u00e9lka 190 cm d\u00e1v\u00e1 stolu velkorys\u00fd rozm\u011br, d\u00edky kter\u00e9mu obstoj\u00ed jak v j\u00eddeln\u011b, tak v pracovn\u00edm \u010di reprezentativn\u00edm prostoru.<br \/>\nKus, kter\u00fd si zachov\u00e1v\u00e1 sv\u016fj p\u016fvodn\u00ed charakter, ale kvalitou zpracov\u00e1n\u00ed odpov\u00edd\u00e1 dne\u0161n\u00edm n\u00e1rok\u016fm.<\/p>\n<p>Zna\u010dka: Alias &#8211; Albert Meda<br \/>\nV\u00e1ha: 53,5 + deska 9,8 kg<br \/>\nStav: dobr\u00fd p\u016fvodn\u00ed<br \/>\nRozm\u011bry:<br \/>\nV\u00fd\u0161ka: 73 cm<br \/>\nHloubka: 95 cm<br \/>\nD\u00e9lka: 190 cm<\/p>\n<p>&nbsp;<\/p>\n","protected":false},"excerpt":{"rendered":"<p>J\u00eddeln\u00ed st\u016fl navr\u017een\u00fd Albertem Medou pro italskou zna\u010dku Alias pat\u0159\u00ed k typick\u00fdm uk\u00e1zk\u00e1m technologick\u00e9ho designu, kde estetika vych\u00e1z\u00ed p\u0159\u00edmo z<\/p>\n","protected":false},"featured_media":35696,"template":"","meta":[],"product_brand":[],"product_cat":[95,130,124],"product_tag":[],"class_list":{"0":"post-35694","1":"product","2":"type-product","3":"status-publish","4":"has-post-thumbnail","6":"product_cat-novinky","7":"product_cat-nabytek","8":"product_cat-stoly","9":"product_shipping_class-nadrozmerne","11":"first","12":"instock","13":"purchasable","14":"product-type-simple"},"_links":{"self":[{"href":"https:\/\/eterle.cz\/eshop\/wp-json\/wp\/v2\/product\/35694","targetHints":{"allow":["GET"]}}],"collection":[{"href":"https:\/\/eterle.cz\/eshop\/wp-json\/wp\/v2\/product"}],"about":[{"href":"https:\/\/eterle.cz\/eshop\/wp-json\/wp\/v2\/types\/product"}],"version-history":[{"count":1,"href":"https:\/\/eterle.cz\/eshop\/wp-json\/wp\/v2\/product\/35694\/revisions"}],"predecessor-version":[{"id":35695,"href":"https:\/\/eterle.cz\/eshop\/wp-json\/wp\/v2\/product\/35694\/revisions\/35695"}],"wp:featuredmedia":[{"embeddable":true,"href":"https:\/\/eterle.cz\/eshop\/wp-json\/wp\/v2\/media\/35696"}],"wp:attachment":[{"href":"https:\/\/eterle.cz\/eshop\/wp-json\/wp\/v2\/media?parent=35694"}],"wp:term":[{"taxonomy":"product_brand","embeddable":true,"href":"https:\/\/eterle.cz\/eshop\/wp-json\/wp\/v2\/product_brand?post=35694"},{"taxonomy":"product_cat","embeddable":true,"href":"https:\/\/eterle.cz\/eshop\/wp-json\/wp\/v2\/product_cat?post=35694"},{"taxonomy":"product_tag","embeddable":true,"href":"https:\/\/eterle.cz\/eshop\/wp-json\/wp\/v2\/product_tag?post=35694"}],"curies":[{"name":"wp","href":"https:\/\/api.w.org\/{rel}","templated":true}]}}

Designový jídelní stůl / Alias

<p>Jídelní stůl navržený Albertem Medou pro italskou značku Alias patří k typickým ukázkám technologického designu, kde estetika vychází přímo z konstrukce.<br />
Charakteristická hliníková podnož s jemně členěnou strukturou působí lehce a precizně, téměř jako technický objekt. Ve spojení s velkoformátovou skleněnou deskou vzniká celek, který je vizuálně subtilní, ale prostorově výrazný.<br />
Alberto Meda dlouhodobě pracuje s průmyslovými materiály a principy konstrukce, které nepřekrývá, ale naopak přiznává. Právě tato logika je pro jeho tvorbu určující a činí ji nadčasovou.<br />
Délka 190 cm dává stolu velkorysý rozměr, díky kterému obstojí jak v jídelně, tak v pracovním či reprezentativním prostoru.<br />
Kus, který si zachovává svůj původní charakter, ale kvalitou zpracování odpovídá dnešním nárokům.</p>
<p>Značka: Alias &#8211; Albert Meda<br />
Váha: 53,5 + deska 9,8 kg<br />
Stav: dobrý původní<br />
Rozměry:<br />
Výška: 73 cm<br />
Hloubka: 95 cm<br />
Délka: 190 cm</p>
<p>&nbsp;</p>

<p>Jídelní stůl navržený Albertem Medou pro italskou značku Alias patří k typickým ukázkám technologického designu, kde estetika vychází přímo z</p>
