{"id":35705,"date":"2026-04-01T13:39:03","date_gmt":"2026-04-01T11:39:03","guid":{"rendered":"https:\/\/eterle.cz\/eshop\/produkt\/hnizdove-stolky-meblo\/"},"modified":"2026-04-01T13:54:16","modified_gmt":"2026-04-01T11:54:16","slug":"hnizdove-stolky-meblo","status":"publish","type":"product","link":"https:\/\/eterle.cz\/eshop\/produkt\/hnizdove-stolky-meblo\/","title":{"rendered":"Hn\u00edzdov\u00e9 stolky \/ Meblo"},"content":{"rendered":"<p>Set t\u0159\u00ed stolk\u016f navr\u017een\u00fd italsk\u00fdm design\u00e9rem Gianfranco Frattini pro spole\u010dnost Meblo, kter\u00e1 ve druh\u00e9 polovin\u011b 20. stolet\u00ed spolupracovala s \u0159adou v\u00fdznamn\u00fdch italsk\u00fdch n\u00e1vrh\u00e1\u0159\u016f a p\u0159in\u00e1\u0161ela modern\u00ed design do \u0161ir\u0161\u00ed evropsk\u00e9 produkce.<br \/>\nFrattini pat\u0159\u00ed k v\u00fdrazn\u00fdm osobnostem italsk\u00e9ho pov\u00e1le\u010dn\u00e9ho designu. Ve sv\u00e9 tvorb\u011b se soust\u0159edil na pr\u00e1ci s materi\u00e1lem, konstrukc\u00ed a variabilitou \u2013 \u010dasto navrhoval n\u00e1bytek, kter\u00fd je flexibiln\u00ed a p\u0159izp\u016fsobiteln\u00fd prostoru. Tento set je toho typick\u00fdm p\u0159\u00edkladem.<br \/>\nKa\u017ed\u00fd stolek funguje samostatn\u011b, dohromady pak vytv\u00e1\u0159ej\u00ed kompaktn\u00ed celek, kter\u00fd lze podle pot\u0159eby rozkl\u00e1dat i znovu skl\u00e1dat. Pr\u00e1v\u011b tato modularita byla pro design 70. let charakteristick\u00e1 a dodnes p\u016fsob\u00ed velmi sou\u010dasn\u011b.<br \/>\nMasivn\u00ed d\u0159ev\u011bn\u00e1 konstrukce s v\u00fdrazn\u011b tvarovan\u00fdmi nohami p\u016fsob\u00ed pevn\u011b, zat\u00edmco kou\u0159ov\u00e9 sklen\u011bn\u00e9 desky celek vizu\u00e1ln\u011b odleh\u010duj\u00ed a dod\u00e1vaj\u00ed mu lehkost typickou pro italsk\u00fd design t\u00e9to doby.<br \/>\nDnes jde o vyhled\u00e1van\u00fd sb\u011bratelsk\u00fd kus, kter\u00fd spojuje siln\u00e9 autorsk\u00e9 jm\u00e9no s nad\u010dasov\u00fdm designem.<\/p>\n<p>Stav: velmi dobr\u00fd p\u016fvodn\u00ed<br \/>\nAutor: Gianfranco Frattini pro Meblo<br \/>\nRozm\u011bry<br \/>\nV\u00fd\u0161ka: 51,5 cm, 43 cm, 35 cm<br \/>\n\u0160\u00ed\u0159ka stolk\u016f v sob\u011b: 52 cm<br \/>\n\u0160\u00ed\u0159ka jednoho stolu: 48 cm<\/p>\n<p>&nbsp;<\/p>\n","protected":false},"excerpt":{"rendered":"<p>Set t\u0159\u00ed stolk\u016f navr\u017een\u00fd italsk\u00fdm design\u00e9rem Gianfranco Frattini pro spole\u010dnost Meblo, kter\u00e1 ve druh\u00e9 polovin\u011b 20. stolet\u00ed spolupracovala s \u0159adou<\/p>\n","protected":false},"featured_media":35707,"template":"","meta":[],"product_brand":[],"product_cat":[95,130,124],"product_tag":[],"class_list":{"0":"post-35705","1":"product","2":"type-product","3":"status-publish","4":"has-post-thumbnail","6":"product_cat-novinky","7":"product_cat-nabytek","8":"product_cat-stoly","9":"product_shipping_class-nadrozmerne","11":"first","12":"instock","13":"purchasable","14":"product-type-simple"},"_links":{"self":[{"href":"https:\/\/eterle.cz\/eshop\/wp-json\/wp\/v2\/product\/35705","targetHints":{"allow":["GET"]}}],"collection":[{"href":"https:\/\/eterle.cz\/eshop\/wp-json\/wp\/v2\/product"}],"about":[{"href":"https:\/\/eterle.cz\/eshop\/wp-json\/wp\/v2\/types\/product"}],"version-history":[{"count":1,"href":"https:\/\/eterle.cz\/eshop\/wp-json\/wp\/v2\/product\/35705\/revisions"}],"predecessor-version":[{"id":35706,"href":"https:\/\/eterle.cz\/eshop\/wp-json\/wp\/v2\/product\/35705\/revisions\/35706"}],"wp:featuredmedia":[{"embeddable":true,"href":"https:\/\/eterle.cz\/eshop\/wp-json\/wp\/v2\/media\/35707"}],"wp:attachment":[{"href":"https:\/\/eterle.cz\/eshop\/wp-json\/wp\/v2\/media?parent=35705"}],"wp:term":[{"taxonomy":"product_brand","embeddable":true,"href":"https:\/\/eterle.cz\/eshop\/wp-json\/wp\/v2\/product_brand?post=35705"},{"taxonomy":"product_cat","embeddable":true,"href":"https:\/\/eterle.cz\/eshop\/wp-json\/wp\/v2\/product_cat?post=35705"},{"taxonomy":"product_tag","embeddable":true,"href":"https:\/\/eterle.cz\/eshop\/wp-json\/wp\/v2\/product_tag?post=35705"}],"curies":[{"name":"wp","href":"https:\/\/api.w.org\/{rel}","templated":true}]}}

Hnízdové stolky / Meblo

<p>Set tří stolků navržený italským designérem Gianfranco Frattini pro společnost Meblo, která ve druhé polovině 20. století spolupracovala s řadou významných italských návrhářů a přinášela moderní design do širší evropské produkce.<br />
Frattini patří k výrazným osobnostem italského poválečného designu. Ve své tvorbě se soustředil na práci s materiálem, konstrukcí a variabilitou – často navrhoval nábytek, který je flexibilní a přizpůsobitelný prostoru. Tento set je toho typickým příkladem.<br />
Každý stolek funguje samostatně, dohromady pak vytvářejí kompaktní celek, který lze podle potřeby rozkládat i znovu skládat. Právě tato modularita byla pro design 70. let charakteristická a dodnes působí velmi současně.<br />
Masivní dřevěná konstrukce s výrazně tvarovanými nohami působí pevně, zatímco kouřové skleněné desky celek vizuálně odlehčují a dodávají mu lehkost typickou pro italský design této doby.<br />
Dnes jde o vyhledávaný sběratelský kus, který spojuje silné autorské jméno s nadčasovým designem.</p>
<p>Stav: velmi dobrý původní<br />
Autor: Gianfranco Frattini pro Meblo<br />
Rozměry<br />
Výška: 51,5 cm, 43 cm, 35 cm<br />
Šířka stolků v sobě: 52 cm<br />
Šířka jednoho stolu: 48 cm</p>
<p>&nbsp;</p>

<p>Set tří stolků navržený italským designérem Gianfranco Frattini pro společnost Meblo, která ve druhé polovině 20. století spolupracovala s řadou</p>
