{"id":35724,"date":"2026-04-01T13:39:42","date_gmt":"2026-04-01T11:39:42","guid":{"rendered":"https:\/\/eterle.cz\/eshop\/produkt\/chromovy-rozkladaci-gauc-1930\/"},"modified":"2026-04-01T13:54:16","modified_gmt":"2026-04-01T11:54:16","slug":"chromovy-rozkladaci-gauc-1930","status":"publish","type":"product","link":"https:\/\/eterle.cz\/eshop\/produkt\/chromovy-rozkladaci-gauc-1930\/","title":{"rendered":"Chromov\u00fd rozkl\u00e1dac\u00ed gau\u010d 1930"},"content":{"rendered":"<p>Gau\u010d, kter\u00fd v sob\u011b nese lehkost funkcionalismu a p\u0159irozenou prakti\u010dnost sv\u00e9 doby. Chromovan\u00e1 trubkov\u00e1 konstrukce odkazuje na principy, se kter\u00fdmi pracovali design\u00e9\u0159i jako Marcel Breuer nebo Ludwig Mies van der Rohe \u2013 jednoduch\u00e1 linie, minim\u00e1ln\u00ed v\u00fdraz a d\u016fraz na funkci. Pr\u00e1v\u011b tenhle p\u0159\u00edstup d\u00e1v\u00e1 n\u00e1bytku nad\u010dasovost, kter\u00e1 funguje i dnes.<br \/>\nOproti klasick\u00fdm trubkov\u00fdm leh\u00e1tk\u016fm nebo postel\u00edm je tento kus zaj\u00edmav\u00fd svou variabilitou \u2013 b\u011bhem chv\u00edle se prom\u011bn\u00ed v l\u016f\u017eko a z\u00e1rove\u0148 nab\u00edz\u00ed \u00falo\u017en\u00fd prostor, co\u017e z n\u011bj d\u011bl\u00e1 p\u0159ekvapiv\u011b praktick\u00fd prvek do sou\u010dasn\u00e9ho interi\u00e9ru.<br \/>\nKombinace chladn\u00e9ho chromu a tepl\u00e9ho d\u0159eva vytv\u00e1\u0159\u00ed jemn\u00fd kontrast, kter\u00fd celek vyva\u017euje a posouv\u00e1 ho od \u010dist\u011b technick\u00e9ho v\u00fdrazu k obytn\u00e9mu kusu.<br \/>\nV\u00fdrazn\u00fd, ale p\u0159itom st\u0159\u00eddm\u00fd kus, kter\u00fd spojuje funkcionalistickou estetiku s ka\u017edodenn\u00ed pou\u017eitelnost\u00ed.<\/p>\n<p>Stav: p\u016fvodn\u00ed zachoval\u00fd, chrom v dobr\u00e9m stavu<br \/>\nV\u00e1ha: 38+43,1 kg<br \/>\nRozm\u011bry<br \/>\nV\u00fd\u0161ka: 70 cm<br \/>\nHloubka: 80 cm<br \/>\nHloubka rozlo\u017een\u00fd: 161 cm<br \/>\n\u0160\u00ed\u0159ka: 220 cm<br \/>\nV\u00fd\u0161ka ro\u0161tu (matrace) 30 cm<br \/>\nMatrace 79&#215;196 cm (80&#215;200) &#8211; nen\u00ed sou\u010d\u00e1st\u00ed<\/p>\n<p>&nbsp;<\/p>\n","protected":false},"excerpt":{"rendered":"<p>Gau\u010d, kter\u00fd v sob\u011b nese lehkost funkcionalismu a p\u0159irozenou prakti\u010dnost sv\u00e9 doby. Chromovan\u00e1 trubkov\u00e1 konstrukce odkazuje na principy, se kter\u00fdmi<\/p>\n","protected":false},"featured_media":35726,"template":"","meta":[],"product_brand":[],"product_cat":[95,130,123],"product_tag":[],"class_list":{"0":"post-35724","1":"product","2":"type-product","3":"status-publish","4":"has-post-thumbnail","6":"product_cat-novinky","7":"product_cat-nabytek","8":"product_cat-sofa","9":"product_shipping_class-nadrozmerne","11":"first","12":"instock","13":"purchasable","14":"product-type-simple"},"_links":{"self":[{"href":"https:\/\/eterle.cz\/eshop\/wp-json\/wp\/v2\/product\/35724","targetHints":{"allow":["GET"]}}],"collection":[{"href":"https:\/\/eterle.cz\/eshop\/wp-json\/wp\/v2\/product"}],"about":[{"href":"https:\/\/eterle.cz\/eshop\/wp-json\/wp\/v2\/types\/product"}],"version-history":[{"count":1,"href":"https:\/\/eterle.cz\/eshop\/wp-json\/wp\/v2\/product\/35724\/revisions"}],"predecessor-version":[{"id":35725,"href":"https:\/\/eterle.cz\/eshop\/wp-json\/wp\/v2\/product\/35724\/revisions\/35725"}],"wp:featuredmedia":[{"embeddable":true,"href":"https:\/\/eterle.cz\/eshop\/wp-json\/wp\/v2\/media\/35726"}],"wp:attachment":[{"href":"https:\/\/eterle.cz\/eshop\/wp-json\/wp\/v2\/media?parent=35724"}],"wp:term":[{"taxonomy":"product_brand","embeddable":true,"href":"https:\/\/eterle.cz\/eshop\/wp-json\/wp\/v2\/product_brand?post=35724"},{"taxonomy":"product_cat","embeddable":true,"href":"https:\/\/eterle.cz\/eshop\/wp-json\/wp\/v2\/product_cat?post=35724"},{"taxonomy":"product_tag","embeddable":true,"href":"https:\/\/eterle.cz\/eshop\/wp-json\/wp\/v2\/product_tag?post=35724"}],"curies":[{"name":"wp","href":"https:\/\/api.w.org\/{rel}","templated":true}]}}

Chromový rozkládací gauč 1930

<p>Gauč, který v sobě nese lehkost funkcionalismu a přirozenou praktičnost své doby. Chromovaná trubková konstrukce odkazuje na principy, se kterými pracovali designéři jako Marcel Breuer nebo Ludwig Mies van der Rohe – jednoduchá linie, minimální výraz a důraz na funkci. Právě tenhle přístup dává nábytku nadčasovost, která funguje i dnes.<br />
Oproti klasickým trubkovým lehátkům nebo postelím je tento kus zajímavý svou variabilitou – během chvíle se promění v lůžko a zároveň nabízí úložný prostor, což z něj dělá překvapivě praktický prvek do současného interiéru.<br />
Kombinace chladného chromu a teplého dřeva vytváří jemný kontrast, který celek vyvažuje a posouvá ho od čistě technického výrazu k obytnému kusu.<br />
Výrazný, ale přitom střídmý kus, který spojuje funkcionalistickou estetiku s každodenní použitelností.</p>
<p>Stav: původní zachovalý, chrom v dobrém stavu<br />
Váha: 38+43,1 kg<br />
Rozměry<br />
Výška: 70 cm<br />
Hloubka: 80 cm<br />
Hloubka rozložený: 161 cm<br />
Šířka: 220 cm<br />
Výška roštu (matrace) 30 cm<br />
Matrace 79&#215;196 cm (80&#215;200) &#8211; není součástí</p>
<p>&nbsp;</p>

<p>Gauč, který v sobě nese lehkost funkcionalismu a přirozenou praktičnost své doby. Chromovaná trubková konstrukce odkazuje na principy, se kterými</p>
