{"id":35739,"date":"2026-04-01T13:40:14","date_gmt":"2026-04-01T11:40:14","guid":{"rendered":"https:\/\/eterle.cz\/eshop\/produkt\/odkladaci-stolek-na-koleckach\/"},"modified":"2026-04-13T14:52:01","modified_gmt":"2026-04-13T12:52:01","slug":"odkladaci-stolek-na-koleckach","status":"publish","type":"product","link":"https:\/\/eterle.cz\/eshop\/produkt\/odkladaci-stolek-na-koleckach\/","title":{"rendered":"Odkl\u00e1dac\u00ed stolek na kole\u010dk\u00e1ch"},"content":{"rendered":"<p>Poj\u00edzdn\u00fd stolek z masivn\u00edho d\u0159eva, kter\u00fd stoj\u00ed na jednoduch\u00e9, ale promy\u0161len\u00e9 konstrukci. Jemn\u011b tvarovan\u00e9 rohy a zapu\u0161t\u011bn\u00e1 horn\u00ed deska dod\u00e1vaj\u00ed celku nen\u00e1padnou eleganci, zat\u00edmco otev\u0159en\u00fd prostor polic zachov\u00e1v\u00e1 lehkost a prakti\u010dnost.<br \/>\nCelek p\u016fsob\u00ed klidn\u011b a vyv\u00e1\u017een\u011b \u2013 bez zbyte\u010dn\u00fdch ozdob, s d\u016frazem na proporci a detail. Kole\u010dka pak p\u0159id\u00e1vaj\u00ed na funk\u010dnosti a odkazuj\u00ed k modern\u00edmu pojet\u00ed n\u00e1bytku 60. a 70. let, kdy se vedle estetiky \u0159e\u0161ila i flexibilita a ka\u017edodenn\u00ed pou\u017e\u00edv\u00e1n\u00ed.<br \/>\nDob\u0159e poslou\u017e\u00ed jako odkl\u00e1dac\u00ed stolek nebo barov\u00fd voz\u00edk.<\/p>\n<p>Stav: dobr\u00fd p\u016fvodn\u00ed<br \/>\nRozm\u011bry<br \/>\nV\u00fd\u0161ka: 56 cm<br \/>\nRozm\u011br: 50&#215;50 cm<\/p>\n<p>&nbsp;<\/p>\n","protected":false},"excerpt":{"rendered":"<p>Poj\u00edzdn\u00fd stolek z masivn\u00edho d\u0159eva, kter\u00fd stoj\u00ed na jednoduch\u00e9, ale promy\u0161len\u00e9 konstrukci. Jemn\u011b tvarovan\u00e9 rohy a zapu\u0161t\u011bn\u00e1 horn\u00ed deska dod\u00e1vaj\u00ed<\/p>\n","protected":false},"featured_media":35741,"template":"","meta":[],"product_brand":[],"product_cat":[91],"product_tag":[],"class_list":{"0":"post-35739","1":"product","2":"type-product","3":"status-publish","4":"has-post-thumbnail","6":"product_cat-prodane","7":"product_shipping_class-nadrozmerne","9":"first","10":"outofstock","11":"purchasable","12":"product-type-simple"},"_links":{"self":[{"href":"https:\/\/eterle.cz\/eshop\/wp-json\/wp\/v2\/product\/35739","targetHints":{"allow":["GET"]}}],"collection":[{"href":"https:\/\/eterle.cz\/eshop\/wp-json\/wp\/v2\/product"}],"about":[{"href":"https:\/\/eterle.cz\/eshop\/wp-json\/wp\/v2\/types\/product"}],"version-history":[{"count":1,"href":"https:\/\/eterle.cz\/eshop\/wp-json\/wp\/v2\/product\/35739\/revisions"}],"predecessor-version":[{"id":35740,"href":"https:\/\/eterle.cz\/eshop\/wp-json\/wp\/v2\/product\/35739\/revisions\/35740"}],"wp:featuredmedia":[{"embeddable":true,"href":"https:\/\/eterle.cz\/eshop\/wp-json\/wp\/v2\/media\/35741"}],"wp:attachment":[{"href":"https:\/\/eterle.cz\/eshop\/wp-json\/wp\/v2\/media?parent=35739"}],"wp:term":[{"taxonomy":"product_brand","embeddable":true,"href":"https:\/\/eterle.cz\/eshop\/wp-json\/wp\/v2\/product_brand?post=35739"},{"taxonomy":"product_cat","embeddable":true,"href":"https:\/\/eterle.cz\/eshop\/wp-json\/wp\/v2\/product_cat?post=35739"},{"taxonomy":"product_tag","embeddable":true,"href":"https:\/\/eterle.cz\/eshop\/wp-json\/wp\/v2\/product_tag?post=35739"}],"curies":[{"name":"wp","href":"https:\/\/api.w.org\/{rel}","templated":true}]}}