{"id":35766,"date":"2026-04-01T13:41:08","date_gmt":"2026-04-01T11:41:08","guid":{"rendered":"https:\/\/eterle.cz\/eshop\/produkt\/kreslo-kozelka-a-kropacek-7\/"},"modified":"2026-04-01T13:54:15","modified_gmt":"2026-04-01T11:54:15","slug":"kreslo-kozelka-a-kropacek-7","status":"publish","type":"product","link":"https:\/\/eterle.cz\/eshop\/produkt\/kreslo-kozelka-a-kropacek-7\/","title":{"rendered":"K\u0159eslo \/ Ko\u017eelka a Krop\u00e1\u010dek"},"content":{"rendered":"<p>K\u0159eslo s typick\u00fdmi elegantn\u011b oh\u00fdban\u00fdmi podru\u010dkami, kter\u00e9 okam\u017eit\u011b prozrad\u00ed rukopis dvojice Ko\u017eelka a Krop\u00e1\u010dek. Jeho silueta je \u010dist\u00e1, m\u011bkk\u00e1 a nad\u010dasov\u00e1, p\u0159esn\u011b takov\u00e1, jakou zn\u00e1me z jejich pov\u00e1le\u010dn\u00e9 tvorby. Pravd\u011bpodobn\u011b z produkce podniku Interi\u00e9r Praha.<br \/>\nD\u0159ev\u011bn\u00e1 konstrukce je p\u016fvodn\u00ed, v dobr\u00e9m stavu s p\u0159\u00edjemnou patinou, kter\u00e1 podtrhuje autenticitu kusu. Nov\u00e9 dvoubarevn\u00e9 \u010daloun\u011bn\u00ed kombinuje jemn\u011b strukturovanou l\u00e1tku na sed\u00e1ku a op\u011br\u00e1ku s hlad\u0161\u00edm lemem, co\u017e k\u0159eslu dod\u00e1v\u00e1 sou\u010dasn\u011bj\u0161\u00ed v\u00fdraz, ani\u017e by potla\u010dilo jeho p\u016fvodn\u00ed charakter.<br \/>\nK\u0159eslo p\u016fsob\u00ed kompaktn\u011b, ale z\u00e1rove\u0148 pohodln\u011b a d\u00edky sv\u00e9 v\u00fdrazn\u00e9, p\u0159itom vyv\u00e1\u017een\u00e9 siluet\u011b dob\u0159e funguje jako solit\u00e9r i jako sou\u010d\u00e1st v\u011bt\u0161\u00edho sezen\u00ed.<\/p>\n<p>Stav: \u010d\u00e1ste\u010dn\u011b zrenovovan\u00e9, kompletn\u00ed \u010daloun\u011bn\u00ed, podru\u010dky p\u016fvodn\u00ed<br \/>\nZna\u010dka: Ko\u017eelka a Krop\u00e1\u010dek<br \/>\nRozm\u011bry<br \/>\nV\u00fd\u0161ka: 82 cm<br \/>\n\u0160\u00ed\u0159ka: 65 cm<br \/>\nHloubka: 81 cm<br \/>\nV\u00fd\u0161ka sed\u00e1ku: 44 cm<br \/>\nHloubka sed\u00e1ku: 55 cm<\/p>\n<p>&nbsp;<\/p>\n","protected":false},"excerpt":{"rendered":"<p>K\u0159eslo s typick\u00fdmi elegantn\u011b oh\u00fdban\u00fdmi podru\u010dkami, kter\u00e9 okam\u017eit\u011b prozrad\u00ed rukopis dvojice Ko\u017eelka a Krop\u00e1\u010dek. Jeho silueta je \u010dist\u00e1, m\u011bkk\u00e1 a<\/p>\n","protected":false},"featured_media":35768,"template":"","meta":[],"product_brand":[],"product_cat":[95,130,122],"product_tag":[],"class_list":{"0":"post-35766","1":"product","2":"type-product","3":"status-publish","4":"has-post-thumbnail","6":"product_cat-novinky","7":"product_cat-nabytek","8":"product_cat-kresla-a-taburety","9":"product_shipping_class-nadrozmerne","11":"first","12":"instock","13":"purchasable","14":"product-type-simple"},"_links":{"self":[{"href":"https:\/\/eterle.cz\/eshop\/wp-json\/wp\/v2\/product\/35766","targetHints":{"allow":["GET"]}}],"collection":[{"href":"https:\/\/eterle.cz\/eshop\/wp-json\/wp\/v2\/product"}],"about":[{"href":"https:\/\/eterle.cz\/eshop\/wp-json\/wp\/v2\/types\/product"}],"version-history":[{"count":1,"href":"https:\/\/eterle.cz\/eshop\/wp-json\/wp\/v2\/product\/35766\/revisions"}],"predecessor-version":[{"id":35767,"href":"https:\/\/eterle.cz\/eshop\/wp-json\/wp\/v2\/product\/35766\/revisions\/35767"}],"wp:featuredmedia":[{"embeddable":true,"href":"https:\/\/eterle.cz\/eshop\/wp-json\/wp\/v2\/media\/35768"}],"wp:attachment":[{"href":"https:\/\/eterle.cz\/eshop\/wp-json\/wp\/v2\/media?parent=35766"}],"wp:term":[{"taxonomy":"product_brand","embeddable":true,"href":"https:\/\/eterle.cz\/eshop\/wp-json\/wp\/v2\/product_brand?post=35766"},{"taxonomy":"product_cat","embeddable":true,"href":"https:\/\/eterle.cz\/eshop\/wp-json\/wp\/v2\/product_cat?post=35766"},{"taxonomy":"product_tag","embeddable":true,"href":"https:\/\/eterle.cz\/eshop\/wp-json\/wp\/v2\/product_tag?post=35766"}],"curies":[{"name":"wp","href":"https:\/\/api.w.org\/{rel}","templated":true}]}}

Křeslo / Koželka a Kropáček

<p>Křeslo s typickými elegantně ohýbanými područkami, které okamžitě prozradí rukopis dvojice Koželka a Kropáček. Jeho silueta je čistá, měkká a nadčasová, přesně taková, jakou známe z jejich poválečné tvorby. Pravděpodobně z produkce podniku Interiér Praha.<br />
Dřevěná konstrukce je původní, v dobrém stavu s příjemnou patinou, která podtrhuje autenticitu kusu. Nové dvoubarevné čalounění kombinuje jemně strukturovanou látku na sedáku a opěráku s hladším lemem, což křeslu dodává současnější výraz, aniž by potlačilo jeho původní charakter.<br />
Křeslo působí kompaktně, ale zároveň pohodlně a díky své výrazné, přitom vyvážené siluetě dobře funguje jako solitér i jako součást většího sezení.</p>
<p>Stav: částečně zrenovované, kompletní čalounění, područky původní<br />
Značka: Koželka a Kropáček<br />
Rozměry<br />
Výška: 82 cm<br />
Šířka: 65 cm<br />
Hloubka: 81 cm<br />
Výška sedáku: 44 cm<br />
Hloubka sedáku: 55 cm</p>
<p>&nbsp;</p>

<p>Křeslo s typickými elegantně ohýbanými područkami, které okamžitě prozradí rukopis dvojice Koželka a Kropáček. Jeho silueta je čistá, měkká a</p>
