{"id":35777,"date":"2026-04-01T13:41:35","date_gmt":"2026-04-01T11:41:35","guid":{"rendered":"https:\/\/eterle.cz\/eshop\/produkt\/kreslo-c-halabala\/"},"modified":"2026-04-01T13:54:15","modified_gmt":"2026-04-01T11:54:15","slug":"kreslo-c-halabala","status":"publish","type":"product","link":"https:\/\/eterle.cz\/eshop\/produkt\/kreslo-c-halabala\/","title":{"rendered":"K\u0159eslo C \/ Halabala"},"content":{"rendered":"<p>K\u0159eslo typu \u201eC\u201c od Jind\u0159icha Halabaly, charakteristick\u00e9 sv\u00fdmi plynule oh\u00fdban\u00fdmi podru\u010dkami, kter\u00e9 tvo\u0159\u00ed jeden elegantn\u00ed oblouk a d\u00e1vaj\u00ed k\u0159eslu jeho nezam\u011bnitelnou siluetu. Ikonick\u00fd model, kter\u00fd pat\u0159\u00ed k nejv\u00fdrazn\u011bj\u0161\u00edm symbol\u016fm \u010desk\u00e9ho modernistick\u00e9ho n\u00e1bytku.<br \/>\nK\u0159eslo pro\u0161lo kompletn\u00ed renovac\u00ed. D\u0159ev\u011bn\u00e1 konstrukce byla o\u0161et\u0159ena do sv\u011btl\u00e9ho, teplej\u0161\u00edho t\u00f3nu, kter\u00fd p\u0159irozen\u011b navazuje na v\u00fdrazn\u00fd pruh v \u010daloun\u011bn\u00ed. Nov\u00e1 l\u00e1tka s grafick\u00fdm vzorem p\u0159in\u00e1\u0161\u00ed do klasick\u00e9ho tvaru hravost a lehkou nads\u00e1zku, ani\u017e by naru\u0161ila jeho p\u016fvodn\u00ed eleganci.<br \/>\nD\u00edky sv\u00e9mu tvaru je k\u0159eslo velmi pohodln\u00e9 a z\u00e1rove\u0148 vizu\u00e1ln\u011b v\u00fdrazn\u00e9 \u2013 funguje jako solit\u00e9rn\u00ed kus, kter\u00fd dok\u00e1\u017ee interi\u00e9r jemn\u011b o\u017eivit a dodat mu charakter.<\/p>\n<p>Stav: po celkov\u00e9 renovaci<br \/>\nZna\u010dka: Jind\u0159ich Halabala<br \/>\nRozm\u011bry<br \/>\nV\u00fd\u0161ka: 80 cm<br \/>\n\u0160\u00ed\u0159ka: 70 cm<br \/>\nHloubka: 90 cm<br \/>\nV\u00fd\u0161ka sed\u00e1ku: 42 cm<br \/>\nHloubka sed\u00e1ku: 55 cm<\/p>\n<p>&nbsp;<\/p>\n","protected":false},"excerpt":{"rendered":"<p>K\u0159eslo typu \u201eC\u201c od Jind\u0159icha Halabaly, charakteristick\u00e9 sv\u00fdmi plynule oh\u00fdban\u00fdmi podru\u010dkami, kter\u00e9 tvo\u0159\u00ed jeden elegantn\u00ed oblouk a d\u00e1vaj\u00ed k\u0159eslu jeho<\/p>\n","protected":false},"featured_media":35779,"template":"","meta":[],"product_brand":[],"product_cat":[95,130,122],"product_tag":[],"class_list":{"0":"post-35777","1":"product","2":"type-product","3":"status-publish","4":"has-post-thumbnail","6":"product_cat-novinky","7":"product_cat-nabytek","8":"product_cat-kresla-a-taburety","9":"product_shipping_class-nadrozmerne","11":"first","12":"instock","13":"purchasable","14":"product-type-simple"},"_links":{"self":[{"href":"https:\/\/eterle.cz\/eshop\/wp-json\/wp\/v2\/product\/35777","targetHints":{"allow":["GET"]}}],"collection":[{"href":"https:\/\/eterle.cz\/eshop\/wp-json\/wp\/v2\/product"}],"about":[{"href":"https:\/\/eterle.cz\/eshop\/wp-json\/wp\/v2\/types\/product"}],"version-history":[{"count":1,"href":"https:\/\/eterle.cz\/eshop\/wp-json\/wp\/v2\/product\/35777\/revisions"}],"predecessor-version":[{"id":35778,"href":"https:\/\/eterle.cz\/eshop\/wp-json\/wp\/v2\/product\/35777\/revisions\/35778"}],"wp:featuredmedia":[{"embeddable":true,"href":"https:\/\/eterle.cz\/eshop\/wp-json\/wp\/v2\/media\/35779"}],"wp:attachment":[{"href":"https:\/\/eterle.cz\/eshop\/wp-json\/wp\/v2\/media?parent=35777"}],"wp:term":[{"taxonomy":"product_brand","embeddable":true,"href":"https:\/\/eterle.cz\/eshop\/wp-json\/wp\/v2\/product_brand?post=35777"},{"taxonomy":"product_cat","embeddable":true,"href":"https:\/\/eterle.cz\/eshop\/wp-json\/wp\/v2\/product_cat?post=35777"},{"taxonomy":"product_tag","embeddable":true,"href":"https:\/\/eterle.cz\/eshop\/wp-json\/wp\/v2\/product_tag?post=35777"}],"curies":[{"name":"wp","href":"https:\/\/api.w.org\/{rel}","templated":true}]}}