{"id":35791,"date":"2026-04-01T13:42:04","date_gmt":"2026-04-01T11:42:04","guid":{"rendered":"https:\/\/eterle.cz\/eshop\/produkt\/soliterni-kreslo-s-prvky-art-deco\/"},"modified":"2026-04-07T13:10:00","modified_gmt":"2026-04-07T11:10:00","slug":"soliterni-kreslo-s-prvky-art-deco","status":"publish","type":"product","link":"https:\/\/eterle.cz\/eshop\/produkt\/soliterni-kreslo-s-prvky-art-deco\/","title":{"rendered":"Solit\u00e9rn\u00ed k\u0159eslo s prvky art deco"},"content":{"rendered":"<p>Robustn\u00ed, p\u0159itom elegantn\u011b tvarovan\u00e9 k\u0159eslo s v\u00fdrazn\u00fdmi podru\u010dkami a hlubok\u00fdm, pohodln\u00fdm sedem, kter\u00e9 na prvn\u00ed pohled p\u016fsob\u00ed jako kus z vy\u0161\u0161\u00ed produkce sv\u00e9 doby. Jeho silueta v sob\u011b nese v\u00fdrazn\u00fd odkaz na estetiku pozdn\u00edho Art Deca \u2013 v plnosti tvar\u016f, plynul\u00fdch lini\u00edch i d\u016frazu na komfort. Z\u00e1rove\u0148 u\u017e ale p\u016fsob\u00ed st\u0159\u00eddm\u011bji a jednodu\u0161eji, co\u017e odpov\u00edd\u00e1 n\u00e1bytkov\u00e9 tvorb\u011b p\u0159elomu 30. a 40. let ve st\u0159edn\u00ed Evrop\u011b.<\/p>\n<p>Konstrukce je postavena na pevn\u00e9m d\u0159ev\u011bn\u00e9m r\u00e1mu s kr\u00e1snou kresbou d\u0159eva, kter\u00fd byl ponech\u00e1n v p\u016fvodn\u00edm odst\u00ednu a dopln\u011bn nov\u00fdm \u010daloun\u011bn\u00edm. To bylo zvoleno tak, aby s k\u0159eslem p\u0159irozen\u011b ladilo a podtrhlo jeho charakter, ani\u017e by ho p\u0159ebilo. Vzor p\u016fsob\u00ed v re\u00e1lu tlumen\u011bji ne\u017e na fotografi\u00edch a celek tak z\u016fst\u00e1v\u00e1 klidn\u00fd a vyv\u00e1\u017een\u00fd.<\/p>\n<p>Masivn\u00ed proveden\u00ed, kvalitn\u00ed zpracov\u00e1n\u00ed i proporce nazna\u010duj\u00ed, \u017ee se jedn\u00e1 o kus vy\u0161\u0161\u00ed \u0159ady sv\u00e9 doby, kde se spojovala estetika s d\u016frazem na dlouhou \u017eivotnost. Typologicky se bl\u00ed\u017e\u00ed produkci kvalitn\u00edch st\u0159edoevropsk\u00fdch v\u00fdrobc\u016f, kde se \u010dasto potk\u00e1val design s nadstandardn\u00edm \u0159emesln\u00fdm zpracov\u00e1n\u00edm.<\/p>\n<p>Stav: po celkov\u00e9 renovaci<br \/>\nRozm\u011bry<br \/>\nV\u00fd\u0161ka: 82 cm<br \/>\n\u0160\u00ed\u0159ka: 66 cm<br \/>\nHloubka: 82 cm<br \/>\nV\u00fd\u0161ka sed\u00e1ku: 45 cm, bez druh\u00e9ho pol\u0161t\u00e1\u0159e 30 cm<br \/>\nHloubka sed\u00e1ku: 58 cm<\/p>\n<p>&nbsp;<\/p>\n","protected":false},"excerpt":{"rendered":"<p>Robustn\u00ed, p\u0159itom elegantn\u011b tvarovan\u00e9 k\u0159eslo s v\u00fdrazn\u00fdmi podru\u010dkami a hlubok\u00fdm, pohodln\u00fdm sedem, kter\u00e9 na prvn\u00ed pohled p\u016fsob\u00ed jako kus z<\/p>\n","protected":false},"featured_media":36133,"template":"","meta":[],"product_brand":[],"product_cat":[95,130,122],"product_tag":[],"class_list":{"0":"post-35791","1":"product","2":"type-product","3":"status-publish","4":"has-post-thumbnail","6":"product_cat-novinky","7":"product_cat-nabytek","8":"product_cat-kresla-a-taburety","9":"product_shipping_class-nadrozmerne","11":"first","12":"instock","13":"purchasable","14":"product-type-simple"},"_links":{"self":[{"href":"https:\/\/eterle.cz\/eshop\/wp-json\/wp\/v2\/product\/35791","targetHints":{"allow":["GET"]}}],"collection":[{"href":"https:\/\/eterle.cz\/eshop\/wp-json\/wp\/v2\/product"}],"about":[{"href":"https:\/\/eterle.cz\/eshop\/wp-json\/wp\/v2\/types\/product"}],"version-history":[{"count":1,"href":"https:\/\/eterle.cz\/eshop\/wp-json\/wp\/v2\/product\/35791\/revisions"}],"predecessor-version":[{"id":35792,"href":"https:\/\/eterle.cz\/eshop\/wp-json\/wp\/v2\/product\/35791\/revisions\/35792"}],"wp:featuredmedia":[{"embeddable":true,"href":"https:\/\/eterle.cz\/eshop\/wp-json\/wp\/v2\/media\/36133"}],"wp:attachment":[{"href":"https:\/\/eterle.cz\/eshop\/wp-json\/wp\/v2\/media?parent=35791"}],"wp:term":[{"taxonomy":"product_brand","embeddable":true,"href":"https:\/\/eterle.cz\/eshop\/wp-json\/wp\/v2\/product_brand?post=35791"},{"taxonomy":"product_cat","embeddable":true,"href":"https:\/\/eterle.cz\/eshop\/wp-json\/wp\/v2\/product_cat?post=35791"},{"taxonomy":"product_tag","embeddable":true,"href":"https:\/\/eterle.cz\/eshop\/wp-json\/wp\/v2\/product_tag?post=35791"}],"curies":[{"name":"wp","href":"https:\/\/api.w.org\/{rel}","templated":true}]}}

Solitérní křeslo s prvky art deco

<p>Robustní, přitom elegantně tvarované křeslo s výraznými područkami a hlubokým, pohodlným sedem, které na první pohled působí jako kus z vyšší produkce své doby. Jeho silueta v sobě nese výrazný odkaz na estetiku pozdního Art Deca – v plnosti tvarů, plynulých liniích i důrazu na komfort. Zároveň už ale působí střídměji a jednodušeji, což odpovídá nábytkové tvorbě přelomu 30. a 40. let ve střední Evropě.</p>
<p>Konstrukce je postavena na pevném dřevěném rámu s krásnou kresbou dřeva, který byl ponechán v původním odstínu a doplněn novým čalouněním. To bylo zvoleno tak, aby s křeslem přirozeně ladilo a podtrhlo jeho charakter, aniž by ho přebilo. Vzor působí v reálu tlumeněji než na fotografiích a celek tak zůstává klidný a vyvážený.</p>
<p>Masivní provedení, kvalitní zpracování i proporce naznačují, že se jedná o kus vyšší řady své doby, kde se spojovala estetika s důrazem na dlouhou životnost. Typologicky se blíží produkci kvalitních středoevropských výrobců, kde se často potkával design s nadstandardním řemeslným zpracováním.</p>
<p>Stav: po celkové renovaci<br />
Rozměry<br />
Výška: 82 cm<br />
Šířka: 66 cm<br />
Hloubka: 82 cm<br />
Výška sedáku: 45 cm, bez druhého polštáře 30 cm<br />
Hloubka sedáku: 58 cm</p>
<p>&nbsp;</p>

<p>Robustní, přitom elegantně tvarované křeslo s výraznými područkami a hlubokým, pohodlným sedem, které na první pohled působí jako kus z</p>
