{"id":35836,"date":"2026-04-01T13:43:42","date_gmt":"2026-04-01T11:43:42","guid":{"rendered":"https:\/\/eterle.cz\/eshop\/produkt\/konferencni-stul-chlebo\/"},"modified":"2026-04-01T13:53:29","modified_gmt":"2026-04-01T11:53:29","slug":"konferencni-stul-chlebo","status":"publish","type":"product","link":"https:\/\/eterle.cz\/eshop\/produkt\/konferencni-stul-chlebo\/","title":{"rendered":"Konferen\u010dn\u00ed st\u016fl \/ Chlebo"},"content":{"rendered":"<p>Stolek, kter\u00fd stoj\u00ed na pomez\u00ed funkce a architektury. P\u0159esn\u00fd, \u010dist\u00fd a vizu\u00e1ln\u011b lehk\u00fd \u2013 typick\u00fd p\u0159\u00edklad modernistick\u00e9ho uva\u017eov\u00e1n\u00ed, kde ka\u017ed\u00fd detail m\u00e1 sv\u00e9 m\u00edsto.<br \/>\nN\u00e1vrh slovensk\u00e9ho design\u00e9ra Viliama Chleba pro podnik MH Kodreta Myjava, sou\u010d\u00e1st kolekce z p\u0159elomu 70. a 80. let, kter\u00e1 spojila funk\u010dnost, estetiku i technologickou \u00faspornost. Typick\u00fdm znakem je konstrukce z oh\u00fdban\u00e9 ocelov\u00e9 trubky bez pou\u017eit\u00ed svar\u016f \u2013 promy\u0161len\u00e9 \u0159e\u0161en\u00ed, kter\u00e9 umo\u017enilo efektivn\u00ed v\u00fdrobu i snadnou dopravu. Tato kolekce se rychle roz\u0161\u00ed\u0159ila do administrativn\u00edch i reprezentativn\u00edch interi\u00e9r\u016f po cel\u00e9m \u010ceskoslovensku a dodnes pat\u0159\u00ed k v\u00fdrazn\u00fdm p\u0159\u00edklad\u016fm tehdej\u0161\u00edho designu.<br \/>\nKontrast ocelov\u00e9 konstrukce a tmav\u00e9 desky vytv\u00e1\u0159\u00ed vyv\u00e1\u017een\u00fd celek, kter\u00fd p\u016fsob\u00ed nad\u010dasov\u011b a velmi sou\u010dasn\u011b i dnes. P\u016fvodn\u00ed sklen\u011bn\u00e1 deska se nedochovala a byla nahrazena d\u0159ev\u011bnou, mo\u0159enou do \u010derna.<\/p>\n<p>Stav: perfektn\u00ed, chrom ve velmi dobr\u00e9m stavu<br \/>\nZna\u010dka: Viliam Chlebo<br \/>\nRozm\u011bry<br \/>\nV\u00fd\u0161ka: 55 cm<br \/>\n\u0160\u00ed\u0159ka: 75 cm<br \/>\nHloubka: 75 cm<\/p>\n<p>&nbsp;<\/p>\n","protected":false},"excerpt":{"rendered":"<p>Stolek, kter\u00fd stoj\u00ed na pomez\u00ed funkce a architektury. P\u0159esn\u00fd, \u010dist\u00fd a vizu\u00e1ln\u011b lehk\u00fd \u2013 typick\u00fd p\u0159\u00edklad modernistick\u00e9ho uva\u017eov\u00e1n\u00ed, kde ka\u017ed\u00fd<\/p>\n","protected":false},"featured_media":35838,"template":"","meta":[],"product_brand":[],"product_cat":[95,130,124],"product_tag":[],"class_list":{"0":"post-35836","1":"product","2":"type-product","3":"status-publish","4":"has-post-thumbnail","6":"product_cat-novinky","7":"product_cat-nabytek","8":"product_cat-stoly","9":"product_shipping_class-nadrozmerne","11":"first","12":"instock","13":"purchasable","14":"product-type-simple"},"_links":{"self":[{"href":"https:\/\/eterle.cz\/eshop\/wp-json\/wp\/v2\/product\/35836","targetHints":{"allow":["GET"]}}],"collection":[{"href":"https:\/\/eterle.cz\/eshop\/wp-json\/wp\/v2\/product"}],"about":[{"href":"https:\/\/eterle.cz\/eshop\/wp-json\/wp\/v2\/types\/product"}],"version-history":[{"count":1,"href":"https:\/\/eterle.cz\/eshop\/wp-json\/wp\/v2\/product\/35836\/revisions"}],"predecessor-version":[{"id":35837,"href":"https:\/\/eterle.cz\/eshop\/wp-json\/wp\/v2\/product\/35836\/revisions\/35837"}],"wp:featuredmedia":[{"embeddable":true,"href":"https:\/\/eterle.cz\/eshop\/wp-json\/wp\/v2\/media\/35838"}],"wp:attachment":[{"href":"https:\/\/eterle.cz\/eshop\/wp-json\/wp\/v2\/media?parent=35836"}],"wp:term":[{"taxonomy":"product_brand","embeddable":true,"href":"https:\/\/eterle.cz\/eshop\/wp-json\/wp\/v2\/product_brand?post=35836"},{"taxonomy":"product_cat","embeddable":true,"href":"https:\/\/eterle.cz\/eshop\/wp-json\/wp\/v2\/product_cat?post=35836"},{"taxonomy":"product_tag","embeddable":true,"href":"https:\/\/eterle.cz\/eshop\/wp-json\/wp\/v2\/product_tag?post=35836"}],"curies":[{"name":"wp","href":"https:\/\/api.w.org\/{rel}","templated":true}]}}

Konferenční stůl / Chlebo

<p>Stolek, který stojí na pomezí funkce a architektury. Přesný, čistý a vizuálně lehký – typický příklad modernistického uvažování, kde každý detail má své místo.<br />
Návrh slovenského designéra Viliama Chleba pro podnik MH Kodreta Myjava, součást kolekce z přelomu 70. a 80. let, která spojila funkčnost, estetiku i technologickou úspornost. Typickým znakem je konstrukce z ohýbané ocelové trubky bez použití svarů – promyšlené řešení, které umožnilo efektivní výrobu i snadnou dopravu. Tato kolekce se rychle rozšířila do administrativních i reprezentativních interiérů po celém Československu a dodnes patří k výrazným příkladům tehdejšího designu.<br />
Kontrast ocelové konstrukce a tmavé desky vytváří vyvážený celek, který působí nadčasově a velmi současně i dnes. Původní skleněná deska se nedochovala a byla nahrazena dřevěnou, mořenou do černa.</p>
<p>Stav: perfektní, chrom ve velmi dobrém stavu<br />
Značka: Viliam Chlebo<br />
Rozměry<br />
Výška: 55 cm<br />
Šířka: 75 cm<br />
Hloubka: 75 cm</p>
<p>&nbsp;</p>

<p>Stolek, který stojí na pomezí funkce a architektury. Přesný, čistý a vizuálně lehký – typický příklad modernistického uvažování, kde každý</p>
