{"id":35920,"date":"2026-04-01T13:46:32","date_gmt":"2026-04-01T11:46:32","guid":{"rendered":"https:\/\/eterle.cz\/eshop\/produkt\/konferencni-stolek-zlaty\/"},"modified":"2026-04-01T13:53:28","modified_gmt":"2026-04-01T11:53:28","slug":"konferencni-stolek-zlaty","status":"publish","type":"product","link":"https:\/\/eterle.cz\/eshop\/produkt\/konferencni-stolek-zlaty\/","title":{"rendered":"Konferen\u010dn\u00ed stolek zlat\u00fd"},"content":{"rendered":"<p>Konferen\u010dn\u00ed stolek z obdob\u00ed 70. a 80. let, kter\u00fd pracuje s kontrastem leskl\u00e9ho kovu a kou\u0159ov\u00e9ho skla. Konstrukce s jemn\u011b zaoblen\u00fdmi liniemi p\u016fsob\u00ed lehce, ale z\u00e1rove\u0148 dostate\u010dn\u011b v\u00fdrazn\u011b. Kompaktn\u00ed rozm\u011br z n\u011bj d\u011bl\u00e1 ide\u00e1ln\u00ed odkl\u00e1dac\u00ed stolek ke k\u0159eslu nebo do prostoru, kde nen\u00ed pot\u0159eba dominantn\u00ed n\u00e1bytek. Pr\u00e1v\u011b jeho subtilnost a kombinace materi\u00e1l\u016f jsou t\u00edm, co ho \u010din\u00ed vizu\u00e1ln\u011b zaj\u00edmav\u00fdm. Typov\u011b vych\u00e1z\u00ed z estetiky z\u00e1padoevropsk\u00e9ho designu sv\u00e9 doby, kde se d\u016fraz p\u0159esouv\u00e1 od dekoru k \u010dist\u00e9 form\u011b a pr\u00e1ci s materi\u00e1lem.<\/p>\n<p>Stav: dobr\u00fd p\u016fvodn\u00ed, lehk\u00e9 od\u011brky na kovov\u00e9 zlat\u00e9 \u010d\u00e1sti<br \/>\nRozm\u011bry<br \/>\nV\u00fd\u0161ka: 36 cm<br \/>\n\u0160\u00ed\u0159ka: 51 cm<br \/>\nHloubka: 51 cm<\/p>\n<p>&nbsp;<\/p>\n","protected":false},"excerpt":{"rendered":"<p>Konferen\u010dn\u00ed stolek z obdob\u00ed 70. a 80. let, kter\u00fd pracuje s kontrastem leskl\u00e9ho kovu a kou\u0159ov\u00e9ho skla. Konstrukce s jemn\u011b<\/p>\n","protected":false},"featured_media":35922,"template":"","meta":[],"product_brand":[],"product_cat":[95,130,124],"product_tag":[],"class_list":{"0":"post-35920","1":"product","2":"type-product","3":"status-publish","4":"has-post-thumbnail","6":"product_cat-novinky","7":"product_cat-nabytek","8":"product_cat-stoly","9":"product_shipping_class-nadrozmerne","11":"first","12":"instock","13":"purchasable","14":"product-type-simple"},"_links":{"self":[{"href":"https:\/\/eterle.cz\/eshop\/wp-json\/wp\/v2\/product\/35920","targetHints":{"allow":["GET"]}}],"collection":[{"href":"https:\/\/eterle.cz\/eshop\/wp-json\/wp\/v2\/product"}],"about":[{"href":"https:\/\/eterle.cz\/eshop\/wp-json\/wp\/v2\/types\/product"}],"version-history":[{"count":1,"href":"https:\/\/eterle.cz\/eshop\/wp-json\/wp\/v2\/product\/35920\/revisions"}],"predecessor-version":[{"id":35921,"href":"https:\/\/eterle.cz\/eshop\/wp-json\/wp\/v2\/product\/35920\/revisions\/35921"}],"wp:featuredmedia":[{"embeddable":true,"href":"https:\/\/eterle.cz\/eshop\/wp-json\/wp\/v2\/media\/35922"}],"wp:attachment":[{"href":"https:\/\/eterle.cz\/eshop\/wp-json\/wp\/v2\/media?parent=35920"}],"wp:term":[{"taxonomy":"product_brand","embeddable":true,"href":"https:\/\/eterle.cz\/eshop\/wp-json\/wp\/v2\/product_brand?post=35920"},{"taxonomy":"product_cat","embeddable":true,"href":"https:\/\/eterle.cz\/eshop\/wp-json\/wp\/v2\/product_cat?post=35920"},{"taxonomy":"product_tag","embeddable":true,"href":"https:\/\/eterle.cz\/eshop\/wp-json\/wp\/v2\/product_tag?post=35920"}],"curies":[{"name":"wp","href":"https:\/\/api.w.org\/{rel}","templated":true}]}}