{"id":35929,"date":"2026-04-01T13:46:50","date_gmt":"2026-04-01T11:46:50","guid":{"rendered":"https:\/\/eterle.cz\/eshop\/produkt\/barovy-pojizdny-stolek\/"},"modified":"2026-04-01T13:53:28","modified_gmt":"2026-04-01T11:53:28","slug":"barovy-pojizdny-stolek","status":"publish","type":"product","link":"https:\/\/eterle.cz\/eshop\/produkt\/barovy-pojizdny-stolek\/","title":{"rendered":"Barov\u00fd poj\u00edzdn\u00fd stolek"},"content":{"rendered":"<p>Serv\u00edrovac\u00ed stolek z masivn\u00edho d\u0159eva z obdob\u00ed 60. a 70. let, kter\u00fd v sob\u011b spojuje prakti\u010dnost s v\u00fdraznou kresbou materi\u00e1lu. T\u0159\u00edpatrov\u00e1 konstrukce nab\u00edz\u00ed dostatek prostoru pro serv\u00edrov\u00e1n\u00ed, ulo\u017een\u00ed i ka\u017edodenn\u00ed vyu\u017eit\u00ed v interi\u00e9ru.<br \/>\nHorn\u00ed plato je \u0159e\u0161eno jako m\u00edrn\u011b zapu\u0161t\u011bn\u00fd t\u00e1c s okrajem, spodn\u00ed police pak poskytuj\u00ed stabiln\u00ed z\u00e1zem\u00ed pro sklo, lahve nebo knihy. Celek dopl\u0148uj\u00ed p\u016fvodn\u00ed kole\u010dka, d\u00edky kter\u00fdm je stolek snadno mobiln\u00ed a p\u0159irozen\u011b reaguje na pot\u0159eby prostoru.<br \/>\nTypick\u00fd kus \u010deskoslovensk\u00e9 produkce 60. a 70. let, kde vynik\u00e1 pr\u00e1ce s masivem a d\u016fraz na funk\u010dn\u00ed detail. D\u00edky sv\u00e9mu charakteru funguje nejen jako barov\u00fd stolek, ale i jako odkl\u00e1dac\u00ed nebo men\u0161\u00ed solit\u00e9r v interi\u00e9ru.<br \/>\nKus, kter\u00fd si zachov\u00e1v\u00e1 sv\u016fj p\u016fvodn\u00ed charakter a patinu, ale z\u00e1rove\u0148 je pln\u011b p\u0159ipraven\u00fd pro sou\u010dasn\u00e9 pou\u017eit\u00ed.<\/p>\n<p>Stav: dobr\u00fd p\u016fvodn\u00ed, jen na doln\u00ed polici kola od vody<br \/>\nRozm\u011bry<br \/>\nV\u00fd\u0161ka: 71 cm<br \/>\n\u0160\u00ed\u0159ka: 52 cm<br \/>\nHloubka: 40 cm<\/p>\n<p>&nbsp;<\/p>\n","protected":false},"excerpt":{"rendered":"<p>Serv\u00edrovac\u00ed stolek z masivn\u00edho d\u0159eva z obdob\u00ed 60. a 70. let, kter\u00fd v sob\u011b spojuje prakti\u010dnost s v\u00fdraznou kresbou materi\u00e1lu.<\/p>\n","protected":false},"featured_media":35931,"template":"","meta":[],"product_brand":[],"product_cat":[95,130,124],"product_tag":[],"class_list":{"0":"post-35929","1":"product","2":"type-product","3":"status-publish","4":"has-post-thumbnail","6":"product_cat-novinky","7":"product_cat-nabytek","8":"product_cat-stoly","9":"product_shipping_class-nadrozmerne","11":"first","12":"instock","13":"purchasable","14":"product-type-simple"},"_links":{"self":[{"href":"https:\/\/eterle.cz\/eshop\/wp-json\/wp\/v2\/product\/35929","targetHints":{"allow":["GET"]}}],"collection":[{"href":"https:\/\/eterle.cz\/eshop\/wp-json\/wp\/v2\/product"}],"about":[{"href":"https:\/\/eterle.cz\/eshop\/wp-json\/wp\/v2\/types\/product"}],"version-history":[{"count":1,"href":"https:\/\/eterle.cz\/eshop\/wp-json\/wp\/v2\/product\/35929\/revisions"}],"predecessor-version":[{"id":35930,"href":"https:\/\/eterle.cz\/eshop\/wp-json\/wp\/v2\/product\/35929\/revisions\/35930"}],"wp:featuredmedia":[{"embeddable":true,"href":"https:\/\/eterle.cz\/eshop\/wp-json\/wp\/v2\/media\/35931"}],"wp:attachment":[{"href":"https:\/\/eterle.cz\/eshop\/wp-json\/wp\/v2\/media?parent=35929"}],"wp:term":[{"taxonomy":"product_brand","embeddable":true,"href":"https:\/\/eterle.cz\/eshop\/wp-json\/wp\/v2\/product_brand?post=35929"},{"taxonomy":"product_cat","embeddable":true,"href":"https:\/\/eterle.cz\/eshop\/wp-json\/wp\/v2\/product_cat?post=35929"},{"taxonomy":"product_tag","embeddable":true,"href":"https:\/\/eterle.cz\/eshop\/wp-json\/wp\/v2\/product_tag?post=35929"}],"curies":[{"name":"wp","href":"https:\/\/api.w.org\/{rel}","templated":true}]}}

Barový pojízdný stolek

<p>Servírovací stolek z masivního dřeva z období 60. a 70. let, který v sobě spojuje praktičnost s výraznou kresbou materiálu. Třípatrová konstrukce nabízí dostatek prostoru pro servírování, uložení i každodenní využití v interiéru.<br />
Horní plato je řešeno jako mírně zapuštěný tác s okrajem, spodní police pak poskytují stabilní zázemí pro sklo, lahve nebo knihy. Celek doplňují původní kolečka, díky kterým je stolek snadno mobilní a přirozeně reaguje na potřeby prostoru.<br />
Typický kus československé produkce 60. a 70. let, kde vyniká práce s masivem a důraz na funkční detail. Díky svému charakteru funguje nejen jako barový stolek, ale i jako odkládací nebo menší solitér v interiéru.<br />
Kus, který si zachovává svůj původní charakter a patinu, ale zároveň je plně připravený pro současné použití.</p>
<p>Stav: dobrý původní, jen na dolní polici kola od vody<br />
Rozměry<br />
Výška: 71 cm<br />
Šířka: 52 cm<br />
Hloubka: 40 cm</p>
<p>&nbsp;</p>

<p>Servírovací stolek z masivního dřeva z období 60. a 70. let, který v sobě spojuje praktičnost s výraznou kresbou materiálu.</p>
