{"id":35938,"date":"2026-04-01T13:47:08","date_gmt":"2026-04-01T11:47:08","guid":{"rendered":"https:\/\/eterle.cz\/eshop\/produkt\/konferencni-zlaty-stolek-italie-70-leta\/"},"modified":"2026-04-01T13:53:28","modified_gmt":"2026-04-01T11:53:28","slug":"konferencni-zlaty-stolek-italie-70-leta","status":"publish","type":"product","link":"https:\/\/eterle.cz\/eshop\/produkt\/konferencni-zlaty-stolek-italie-70-leta\/","title":{"rendered":"Konferen\u010dn\u00ed zlat\u00fd stolek \/ It\u00e1lie 70. l\u00e9ta"},"content":{"rendered":"<p>Elegantn\u00ed konferen\u010dn\u00ed stolek s konstrukc\u00ed z le\u0161t\u011bn\u00e9 mosazi a kou\u0159ovou sklen\u011bnou deskou, jeho\u017e tvar vych\u00e1z\u00ed z italsk\u00e9ho glamour designu 70. let. M\u011bkce zaoblen\u00e9 linie a plynul\u00e9 napojen\u00ed nohou na r\u00e1m odkazuj\u00ed na estetiku, kterou ve sv\u00e9 tvorb\u011b rozv\u00edjel nap\u0159\u00edklad Romeo Rega \u2013 kombinaci technick\u00e9 preciznosti a dekorativn\u00ed elegance.<br \/>\nMosazn\u00e1 konstrukce p\u016fsob\u00ed subtiln\u011b, ale z\u00e1rove\u0148 dod\u00e1v\u00e1 celku v\u00fdraznou vizu\u00e1ln\u00ed v\u00e1hu. V kontrastu s n\u00ed stoj\u00ed kou\u0159ov\u00e9 sklo, kter\u00e9 lehce \u201eustupuje do pozad\u00ed\u201c a nech\u00e1v\u00e1 vyniknout samotnou formu. Celek tak p\u016fsob\u00ed vyv\u00e1\u017een\u011b, klidn\u011b a nad\u010dasov\u011b.<br \/>\nTento typ n\u00e1bytku byl navrhov\u00e1n jako sou\u010d\u00e1st reprezentativn\u00edch interi\u00e9r\u016f \u2013 d\u016fraz je zde kladen nejen na funkci, ale i na materi\u00e1l a detail. Pr\u00e1v\u011b kvalita zpracov\u00e1n\u00ed a \u010distota lini\u00ed odli\u0161uj\u00ed tyto kusy od b\u011b\u017en\u00e9 produkce.<br \/>\nMosaz v pr\u016fb\u011bhu \u010dasu z\u00edsk\u00e1v\u00e1 p\u0159irozenou patinu, kter\u00e1 stolku dod\u00e1v\u00e1 hloubku a autenticitu.<br \/>\nTypick\u00fd p\u0159edstavitel italsk\u00e9ho glamour designu, kter\u00fd dnes znovu z\u00edsk\u00e1v\u00e1 pozornost sb\u011bratel\u016f i architekt\u016f.<\/p>\n<p>Stav: dobr\u00fd p\u016fvodn\u00ed, m\u00edsty drobn\u00e9 \u0161kr\u00e1bance na kovu<br \/>\nRozm\u011bry<br \/>\nV\u00fd\u0161ka: 39 cm<br \/>\nD\u00e9lka: 137 cm<br \/>\nHloubka: 61 cm<\/p>\n<p>&nbsp;<\/p>\n","protected":false},"excerpt":{"rendered":"<p>Elegantn\u00ed konferen\u010dn\u00ed stolek s konstrukc\u00ed z le\u0161t\u011bn\u00e9 mosazi a kou\u0159ovou sklen\u011bnou deskou, jeho\u017e tvar vych\u00e1z\u00ed z italsk\u00e9ho glamour designu 70.<\/p>\n","protected":false},"featured_media":35940,"template":"","meta":[],"product_brand":[],"product_cat":[95,130,124],"product_tag":[],"class_list":{"0":"post-35938","1":"product","2":"type-product","3":"status-publish","4":"has-post-thumbnail","6":"product_cat-novinky","7":"product_cat-nabytek","8":"product_cat-stoly","9":"product_shipping_class-nadrozmerne","11":"first","12":"instock","13":"purchasable","14":"product-type-simple"},"_links":{"self":[{"href":"https:\/\/eterle.cz\/eshop\/wp-json\/wp\/v2\/product\/35938","targetHints":{"allow":["GET"]}}],"collection":[{"href":"https:\/\/eterle.cz\/eshop\/wp-json\/wp\/v2\/product"}],"about":[{"href":"https:\/\/eterle.cz\/eshop\/wp-json\/wp\/v2\/types\/product"}],"version-history":[{"count":1,"href":"https:\/\/eterle.cz\/eshop\/wp-json\/wp\/v2\/product\/35938\/revisions"}],"predecessor-version":[{"id":35939,"href":"https:\/\/eterle.cz\/eshop\/wp-json\/wp\/v2\/product\/35938\/revisions\/35939"}],"wp:featuredmedia":[{"embeddable":true,"href":"https:\/\/eterle.cz\/eshop\/wp-json\/wp\/v2\/media\/35940"}],"wp:attachment":[{"href":"https:\/\/eterle.cz\/eshop\/wp-json\/wp\/v2\/media?parent=35938"}],"wp:term":[{"taxonomy":"product_brand","embeddable":true,"href":"https:\/\/eterle.cz\/eshop\/wp-json\/wp\/v2\/product_brand?post=35938"},{"taxonomy":"product_cat","embeddable":true,"href":"https:\/\/eterle.cz\/eshop\/wp-json\/wp\/v2\/product_cat?post=35938"},{"taxonomy":"product_tag","embeddable":true,"href":"https:\/\/eterle.cz\/eshop\/wp-json\/wp\/v2\/product_tag?post=35938"}],"curies":[{"name":"wp","href":"https:\/\/api.w.org\/{rel}","templated":true}]}}

Konferenční zlatý stolek / Itálie 70. léta

<p>Elegantní konferenční stolek s konstrukcí z leštěné mosazi a kouřovou skleněnou deskou, jehož tvar vychází z italského glamour designu 70. let. Měkce zaoblené linie a plynulé napojení nohou na rám odkazují na estetiku, kterou ve své tvorbě rozvíjel například Romeo Rega – kombinaci technické preciznosti a dekorativní elegance.<br />
Mosazná konstrukce působí subtilně, ale zároveň dodává celku výraznou vizuální váhu. V kontrastu s ní stojí kouřové sklo, které lehce „ustupuje do pozadí“ a nechává vyniknout samotnou formu. Celek tak působí vyváženě, klidně a nadčasově.<br />
Tento typ nábytku byl navrhován jako součást reprezentativních interiérů – důraz je zde kladen nejen na funkci, ale i na materiál a detail. Právě kvalita zpracování a čistota linií odlišují tyto kusy od běžné produkce.<br />
Mosaz v průběhu času získává přirozenou patinu, která stolku dodává hloubku a autenticitu.<br />
Typický představitel italského glamour designu, který dnes znovu získává pozornost sběratelů i architektů.</p>
<p>Stav: dobrý původní, místy drobné škrábance na kovu<br />
Rozměry<br />
Výška: 39 cm<br />
Délka: 137 cm<br />
Hloubka: 61 cm</p>
<p>&nbsp;</p>

<p>Elegantní konferenční stolek s konstrukcí z leštěné mosazi a kouřovou skleněnou deskou, jehož tvar vychází z italského glamour designu 70.</p>
