{"id":35948,"date":"2026-04-01T13:47:29","date_gmt":"2026-04-01T11:47:29","guid":{"rendered":"https:\/\/eterle.cz\/eshop\/produkt\/hnizdove-stolky-4\/"},"modified":"2026-04-01T13:53:28","modified_gmt":"2026-04-01T11:53:28","slug":"hnizdove-stolky-4","status":"publish","type":"product","link":"https:\/\/eterle.cz\/eshop\/produkt\/hnizdove-stolky-4\/","title":{"rendered":"Hn\u00edzdov\u00e9 stolky"},"content":{"rendered":"<p>Set t\u0159\u00ed hn\u00edzdov\u00fdch stolk\u016f v duchu 70. let, kde se snoub\u00ed lehkost konstrukce s v\u00fdrazem materi\u00e1lu.<br \/>\nKonstrukce z mosazn\u011b t\u00f3novan\u00e9ho kovu je tvarov\u00e1na do jemn\u011b zaoblen\u00fdch lini\u00ed, kter\u00e9 p\u016fsob\u00ed elegantn\u011b a sou\u010dasn\u011b nen\u00e1padn\u011b r\u00e1muj\u00ed sklen\u011bn\u00e9 desky v kou\u0159ov\u00e9m odst\u00ednu. Pr\u00e1v\u011b kombinace kovu a t\u00f3novan\u00e9ho skla byla v t\u00e9to dob\u011b typick\u00e1 pro interi\u00e9ry inspirovan\u00e9 stylem Hollywood Regency.<br \/>\nJednotliv\u00e9 stolky lze zasouvat do sebe, \u010d\u00edm\u017e vytv\u00e1\u0159ej\u00ed kompaktn\u00ed celek, nebo je naopak rozlo\u017eit v prostoru podle pot\u0159eby. D\u00edky tomu funguj\u00ed jak jako praktick\u00fd prvek, tak jako vizu\u00e1ln\u011b zaj\u00edmav\u00e1 kompozice.<br \/>\nPodobn\u00e9 kusy se objevovaly v produkci evropsk\u00fdch v\u00fdrobc\u016f 70. let, \u010dasto s inspirac\u00ed francouzsk\u00fdm a italsk\u00fdm designem t\u00e9 doby.<\/p>\n<p>Stav: dobr\u00fd p\u016fvodn\u00ed<br \/>\nRozm\u011bry<br \/>\nV\u00fd\u0161ka: 37, 33, 33,5 cm<br \/>\n\u0160\u00ed\u0159ka: 53,5, 43,5, 33,5 cm<br \/>\nHloubka u v\u0161ech: 33,5 cm<\/p>\n<p>&nbsp;<\/p>\n","protected":false},"excerpt":{"rendered":"<p>Set t\u0159\u00ed hn\u00edzdov\u00fdch stolk\u016f v duchu 70. let, kde se snoub\u00ed lehkost konstrukce s v\u00fdrazem materi\u00e1lu. Konstrukce z mosazn\u011b t\u00f3novan\u00e9ho<\/p>\n","protected":false},"featured_media":35950,"template":"","meta":[],"product_brand":[],"product_cat":[95,130,124],"product_tag":[],"class_list":{"0":"post-35948","1":"product","2":"type-product","3":"status-publish","4":"has-post-thumbnail","6":"product_cat-novinky","7":"product_cat-nabytek","8":"product_cat-stoly","9":"product_shipping_class-nadrozmerne","11":"first","12":"instock","13":"purchasable","14":"product-type-simple"},"_links":{"self":[{"href":"https:\/\/eterle.cz\/eshop\/wp-json\/wp\/v2\/product\/35948","targetHints":{"allow":["GET"]}}],"collection":[{"href":"https:\/\/eterle.cz\/eshop\/wp-json\/wp\/v2\/product"}],"about":[{"href":"https:\/\/eterle.cz\/eshop\/wp-json\/wp\/v2\/types\/product"}],"version-history":[{"count":1,"href":"https:\/\/eterle.cz\/eshop\/wp-json\/wp\/v2\/product\/35948\/revisions"}],"predecessor-version":[{"id":35949,"href":"https:\/\/eterle.cz\/eshop\/wp-json\/wp\/v2\/product\/35948\/revisions\/35949"}],"wp:featuredmedia":[{"embeddable":true,"href":"https:\/\/eterle.cz\/eshop\/wp-json\/wp\/v2\/media\/35950"}],"wp:attachment":[{"href":"https:\/\/eterle.cz\/eshop\/wp-json\/wp\/v2\/media?parent=35948"}],"wp:term":[{"taxonomy":"product_brand","embeddable":true,"href":"https:\/\/eterle.cz\/eshop\/wp-json\/wp\/v2\/product_brand?post=35948"},{"taxonomy":"product_cat","embeddable":true,"href":"https:\/\/eterle.cz\/eshop\/wp-json\/wp\/v2\/product_cat?post=35948"},{"taxonomy":"product_tag","embeddable":true,"href":"https:\/\/eterle.cz\/eshop\/wp-json\/wp\/v2\/product_tag?post=35948"}],"curies":[{"name":"wp","href":"https:\/\/api.w.org\/{rel}","templated":true}]}}