{"id":35966,"date":"2026-04-01T13:48:04","date_gmt":"2026-04-01T11:48:04","guid":{"rendered":"https:\/\/eterle.cz\/eshop\/produkt\/35966\/"},"modified":"2026-04-09T19:49:29","modified_gmt":"2026-04-09T17:49:29","slug":"35966","status":"publish","type":"product","link":"https:\/\/eterle.cz\/eshop\/produkt\/35966\/","title":{"rendered":"V\u00edce\u00farov\u0148ov\u00fd lustr"},"content":{"rendered":"<p>V\u00fdrazn\u00fd z\u00e1v\u011bsn\u00fd lustr, kter\u00fd zaujme svou bohatou, t\u00e9m\u011b\u0159 socha\u0159skou kompozic\u00ed sklen\u011bn\u00fdch koul\u00ed. Jejich jemn\u011b strukturovan\u00fd povrch zachycuje sv\u011btlo v tepl\u00fdch t\u00f3nech a vytv\u00e1\u0159\u00ed m\u011bkkou, p\u0159\u00edjemnou atmosf\u00e9ru, kter\u00e1 se prom\u011b\u0148uje podle \u00fahlu pohledu i intenzity osv\u011btlen\u00ed.<\/p>\n<p>Sklen\u011bn\u00e9 prvky jsou zav\u011b\u0161eny na dlouh\u00fdch, \u0161t\u00edhl\u00fdch prvc\u00edch v mosazn\u00e9m odst\u00ednu, kter\u00e9 dod\u00e1vaj\u00ed celku lehkost a vertik\u00e1ln\u00ed rytmus. Ve spodn\u00ed \u010d\u00e1sti se jednotliv\u00e9 objemy p\u0159irozen\u011b sb\u00edhaj\u00ed do kompaktn\u00edho celku, kter\u00fd p\u016fsob\u00ed vyv\u00e1\u017een\u011b a klidn\u011b, p\u0159esto v\u0161ak dostate\u010dn\u011b v\u00fdrazn\u011b.<\/p>\n<p>Celek nese rukopis evropsk\u00e9ho designu 60. a 70. let, kdy se d\u016fraz na funkci za\u010dal dopl\u0148ovat o dekorativn\u011bj\u0161\u00ed, reprezentativn\u00ed v\u00fdraz. Tento lustr tak nep\u016fsob\u00ed jen jako zdroj sv\u011btla, ale jako dominantn\u00ed prvek prostoru \u2013 ide\u00e1ln\u00ed do interi\u00e9ru, kde m\u00e1 b\u00fdt vid\u011bt.<\/p>\n<p>Stav: dobr\u00fd, ob\u010dasn\u00e9 zn\u00e1mky koroze na kovov\u00fdch \u010d\u00e1stech, elektroinstalace p\u016fvodn\u00ed, funk\u010dn\u00ed<br \/>\nRozm\u011br<br \/>\nD\u00e9lka: 135 cm<br \/>\nCelkov\u00fd pr\u016fm\u011br: 50 cm<br \/>\nSt\u00ednidla 3 pr\u016fm\u011bry: 15 cm, 19 cm, 24 cm<\/p>\n<p>&nbsp;<\/p>\n","protected":false},"excerpt":{"rendered":"<p>V\u00fdrazn\u00fd z\u00e1v\u011bsn\u00fd lustr, kter\u00fd zaujme svou bohatou, t\u00e9m\u011b\u0159 socha\u0159skou kompozic\u00ed sklen\u011bn\u00fdch koul\u00ed. Jejich jemn\u011b strukturovan\u00fd povrch zachycuje sv\u011btlo v tepl\u00fdch<\/p>\n","protected":false},"featured_media":35968,"template":"","meta":[],"product_brand":[],"product_cat":[95,79,140],"product_tag":[],"class_list":{"0":"post-35966","1":"product","2":"type-product","3":"status-publish","4":"has-post-thumbnail","6":"product_cat-novinky","7":"product_cat-svetla","8":"product_cat-lustry","9":"product_shipping_class-nadrozmerne","11":"first","12":"instock","13":"purchasable","14":"product-type-simple"},"_links":{"self":[{"href":"https:\/\/eterle.cz\/eshop\/wp-json\/wp\/v2\/product\/35966","targetHints":{"allow":["GET"]}}],"collection":[{"href":"https:\/\/eterle.cz\/eshop\/wp-json\/wp\/v2\/product"}],"about":[{"href":"https:\/\/eterle.cz\/eshop\/wp-json\/wp\/v2\/types\/product"}],"version-history":[{"count":3,"href":"https:\/\/eterle.cz\/eshop\/wp-json\/wp\/v2\/product\/35966\/revisions"}],"predecessor-version":[{"id":36195,"href":"https:\/\/eterle.cz\/eshop\/wp-json\/wp\/v2\/product\/35966\/revisions\/36195"}],"wp:featuredmedia":[{"embeddable":true,"href":"https:\/\/eterle.cz\/eshop\/wp-json\/wp\/v2\/media\/35968"}],"wp:attachment":[{"href":"https:\/\/eterle.cz\/eshop\/wp-json\/wp\/v2\/media?parent=35966"}],"wp:term":[{"taxonomy":"product_brand","embeddable":true,"href":"https:\/\/eterle.cz\/eshop\/wp-json\/wp\/v2\/product_brand?post=35966"},{"taxonomy":"product_cat","embeddable":true,"href":"https:\/\/eterle.cz\/eshop\/wp-json\/wp\/v2\/product_cat?post=35966"},{"taxonomy":"product_tag","embeddable":true,"href":"https:\/\/eterle.cz\/eshop\/wp-json\/wp\/v2\/product_tag?post=35966"}],"curies":[{"name":"wp","href":"https:\/\/api.w.org\/{rel}","templated":true}]}}

Víceúrovňový lustr

<p>Výrazný závěsný lustr, který zaujme svou bohatou, téměř sochařskou kompozicí skleněných koulí. Jejich jemně strukturovaný povrch zachycuje světlo v teplých tónech a vytváří měkkou, příjemnou atmosféru, která se proměňuje podle úhlu pohledu i intenzity osvětlení.</p>
<p>Skleněné prvky jsou zavěšeny na dlouhých, štíhlých prvcích v mosazném odstínu, které dodávají celku lehkost a vertikální rytmus. Ve spodní části se jednotlivé objemy přirozeně sbíhají do kompaktního celku, který působí vyváženě a klidně, přesto však dostatečně výrazně.</p>
<p>Celek nese rukopis evropského designu 60. a 70. let, kdy se důraz na funkci začal doplňovat o dekorativnější, reprezentativní výraz. Tento lustr tak nepůsobí jen jako zdroj světla, ale jako dominantní prvek prostoru – ideální do interiéru, kde má být vidět.</p>
<p>Stav: dobrý, občasné známky koroze na kovových částech, elektroinstalace původní, funkční<br />
Rozměr<br />
Délka: 135 cm<br />
Celkový průměr: 50 cm<br />
Stínidla 3 průměry: 15 cm, 19 cm, 24 cm</p>
<p>&nbsp;</p>

<p>Výrazný závěsný lustr, který zaujme svou bohatou, téměř sochařskou kompozicí skleněných koulí. Jejich jemně strukturovaný povrch zachycuje světlo v teplých</p>
