{"id":36204,"date":"2026-04-09T23:47:56","date_gmt":"2026-04-09T21:47:56","guid":{"rendered":"https:\/\/eterle.cz\/eshop\/produkt\/porcelanova-vaza-bavaria-3\/"},"modified":"2026-04-13T22:45:16","modified_gmt":"2026-04-13T20:45:16","slug":"porcelanova-vaza-bavaria-3","status":"publish","type":"product","link":"https:\/\/eterle.cz\/eshop\/produkt\/porcelanova-vaza-bavaria-3\/","title":{"rendered":"Porcel\u00e1nov\u00e1 v\u00e1za \/ Bavaria"},"content":{"rendered":"<p>Porcel\u00e1nov\u00e1 v\u00e1za z produkce Bavaria s bohat\u0161\u00edm kv\u011btinov\u00fdm dekorem, dopln\u011bn\u00fdm zlat\u00fdmi detaily a v\u00fdrazn\u011bj\u0161\u00ed modrou bordurou v horn\u00ed \u010d\u00e1sti. Dekor je \u017eiv\u00fd a barevn\u00fd, ale d\u00edky klasick\u00e9mu z\u00e1kladu nep\u016fsob\u00ed p\u0159ehnan\u011b \u2013 naopak p\u0159in\u00e1\u0161\u00ed do interi\u00e9ru jasn\u00fd akcent.<\/p>\n<p>Tvar je velmi praktick\u00fd pro v\u011bt\u0161\u00ed aran\u017eov\u00e1n\u00ed. V\u00e1za dob\u0159e dr\u017e\u00ed objemn\u011bj\u0161\u00ed kytice a zvl\u00e1dne i drobn\u011bj\u0161\u00ed v\u011btve, kter\u00e9 se v n\u00ed p\u0159irozen\u011b rozlo\u017e\u00ed.<\/p>\n<p>Je to kus, kter\u00fd se neboj\u00ed b\u00fdt vid\u011bt \u2013 ide\u00e1ln\u00ed na st\u016fl nebo komodu, kde m\u016f\u017ee fungovat jako v\u00fdrazn\u011bj\u0161\u00ed, ale st\u00e1le vkusn\u00fd prvek.<\/p>\n<p>Stav: velmi dobr\u00fd<br \/>\nZna\u010dka: Bavaria<br \/>\nRozm\u011br<br \/>\nV\u00fd\u0161ka: 26 cm<br \/>\nPr\u016fm\u011br otvoru: 9,5 cm<\/p>\n<p>&nbsp;<\/p>\n","protected":false},"excerpt":{"rendered":"<p>Porcel\u00e1nov\u00e1 v\u00e1za z produkce Bavaria s bohat\u0161\u00edm kv\u011btinov\u00fdm dekorem, dopln\u011bn\u00fdm zlat\u00fdmi detaily a v\u00fdrazn\u011bj\u0161\u00ed modrou bordurou v horn\u00ed \u010d\u00e1sti. Dekor<\/p>\n","protected":false},"featured_media":36206,"template":"","meta":[],"product_brand":[],"product_cat":[95,94],"product_tag":[],"class_list":{"0":"post-36204","1":"product","2":"type-product","3":"status-publish","4":"has-post-thumbnail","6":"product_cat-novinky","7":"product_cat-vazy","9":"first","10":"instock","11":"purchasable","12":"product-type-simple"},"_links":{"self":[{"href":"https:\/\/eterle.cz\/eshop\/wp-json\/wp\/v2\/product\/36204","targetHints":{"allow":["GET"]}}],"collection":[{"href":"https:\/\/eterle.cz\/eshop\/wp-json\/wp\/v2\/product"}],"about":[{"href":"https:\/\/eterle.cz\/eshop\/wp-json\/wp\/v2\/types\/product"}],"version-history":[{"count":1,"href":"https:\/\/eterle.cz\/eshop\/wp-json\/wp\/v2\/product\/36204\/revisions"}],"predecessor-version":[{"id":36205,"href":"https:\/\/eterle.cz\/eshop\/wp-json\/wp\/v2\/product\/36204\/revisions\/36205"}],"wp:featuredmedia":[{"embeddable":true,"href":"https:\/\/eterle.cz\/eshop\/wp-json\/wp\/v2\/media\/36206"}],"wp:attachment":[{"href":"https:\/\/eterle.cz\/eshop\/wp-json\/wp\/v2\/media?parent=36204"}],"wp:term":[{"taxonomy":"product_brand","embeddable":true,"href":"https:\/\/eterle.cz\/eshop\/wp-json\/wp\/v2\/product_brand?post=36204"},{"taxonomy":"product_cat","embeddable":true,"href":"https:\/\/eterle.cz\/eshop\/wp-json\/wp\/v2\/product_cat?post=36204"},{"taxonomy":"product_tag","embeddable":true,"href":"https:\/\/eterle.cz\/eshop\/wp-json\/wp\/v2\/product_tag?post=36204"}],"curies":[{"name":"wp","href":"https:\/\/api.w.org\/{rel}","templated":true}]}}