{"id":36230,"date":"2026-04-09T23:48:54","date_gmt":"2026-04-09T21:48:54","guid":{"rendered":"https:\/\/eterle.cz\/eshop\/produkt\/porcelanova-vaza-rosenthal-12\/"},"modified":"2026-04-13T22:45:16","modified_gmt":"2026-04-13T20:45:16","slug":"porcelanova-vaza-rosenthal-12","status":"publish","type":"product","link":"https:\/\/eterle.cz\/eshop\/produkt\/porcelanova-vaza-rosenthal-12\/","title":{"rendered":"Porcel\u00e1nov\u00e1 v\u00e1za \/ Rosenthal"},"content":{"rendered":"<p>Designov\u00e1 porcel\u00e1nov\u00e1 v\u00e1za z produkce Rosenthal podle n\u00e1vrhu Tapio Wirkkaly z konce 70. let. Typick\u00fd \u201epytlov\u00fd\u201c tvar vych\u00e1z\u00ed z motivu zma\u010dkan\u00e9ho pap\u00edrov\u00e9ho s\u00e1\u010dku, kter\u00fd je p\u0159eveden do porcel\u00e1nu s a\u017e socha\u0159skou lehkost\u00ed.<\/p>\n<p>Rosenthal Studio Line byla platformou pro spolupr\u00e1ci s p\u0159edn\u00edmi design\u00e9ry sv\u00e9 doby a tento model pat\u0159\u00ed mezi jejich nejikoni\u010dt\u011bj\u0161\u00ed realizace. V\u00e1za nestoj\u00ed na dekoru, ale na samotn\u00e9m n\u00e1padu a pr\u00e1ci s formou.<\/p>\n<p>Drobn\u00e9 po\u0161kozen\u00ed na okraji nijak neru\u0161\u00ed jej\u00ed celkov\u00fd v\u00fdraz a neub\u00edr\u00e1 na jej\u00ed osobitosti.<\/p>\n<p>Stav: dobr\u00fd, 1 cm o\u0165uk\/prasklian na okraji &#8211; viz foto<br \/>\nZna\u010dka: Rosenthal<br \/>\nRozm\u011br<br \/>\nV\u00fd\u0161ka: 28<br \/>\nRozm\u011br otvoru: 16 cm x 8,5 cm (v nej\u0161ir\u0161\u00edm m\u00edst\u011b)<\/p>\n<p>&nbsp;<\/p>\n","protected":false},"excerpt":{"rendered":"<p>Designov\u00e1 porcel\u00e1nov\u00e1 v\u00e1za z produkce Rosenthal podle n\u00e1vrhu Tapio Wirkkaly z konce 70. let. Typick\u00fd \u201epytlov\u00fd\u201c tvar vych\u00e1z\u00ed z motivu<\/p>\n","protected":false},"featured_media":36232,"template":"","meta":[],"product_brand":[],"product_cat":[95,94],"product_tag":[],"class_list":{"0":"post-36230","1":"product","2":"type-product","3":"status-publish","4":"has-post-thumbnail","6":"product_cat-novinky","7":"product_cat-vazy","9":"first","10":"instock","11":"purchasable","12":"product-type-simple"},"_links":{"self":[{"href":"https:\/\/eterle.cz\/eshop\/wp-json\/wp\/v2\/product\/36230","targetHints":{"allow":["GET"]}}],"collection":[{"href":"https:\/\/eterle.cz\/eshop\/wp-json\/wp\/v2\/product"}],"about":[{"href":"https:\/\/eterle.cz\/eshop\/wp-json\/wp\/v2\/types\/product"}],"version-history":[{"count":1,"href":"https:\/\/eterle.cz\/eshop\/wp-json\/wp\/v2\/product\/36230\/revisions"}],"predecessor-version":[{"id":36231,"href":"https:\/\/eterle.cz\/eshop\/wp-json\/wp\/v2\/product\/36230\/revisions\/36231"}],"wp:featuredmedia":[{"embeddable":true,"href":"https:\/\/eterle.cz\/eshop\/wp-json\/wp\/v2\/media\/36232"}],"wp:attachment":[{"href":"https:\/\/eterle.cz\/eshop\/wp-json\/wp\/v2\/media?parent=36230"}],"wp:term":[{"taxonomy":"product_brand","embeddable":true,"href":"https:\/\/eterle.cz\/eshop\/wp-json\/wp\/v2\/product_brand?post=36230"},{"taxonomy":"product_cat","embeddable":true,"href":"https:\/\/eterle.cz\/eshop\/wp-json\/wp\/v2\/product_cat?post=36230"},{"taxonomy":"product_tag","embeddable":true,"href":"https:\/\/eterle.cz\/eshop\/wp-json\/wp\/v2\/product_tag?post=36230"}],"curies":[{"name":"wp","href":"https:\/\/api.w.org\/{rel}","templated":true}]}}