{"id":36255,"date":"2026-04-09T23:49:45","date_gmt":"2026-04-09T21:49:45","guid":{"rendered":"https:\/\/eterle.cz\/eshop\/produkt\/porcleanova-vaza-rosenthal\/"},"modified":"2026-04-13T22:45:15","modified_gmt":"2026-04-13T20:45:15","slug":"porcleanova-vaza-rosenthal","status":"publish","type":"product","link":"https:\/\/eterle.cz\/eshop\/produkt\/porcleanova-vaza-rosenthal\/","title":{"rendered":"Porcle\u00e1nov\u00e1 v\u00e1za \/ Rosenthal"},"content":{"rendered":"<p>Porcel\u00e1nov\u00e1 v\u00e1za z produkce Rosenthal v jemn\u00e9m smetanov\u00e9m, off-white odst\u00ednu. Tvar je pln\u00fd a zaoblen\u00fd, s klidnou, vyv\u00e1\u017eenou siluetou, kter\u00e1 p\u016fsob\u00ed velmi p\u0159irozen\u011b.<\/p>\n<p>Pr\u00e1v\u011b barevnost ji odli\u0161uje od klasick\u00e9 b\u00edl\u00e9 \u2013 je m\u011bk\u010d\u00ed, teplej\u0161\u00ed a snadno se kombinuje s r\u016fzn\u00fdmi typy interi\u00e9r\u016f. V\u00e1za tak nep\u016fsob\u00ed chladn\u011b, ale naopak vn\u00e1\u0161\u00ed do prostoru klidn\u00fd, kultivovan\u00fd akcent.<\/p>\n<p>D\u00edky \u0161ir\u0161\u00edmu hrdlu dob\u0159e funguje i s voln\u011bj\u0161\u00edm aran\u017em\u00e1, nap\u0159\u00edklad s v\u011btvemi nebo objemn\u011bj\u0161\u00edmi kyticemi.<\/p>\n<p>Stav: velmi dobr\u00fd<br \/>\nZna\u010dka: Rosenthal<br \/>\nRozm\u011br<br \/>\nV\u00fd\u0161ka: 30 cm<br \/>\nPr\u016fm\u011br otvoru: 6,5 cm<\/p>\n<p>&nbsp;<\/p>\n","protected":false},"excerpt":{"rendered":"<p>Porcel\u00e1nov\u00e1 v\u00e1za z produkce Rosenthal v jemn\u00e9m smetanov\u00e9m, off-white odst\u00ednu. Tvar je pln\u00fd a zaoblen\u00fd, s klidnou, vyv\u00e1\u017eenou siluetou, kter\u00e1<\/p>\n","protected":false},"featured_media":36257,"template":"","meta":[],"product_brand":[],"product_cat":[95,94],"product_tag":[],"class_list":{"0":"post-36255","1":"product","2":"type-product","3":"status-publish","4":"has-post-thumbnail","6":"product_cat-novinky","7":"product_cat-vazy","9":"first","10":"instock","11":"purchasable","12":"product-type-simple"},"_links":{"self":[{"href":"https:\/\/eterle.cz\/eshop\/wp-json\/wp\/v2\/product\/36255","targetHints":{"allow":["GET"]}}],"collection":[{"href":"https:\/\/eterle.cz\/eshop\/wp-json\/wp\/v2\/product"}],"about":[{"href":"https:\/\/eterle.cz\/eshop\/wp-json\/wp\/v2\/types\/product"}],"version-history":[{"count":1,"href":"https:\/\/eterle.cz\/eshop\/wp-json\/wp\/v2\/product\/36255\/revisions"}],"predecessor-version":[{"id":36256,"href":"https:\/\/eterle.cz\/eshop\/wp-json\/wp\/v2\/product\/36255\/revisions\/36256"}],"wp:featuredmedia":[{"embeddable":true,"href":"https:\/\/eterle.cz\/eshop\/wp-json\/wp\/v2\/media\/36257"}],"wp:attachment":[{"href":"https:\/\/eterle.cz\/eshop\/wp-json\/wp\/v2\/media?parent=36255"}],"wp:term":[{"taxonomy":"product_brand","embeddable":true,"href":"https:\/\/eterle.cz\/eshop\/wp-json\/wp\/v2\/product_brand?post=36255"},{"taxonomy":"product_cat","embeddable":true,"href":"https:\/\/eterle.cz\/eshop\/wp-json\/wp\/v2\/product_cat?post=36255"},{"taxonomy":"product_tag","embeddable":true,"href":"https:\/\/eterle.cz\/eshop\/wp-json\/wp\/v2\/product_tag?post=36255"}],"curies":[{"name":"wp","href":"https:\/\/api.w.org\/{rel}","templated":true}]}}