{"id":36617,"date":"2026-04-21T21:44:16","date_gmt":"2026-04-21T19:44:16","guid":{"rendered":"https:\/\/eterle.cz\/eshop\/produkt\/kreslo-po-renovaci-jirak\/"},"modified":"2026-04-21T22:00:55","modified_gmt":"2026-04-21T20:00:55","slug":"kreslo-po-renovaci-jirak","status":"publish","type":"product","link":"https:\/\/eterle.cz\/eshop\/produkt\/kreslo-po-renovaci-jirak\/","title":{"rendered":"K\u0159eslo po renovaci \/ Jir\u00e1k"},"content":{"rendered":"<p>\u010caloun\u011bn\u00e9 k\u0159eslo z 60. let, pravd\u011bpodobn\u011b model z produkce Tatra Pravenec navr\u017een\u00fd Franti\u0161kem Jir\u00e1kem.<\/p>\n<p>Typick\u00fdm znakem je odleh\u010den\u00e1 konstrukce s tenk\u00fdmi, m\u00edrn\u011b \u0161ikm\u00fdmi nohami a subtiln\u011b tvarovan\u00fdmi podru\u010dkami, kter\u00e9 kontrastuj\u00ed s pln\u011bj\u0161\u00edm \u010daloun\u011bn\u00edm sed\u00e1ku a op\u011br\u00e1ku.Tvar odpov\u00edd\u00e1 prom\u011bn\u011b designu 60. let, kdy se n\u00e1bytek odleh\u010duje, pracuje s proporc\u00ed a p\u0159irozen\u011b zapad\u00e1 i do sou\u010dasn\u00fdch interi\u00e9r\u016f. D\u00edky tomu k\u0159eslo funguje velmi dob\u0159e jako solit\u00e9r, ale i jako sou\u010d\u00e1st v\u011bt\u0161\u00edho sezen\u00ed.<\/p>\n<p>N\u00e1vrh je p\u0159ipisov\u00e1n Franti\u0161ku Jir\u00e1kovi, jeho\u017e pr\u00e1ce pro Tatra Pravenec pat\u0159\u00ed k tomu nejlep\u0161\u00edmu z tehdej\u0161\u00ed produkce \u2013 nen\u00e1padn\u011b promy\u0161len\u00fd design, kter\u00fd stoj\u00ed na kvalit\u011b proporc\u00ed a pohodl\u00ed.<\/p>\n<p>Stav: po celkov\u00e9 renovaci, pod sed\u00e1kem je p\u0159ekli\u017eka<br \/>\nZna\u010dka: Franti\u0161ek Jir\u00e1k, Tatra Pravenec<br \/>\nRozm\u011br<br \/>\nV\u00fd\u0161ka: 78 cm<br \/>\n\u0160\u00ed\u0159ka: 60 cm<br \/>\nV\u00fd\u0161ka sed\u00e1ku: 49 cm<br \/>\nHloubka: 80 cm<\/p>\n<p>&nbsp;<\/p>\n","protected":false},"excerpt":{"rendered":"<p>\u010caloun\u011bn\u00e9 k\u0159eslo z 60. let, pravd\u011bpodobn\u011b model z produkce Tatra Pravenec navr\u017een\u00fd Franti\u0161kem Jir\u00e1kem. Typick\u00fdm znakem je odleh\u010den\u00e1 konstrukce s<\/p>\n","protected":false},"featured_media":36619,"template":"","meta":[],"product_brand":[],"product_cat":[164,95,130],"product_tag":[],"class_list":{"0":"post-36617","1":"product","2":"type-product","3":"status-publish","4":"has-post-thumbnail","6":"product_cat-kresla","7":"product_cat-novinky","8":"product_cat-nabytek","9":"product_shipping_class-nadrozmerne","11":"first","12":"instock","13":"purchasable","14":"product-type-simple"},"_links":{"self":[{"href":"https:\/\/eterle.cz\/eshop\/wp-json\/wp\/v2\/product\/36617","targetHints":{"allow":["GET"]}}],"collection":[{"href":"https:\/\/eterle.cz\/eshop\/wp-json\/wp\/v2\/product"}],"about":[{"href":"https:\/\/eterle.cz\/eshop\/wp-json\/wp\/v2\/types\/product"}],"version-history":[{"count":1,"href":"https:\/\/eterle.cz\/eshop\/wp-json\/wp\/v2\/product\/36617\/revisions"}],"predecessor-version":[{"id":36618,"href":"https:\/\/eterle.cz\/eshop\/wp-json\/wp\/v2\/product\/36617\/revisions\/36618"}],"wp:featuredmedia":[{"embeddable":true,"href":"https:\/\/eterle.cz\/eshop\/wp-json\/wp\/v2\/media\/36619"}],"wp:attachment":[{"href":"https:\/\/eterle.cz\/eshop\/wp-json\/wp\/v2\/media?parent=36617"}],"wp:term":[{"taxonomy":"product_brand","embeddable":true,"href":"https:\/\/eterle.cz\/eshop\/wp-json\/wp\/v2\/product_brand?post=36617"},{"taxonomy":"product_cat","embeddable":true,"href":"https:\/\/eterle.cz\/eshop\/wp-json\/wp\/v2\/product_cat?post=36617"},{"taxonomy":"product_tag","embeddable":true,"href":"https:\/\/eterle.cz\/eshop\/wp-json\/wp\/v2\/product_tag?post=36617"}],"curies":[{"name":"wp","href":"https:\/\/api.w.org\/{rel}","templated":true}]}}

Křeslo po renovaci / Jirák

<p>Čalouněné křeslo z 60. let, pravděpodobně model z produkce Tatra Pravenec navržený Františkem Jirákem.</p>
<p>Typickým znakem je odlehčená konstrukce s tenkými, mírně šikmými nohami a subtilně tvarovanými područkami, které kontrastují s plnějším čalouněním sedáku a opěráku.Tvar odpovídá proměně designu 60. let, kdy se nábytek odlehčuje, pracuje s proporcí a přirozeně zapadá i do současných interiérů. Díky tomu křeslo funguje velmi dobře jako solitér, ale i jako součást většího sezení.</p>
<p>Návrh je připisován Františku Jirákovi, jehož práce pro Tatra Pravenec patří k tomu nejlepšímu z tehdejší produkce – nenápadně promyšlený design, který stojí na kvalitě proporcí a pohodlí.</p>
<p>Stav: po celkové renovaci, pod sedákem je překližka<br />
Značka: František Jirák, Tatra Pravenec<br />
Rozměr<br />
Výška: 78 cm<br />
Šířka: 60 cm<br />
Výška sedáku: 49 cm<br />
Hloubka: 80 cm</p>
<p>&nbsp;</p>

<p>Čalouněné křeslo z 60. let, pravděpodobně model z produkce Tatra Pravenec navržený Františkem Jirákem. Typickým znakem je odlehčená konstrukce s</p>
