{"id":36644,"date":"2026-04-21T21:45:15","date_gmt":"2026-04-21T19:45:15","guid":{"rendered":"https:\/\/eterle.cz\/eshop\/produkt\/kreslo-4\/"},"modified":"2026-04-21T22:00:55","modified_gmt":"2026-04-21T20:00:55","slug":"kreslo-4","status":"publish","type":"product","link":"https:\/\/eterle.cz\/eshop\/produkt\/kreslo-4\/","title":{"rendered":"K\u0159eslo"},"content":{"rendered":"<p>\u010caloun\u011bn\u00e9 k\u0159eslo s v\u00fdrazn\u011b tvarovan\u00fdmi podru\u010dkami z oh\u00fdban\u00e9ho d\u0159eva. Tvar vych\u00e1z\u00ed z dobov\u00e9 produkce 40. a 50. let minul\u00e9ho stolet\u00ed, ale p\u016fsob\u00ed pln\u011bji a robustn\u011bji ne\u017e subtiln\u011bj\u0161\u00ed funkcionalistick\u00e9 modely.<\/p>\n<p>K\u0159eslu dod\u00e1v\u00e1 charakter p\u0159edev\u0161\u00edm jeho silueta \u2013 v\u00fdrazn\u011b modelovan\u00e9 podru\u010dky a ni\u017e\u0161\u00ed, hlub\u0161\u00ed sed. Spolu s n\u00e1padn\u00fdm \u010daloun\u011bn\u00edm, t\u00e9m\u011b\u0159 tapis\u00e9riov\u00fdm dekorem, posouv\u00e1 k\u0159eslo sm\u011brem k dekorativn\u011bj\u0161\u00edmu pojet\u00ed a vytv\u00e1\u0159\u00ed kontrast k relativn\u011b st\u0159\u00eddm\u00e9 konstrukci. V\u00fdsledkem je kus, kter\u00fd nep\u016fsob\u00ed usedle, ale naopak m\u00e1 v\u00fdraz a osobitost.<\/p>\n<p>K\u0159eslo bude velmi dob\u0159e fungovat jako solit\u00e9r.<\/p>\n<p>Stav: v\u00fdborn\u00fd, p\u016fvodn\u00ed<br \/>\nRozm\u011br<br \/>\nV\u00fd\u0161ka: 80 cm<br \/>\n\u0160\u00ed\u0159ka: 70,5 cm<br \/>\nV\u00fd\u0161ka sed\u00e1ku: 33 cm<br \/>\nHloubka: 82 cm<\/p>\n<p>&nbsp;<\/p>\n","protected":false},"excerpt":{"rendered":"<p>\u010caloun\u011bn\u00e9 k\u0159eslo s v\u00fdrazn\u011b tvarovan\u00fdmi podru\u010dkami z oh\u00fdban\u00e9ho d\u0159eva. Tvar vych\u00e1z\u00ed z dobov\u00e9 produkce 40. a 50. let minul\u00e9ho stolet\u00ed,<\/p>\n","protected":false},"featured_media":36646,"template":"","meta":[],"product_brand":[],"product_cat":[164,95,130],"product_tag":[],"class_list":{"0":"post-36644","1":"product","2":"type-product","3":"status-publish","4":"has-post-thumbnail","6":"product_cat-kresla","7":"product_cat-novinky","8":"product_cat-nabytek","9":"product_shipping_class-nadrozmerne","11":"first","12":"instock","13":"purchasable","14":"product-type-simple"},"_links":{"self":[{"href":"https:\/\/eterle.cz\/eshop\/wp-json\/wp\/v2\/product\/36644","targetHints":{"allow":["GET"]}}],"collection":[{"href":"https:\/\/eterle.cz\/eshop\/wp-json\/wp\/v2\/product"}],"about":[{"href":"https:\/\/eterle.cz\/eshop\/wp-json\/wp\/v2\/types\/product"}],"version-history":[{"count":1,"href":"https:\/\/eterle.cz\/eshop\/wp-json\/wp\/v2\/product\/36644\/revisions"}],"predecessor-version":[{"id":36645,"href":"https:\/\/eterle.cz\/eshop\/wp-json\/wp\/v2\/product\/36644\/revisions\/36645"}],"wp:featuredmedia":[{"embeddable":true,"href":"https:\/\/eterle.cz\/eshop\/wp-json\/wp\/v2\/media\/36646"}],"wp:attachment":[{"href":"https:\/\/eterle.cz\/eshop\/wp-json\/wp\/v2\/media?parent=36644"}],"wp:term":[{"taxonomy":"product_brand","embeddable":true,"href":"https:\/\/eterle.cz\/eshop\/wp-json\/wp\/v2\/product_brand?post=36644"},{"taxonomy":"product_cat","embeddable":true,"href":"https:\/\/eterle.cz\/eshop\/wp-json\/wp\/v2\/product_cat?post=36644"},{"taxonomy":"product_tag","embeddable":true,"href":"https:\/\/eterle.cz\/eshop\/wp-json\/wp\/v2\/product_tag?post=36644"}],"curies":[{"name":"wp","href":"https:\/\/api.w.org\/{rel}","templated":true}]}}

Křeslo

<p>Čalouněné křeslo s výrazně tvarovanými područkami z ohýbaného dřeva. Tvar vychází z dobové produkce 40. a 50. let minulého století, ale působí plněji a robustněji než subtilnější funkcionalistické modely.</p>
<p>Křeslu dodává charakter především jeho silueta – výrazně modelované područky a nižší, hlubší sed. Spolu s nápadným čalouněním, téměř tapisériovým dekorem, posouvá křeslo směrem k dekorativnějšímu pojetí a vytváří kontrast k relativně střídmé konstrukci. Výsledkem je kus, který nepůsobí usedle, ale naopak má výraz a osobitost.</p>
<p>Křeslo bude velmi dobře fungovat jako solitér.</p>
<p>Stav: výborný, původní<br />
Rozměr<br />
Výška: 80 cm<br />
Šířka: 70,5 cm<br />
Výška sedáku: 33 cm<br />
Hloubka: 82 cm</p>
<p>&nbsp;</p>

<p>Čalouněné křeslo s výrazně tvarovanými područkami z ohýbaného dřeva. Tvar vychází z dobové produkce 40. a 50. let minulého století,</p>
