{"id":36693,"date":"2026-04-21T21:47:04","date_gmt":"2026-04-21T19:47:04","guid":{"rendered":"https:\/\/eterle.cz\/eshop\/produkt\/lustr-vahy\/"},"modified":"2026-04-21T21:59:41","modified_gmt":"2026-04-21T19:59:41","slug":"lustr-vahy","status":"publish","type":"product","link":"https:\/\/eterle.cz\/eshop\/produkt\/lustr-vahy\/","title":{"rendered":"Lustr &#8222;V\u00e1hy&#8220;"},"content":{"rendered":"<p>Z\u00e1v\u011bsn\u00e9 sv\u00edtidlo s dvojic\u00ed op\u00e1lov\u00fdch st\u00ednidel, kter\u00e9 na sebe upozorn\u00ed p\u0159edev\u0161\u00edm svou klidnou, vyv\u00e1\u017eenou kompozic\u00ed. Dv\u011b m\u011blk\u00e9 misky p\u016fsob\u00ed lehce a symetricky, jako by byly zav\u011b\u0161en\u00e9 v jemn\u00e9 rovnov\u00e1ze \u2013 pr\u00e1v\u011b tento detail m\u016f\u017ee p\u0159ipomenout star\u00e9 miskov\u00e9 v\u00e1hy.<br \/>\nZaj\u00edmav\u00fdm prvkem je i jejich odst\u00edn. M\u00edsto \u010dist\u011b b\u00edl\u00e9 maj\u00ed jemn\u011b vanilkov\u00fd t\u00f3n, kter\u00fd sv\u011btlo zjem\u0148uje a dod\u00e1v\u00e1 mu teplej\u0161\u00ed, p\u0159\u00edjemn\u011bj\u0161\u00ed charakter. V kombinaci s jednoduchou chromovou konstrukc\u00ed vznik\u00e1 celek typick\u00fd pro 70. l\u00e9ta, kdy se d\u016fraz kladl na \u010distotu formy a funk\u010dnost, dopln\u011bnou o jemn\u00fd v\u00fdraz materi\u00e1lu.<br \/>\nD\u00edky sv\u00e9 proporci i rozpt\u00fdlen\u00e9mu sv\u011btlu se sv\u00edtidlo velmi dob\u0159e hod\u00ed nad j\u00eddeln\u00ed st\u016fl, kde vytvo\u0159\u00ed p\u0159\u00edjemnou, neosl\u0148uj\u00edc\u00ed atmosf\u00e9ru. Z\u00e1rove\u0148 obstoj\u00ed i jako solit\u00e9r v klidn\u011bj\u0161\u00ed \u010d\u00e1sti interi\u00e9ru.<\/p>\n<p>Stav: nov\u00e1 elektroinstalace<br \/>\nRozm\u011br<br \/>\nCelkov\u00e1 v\u00fd\u0161ka: 69 cm<br \/>\nD\u00e9lka ty\u010de: 62 cm<br \/>\nP\u016fm\u011br: 57 cm<\/p>\n<p>&nbsp;<\/p>\n","protected":false},"excerpt":{"rendered":"<p>Z\u00e1v\u011bsn\u00e9 sv\u00edtidlo s dvojic\u00ed op\u00e1lov\u00fdch st\u00ednidel, kter\u00e9 na sebe upozorn\u00ed p\u0159edev\u0161\u00edm svou klidnou, vyv\u00e1\u017eenou kompozic\u00ed. Dv\u011b m\u011blk\u00e9 misky p\u016fsob\u00ed lehce<\/p>\n","protected":false},"featured_media":36695,"template":"","meta":[],"product_brand":[],"product_cat":[95,79,140],"product_tag":[],"class_list":{"0":"post-36693","1":"product","2":"type-product","3":"status-publish","4":"has-post-thumbnail","6":"product_cat-novinky","7":"product_cat-svetla","8":"product_cat-lustry","9":"product_shipping_class-nadrozmerne","11":"first","12":"instock","13":"purchasable","14":"product-type-simple"},"_links":{"self":[{"href":"https:\/\/eterle.cz\/eshop\/wp-json\/wp\/v2\/product\/36693","targetHints":{"allow":["GET"]}}],"collection":[{"href":"https:\/\/eterle.cz\/eshop\/wp-json\/wp\/v2\/product"}],"about":[{"href":"https:\/\/eterle.cz\/eshop\/wp-json\/wp\/v2\/types\/product"}],"version-history":[{"count":1,"href":"https:\/\/eterle.cz\/eshop\/wp-json\/wp\/v2\/product\/36693\/revisions"}],"predecessor-version":[{"id":36694,"href":"https:\/\/eterle.cz\/eshop\/wp-json\/wp\/v2\/product\/36693\/revisions\/36694"}],"wp:featuredmedia":[{"embeddable":true,"href":"https:\/\/eterle.cz\/eshop\/wp-json\/wp\/v2\/media\/36695"}],"wp:attachment":[{"href":"https:\/\/eterle.cz\/eshop\/wp-json\/wp\/v2\/media?parent=36693"}],"wp:term":[{"taxonomy":"product_brand","embeddable":true,"href":"https:\/\/eterle.cz\/eshop\/wp-json\/wp\/v2\/product_brand?post=36693"},{"taxonomy":"product_cat","embeddable":true,"href":"https:\/\/eterle.cz\/eshop\/wp-json\/wp\/v2\/product_cat?post=36693"},{"taxonomy":"product_tag","embeddable":true,"href":"https:\/\/eterle.cz\/eshop\/wp-json\/wp\/v2\/product_tag?post=36693"}],"curies":[{"name":"wp","href":"https:\/\/api.w.org\/{rel}","templated":true}]}}