{"id":36771,"date":"2026-04-21T21:49:57","date_gmt":"2026-04-21T19:49:57","guid":{"rendered":"https:\/\/eterle.cz\/eshop\/produkt\/lustr-koule-11\/"},"modified":"2026-04-21T21:59:40","modified_gmt":"2026-04-21T19:59:40","slug":"lustr-koule-11","status":"publish","type":"product","link":"https:\/\/eterle.cz\/eshop\/produkt\/lustr-koule-11\/","title":{"rendered":"Lustr koule"},"content":{"rendered":"<p>Jednoduch\u00e9 z\u00e1v\u011bsn\u00e9 sv\u00edtidlo s kulat\u00fdm st\u00ednidlem z op\u00e1lov\u00e9ho skla. Jemn\u00e1 plastick\u00e1 struktura dod\u00e1v\u00e1 jinak \u010dist\u00e9mu tvaru lehk\u00fd detail. Ide\u00e1ln\u00ed volba tam, kde je pot\u0159eba funk\u010dn\u00ed a nen\u00e1padn\u00e9 osv\u011btlen\u00ed \u2013 do chodby, men\u0161\u00ed m\u00edstnosti nebo jako dopl\u0148kov\u00e9 sv\u011btlo.<\/p>\n<p>Stav: nov\u00e1 elektroinstalace, pln\u011b funk\u010dn\u00ed<br \/>\nRozm\u011br<br \/>\nCelkov\u00e1 v\u00fd\u0161ka: 71 cm<br \/>\nD\u00e9lka ty\u010de: 47 cm<br \/>\nP\u016fm\u011br: 20 cm<\/p>\n<p>&nbsp;<\/p>\n","protected":false},"excerpt":{"rendered":"<p>Jednoduch\u00e9 z\u00e1v\u011bsn\u00e9 sv\u00edtidlo s kulat\u00fdm st\u00ednidlem z op\u00e1lov\u00e9ho skla. Jemn\u00e1 plastick\u00e1 struktura dod\u00e1v\u00e1 jinak \u010dist\u00e9mu tvaru lehk\u00fd detail. Ide\u00e1ln\u00ed volba<\/p>\n","protected":false},"featured_media":36773,"template":"","meta":[],"product_brand":[],"product_cat":[95,79,140],"product_tag":[],"class_list":{"0":"post-36771","1":"product","2":"type-product","3":"status-publish","4":"has-post-thumbnail","6":"product_cat-novinky","7":"product_cat-svetla","8":"product_cat-lustry","9":"product_shipping_class-nadrozmerne","11":"first","12":"instock","13":"purchasable","14":"product-type-simple"},"_links":{"self":[{"href":"https:\/\/eterle.cz\/eshop\/wp-json\/wp\/v2\/product\/36771","targetHints":{"allow":["GET"]}}],"collection":[{"href":"https:\/\/eterle.cz\/eshop\/wp-json\/wp\/v2\/product"}],"about":[{"href":"https:\/\/eterle.cz\/eshop\/wp-json\/wp\/v2\/types\/product"}],"version-history":[{"count":1,"href":"https:\/\/eterle.cz\/eshop\/wp-json\/wp\/v2\/product\/36771\/revisions"}],"predecessor-version":[{"id":36772,"href":"https:\/\/eterle.cz\/eshop\/wp-json\/wp\/v2\/product\/36771\/revisions\/36772"}],"wp:featuredmedia":[{"embeddable":true,"href":"https:\/\/eterle.cz\/eshop\/wp-json\/wp\/v2\/media\/36773"}],"wp:attachment":[{"href":"https:\/\/eterle.cz\/eshop\/wp-json\/wp\/v2\/media?parent=36771"}],"wp:term":[{"taxonomy":"product_brand","embeddable":true,"href":"https:\/\/eterle.cz\/eshop\/wp-json\/wp\/v2\/product_brand?post=36771"},{"taxonomy":"product_cat","embeddable":true,"href":"https:\/\/eterle.cz\/eshop\/wp-json\/wp\/v2\/product_cat?post=36771"},{"taxonomy":"product_tag","embeddable":true,"href":"https:\/\/eterle.cz\/eshop\/wp-json\/wp\/v2\/product_tag?post=36771"}],"curies":[{"name":"wp","href":"https:\/\/api.w.org\/{rel}","templated":true}]}}