{"id":36820,"date":"2026-04-21T21:51:47","date_gmt":"2026-04-21T19:51:47","guid":{"rendered":"https:\/\/eterle.cz\/eshop\/produkt\/lustr-malina-kamenicky-senov\/"},"modified":"2026-04-21T21:59:40","modified_gmt":"2026-04-21T19:59:40","slug":"lustr-malina-kamenicky-senov","status":"publish","type":"product","link":"https:\/\/eterle.cz\/eshop\/produkt\/lustr-malina-kamenicky-senov\/","title":{"rendered":"Lustr malina \/ kamenick\u00fd \u0160enov"},"content":{"rendered":"<p>Lustr tvo\u0159en\u00fd typick\u00fdmi sklen\u011bn\u00fdmi st\u00ednidly ve tvaru tzv. \u201emalin\u201c, kter\u00e9 pat\u0159\u00ed k ikonick\u00fdm prvk\u016fm designu 60. a 70. let min. stolet\u00ed. Plasticky tvarovan\u00e9 sklo vytv\u00e1\u0159\u00ed bohatou, t\u00e9m\u011b\u0159 \u0161perkovou strukturu, kter\u00e1 p\u016fsob\u00ed dekorativn\u011b i bez rozsv\u00edcen\u00ed.<\/p>\n<p>Stav: p\u016fvodn\u00ed elektroinstalace, pln\u011b funk\u010dn\u00ed<br \/>\nZna\u010dka: Kamenick\u00fd \u0160enov<br \/>\nRozm\u011br<br \/>\nCelkov\u00e1 v\u00fd\u0161ka: 63 cm<br \/>\nD\u00e9lka ty\u010de: 42 cm<br \/>\nP\u016fm\u011br: 48 cm<\/p>\n<p>&nbsp;<\/p>\n","protected":false},"excerpt":{"rendered":"<p>Lustr tvo\u0159en\u00fd typick\u00fdmi sklen\u011bn\u00fdmi st\u00ednidly ve tvaru tzv. \u201emalin\u201c, kter\u00e9 pat\u0159\u00ed k ikonick\u00fdm prvk\u016fm designu 60. a 70. let min.<\/p>\n","protected":false},"featured_media":36822,"template":"","meta":[],"product_brand":[],"product_cat":[95,79,140],"product_tag":[],"class_list":{"0":"post-36820","1":"product","2":"type-product","3":"status-publish","4":"has-post-thumbnail","6":"product_cat-novinky","7":"product_cat-svetla","8":"product_cat-lustry","9":"product_shipping_class-nadrozmerne","11":"first","12":"instock","13":"purchasable","14":"product-type-simple"},"_links":{"self":[{"href":"https:\/\/eterle.cz\/eshop\/wp-json\/wp\/v2\/product\/36820","targetHints":{"allow":["GET"]}}],"collection":[{"href":"https:\/\/eterle.cz\/eshop\/wp-json\/wp\/v2\/product"}],"about":[{"href":"https:\/\/eterle.cz\/eshop\/wp-json\/wp\/v2\/types\/product"}],"version-history":[{"count":1,"href":"https:\/\/eterle.cz\/eshop\/wp-json\/wp\/v2\/product\/36820\/revisions"}],"predecessor-version":[{"id":36821,"href":"https:\/\/eterle.cz\/eshop\/wp-json\/wp\/v2\/product\/36820\/revisions\/36821"}],"wp:featuredmedia":[{"embeddable":true,"href":"https:\/\/eterle.cz\/eshop\/wp-json\/wp\/v2\/media\/36822"}],"wp:attachment":[{"href":"https:\/\/eterle.cz\/eshop\/wp-json\/wp\/v2\/media?parent=36820"}],"wp:term":[{"taxonomy":"product_brand","embeddable":true,"href":"https:\/\/eterle.cz\/eshop\/wp-json\/wp\/v2\/product_brand?post=36820"},{"taxonomy":"product_cat","embeddable":true,"href":"https:\/\/eterle.cz\/eshop\/wp-json\/wp\/v2\/product_cat?post=36820"},{"taxonomy":"product_tag","embeddable":true,"href":"https:\/\/eterle.cz\/eshop\/wp-json\/wp\/v2\/product_tag?post=36820"}],"curies":[{"name":"wp","href":"https:\/\/api.w.org\/{rel}","templated":true}]}}