{"id":36870,"date":"2026-04-21T21:53:33","date_gmt":"2026-04-21T19:53:33","guid":{"rendered":"https:\/\/eterle.cz\/eshop\/produkt\/petiramenny-lustr\/"},"modified":"2026-04-21T21:58:54","modified_gmt":"2026-04-21T19:58:54","slug":"petiramenny-lustr","status":"publish","type":"product","link":"https:\/\/eterle.cz\/eshop\/produkt\/petiramenny-lustr\/","title":{"rendered":"P\u011btiramenn\u00fd lustr"},"content":{"rendered":"<p>Lustr z 50. let, nen\u00e1padn\u00fd na prvn\u00ed pohled, ale ve skute\u010dnosti velmi p\u0159\u00edjemn\u011b v\u00fdrazn\u00fd kus. Zaujme sv\u00fdm m\u011bkk\u00fdm, t\u00e9m\u011b\u0159 organick\u00fdm tvarem \u2013 sklen\u011bn\u00e9 misky s lehce zvln\u011bn\u00fdm profilem p\u016fsob\u00ed, jako by byly jemn\u011b modelovan\u00e9 rukou.<\/p>\n<p>Kombinace matn\u00e9ho kovu a op\u00e1lov\u00e9ho skla je st\u0159\u00eddm\u00e1, ale velmi funk\u010dn\u00ed. Kov dr\u017e\u00ed celek pohromad\u011b a nech\u00e1v\u00e1 vyniknout sklo, kter\u00e9 je tady hlavn\u00edm nositelem atmosf\u00e9ry.<\/p>\n<p>Ve vypnut\u00e9m stavu m\u00e1 sklo jemn\u00fd odst\u00edn \u201ebutter yellow\u201c, kter\u00fd p\u0159i rozsv\u00edcen\u00ed p\u0159ech\u00e1z\u00ed do v\u00fdrazn\u011bj\u0161\u00ed, teple \u017elut\u00e9. Sv\u011btlo je m\u011bkk\u00e9, rozpt\u00fdlen\u00e9 a p\u0159\u00edjemn\u011b h\u0159ejiv\u00e9 \u2013 p\u0159esn\u011b ten typ, kter\u00fd vytv\u00e1\u0159\u00ed klidnou, dom\u00e1c\u00ed atmosf\u00e9ru.<\/p>\n<p>Celek stoj\u00ed n\u011bkde na pomez\u00ed pozdn\u00edho funkcionalismu a dozn\u00edvaj\u00edc\u00ed dekorativnosti, ale nep\u016fsob\u00ed ani p\u0159\u00edsn\u011b, ani ok\u00e1zale. Sp\u00ed\u0161 p\u0159irozen\u011b a nad\u010dasov\u011b.<\/p>\n<p>Stav: nov\u00e1 elektroinstalace<br \/>\nRozm\u011br<br \/>\nCelkov\u00e1 v\u00fd\u0161ka: 49 cm<br \/>\nD\u00e9lka ty\u010de: 37 cm<br \/>\nP\u016fm\u011br: 70 cm<\/p>\n<p>&nbsp;<\/p>\n","protected":false},"excerpt":{"rendered":"<p>Lustr z 50. let, nen\u00e1padn\u00fd na prvn\u00ed pohled, ale ve skute\u010dnosti velmi p\u0159\u00edjemn\u011b v\u00fdrazn\u00fd kus. Zaujme sv\u00fdm m\u011bkk\u00fdm, t\u00e9m\u011b\u0159 organick\u00fdm<\/p>\n","protected":false},"featured_media":36872,"template":"","meta":[],"product_brand":[],"product_cat":[95,79,140],"product_tag":[],"class_list":{"0":"post-36870","1":"product","2":"type-product","3":"status-publish","4":"has-post-thumbnail","6":"product_cat-novinky","7":"product_cat-svetla","8":"product_cat-lustry","9":"product_shipping_class-nadrozmerne","11":"first","12":"instock","13":"purchasable","14":"product-type-simple"},"_links":{"self":[{"href":"https:\/\/eterle.cz\/eshop\/wp-json\/wp\/v2\/product\/36870","targetHints":{"allow":["GET"]}}],"collection":[{"href":"https:\/\/eterle.cz\/eshop\/wp-json\/wp\/v2\/product"}],"about":[{"href":"https:\/\/eterle.cz\/eshop\/wp-json\/wp\/v2\/types\/product"}],"version-history":[{"count":1,"href":"https:\/\/eterle.cz\/eshop\/wp-json\/wp\/v2\/product\/36870\/revisions"}],"predecessor-version":[{"id":36871,"href":"https:\/\/eterle.cz\/eshop\/wp-json\/wp\/v2\/product\/36870\/revisions\/36871"}],"wp:featuredmedia":[{"embeddable":true,"href":"https:\/\/eterle.cz\/eshop\/wp-json\/wp\/v2\/media\/36872"}],"wp:attachment":[{"href":"https:\/\/eterle.cz\/eshop\/wp-json\/wp\/v2\/media?parent=36870"}],"wp:term":[{"taxonomy":"product_brand","embeddable":true,"href":"https:\/\/eterle.cz\/eshop\/wp-json\/wp\/v2\/product_brand?post=36870"},{"taxonomy":"product_cat","embeddable":true,"href":"https:\/\/eterle.cz\/eshop\/wp-json\/wp\/v2\/product_cat?post=36870"},{"taxonomy":"product_tag","embeddable":true,"href":"https:\/\/eterle.cz\/eshop\/wp-json\/wp\/v2\/product_tag?post=36870"}],"curies":[{"name":"wp","href":"https:\/\/api.w.org\/{rel}","templated":true}]}}

Pětiramenný lustr

<p>Lustr z 50. let, nenápadný na první pohled, ale ve skutečnosti velmi příjemně výrazný kus. Zaujme svým měkkým, téměř organickým tvarem – skleněné misky s lehce zvlněným profilem působí, jako by byly jemně modelované rukou.</p>
<p>Kombinace matného kovu a opálového skla je střídmá, ale velmi funkční. Kov drží celek pohromadě a nechává vyniknout sklo, které je tady hlavním nositelem atmosféry.</p>
<p>Ve vypnutém stavu má sklo jemný odstín „butter yellow“, který při rozsvícení přechází do výraznější, teple žluté. Světlo je měkké, rozptýlené a příjemně hřejivé – přesně ten typ, který vytváří klidnou, domácí atmosféru.</p>
<p>Celek stojí někde na pomezí pozdního funkcionalismu a doznívající dekorativnosti, ale nepůsobí ani přísně, ani okázale. Spíš přirozeně a nadčasově.</p>
<p>Stav: nová elektroinstalace<br />
Rozměr<br />
Celková výška: 49 cm<br />
Délka tyče: 37 cm<br />
Půměr: 70 cm</p>
<p>&nbsp;</p>

<p>Lustr z 50. let, nenápadný na první pohled, ale ve skutečnosti velmi příjemně výrazný kus. Zaujme svým měkkým, téměř organickým</p>
