{"id":36878,"date":"2026-04-21T21:53:48","date_gmt":"2026-04-21T19:53:48","guid":{"rendered":"https:\/\/eterle.cz\/eshop\/produkt\/stojaci-lampa-10\/"},"modified":"2026-04-21T21:58:54","modified_gmt":"2026-04-21T19:58:54","slug":"stojaci-lampa-10","status":"publish","type":"product","link":"https:\/\/eterle.cz\/eshop\/produkt\/stojaci-lampa-10\/","title":{"rendered":"Stojac\u00ed lampa"},"content":{"rendered":"<p>Stojac\u00ed lampa z 60. let minul\u00e9ho stolet\u00ed v obl\u00edben\u00e9m bruselsk\u00e9m stylu. Vysok\u00e1 a elegantn\u00ed jako kv\u011btina se dv\u011bma stonky. Pravd\u011bpodobn\u011b poch\u00e1z\u00ed z proslul\u00e9 skl\u00e1\u0159sk\u00e9 oblasti Kamenick\u00fd \u0160enov, kter\u00e1 je zn\u00e1m\u00e1 precizn\u00edmi sv\u00edtidly i poctiv\u00fdm \u0159emeslem. Minimalistick\u00fd, a p\u0159itom poetick\u00fd dopln\u011bk do interi\u00e9ru, kter\u00fd bude ide\u00e1ln\u00edm spole\u010dn\u00edkem k ve\u010dern\u00ed \u010detb\u011b.<\/p>\n<p>Stav: p\u016fvodn\u00ed elektroinstalace &#8211; pln\u011b funk\u010dn\u00ed, uprost\u0159ed izolepa<br \/>\nRozm\u011br<br \/>\nCelkov\u00e1 v\u00fd\u0161ka: 154 cm<br \/>\n\u0160\u00ed\u0159ka sv\u011btla (obou st\u00ednidel): 62 cm<br \/>\nP\u016fm\u011br z\u00e1klady: 40 cm<\/p>\n<p>&nbsp;<\/p>\n","protected":false},"excerpt":{"rendered":"<p>Stojac\u00ed lampa z 60. let minul\u00e9ho stolet\u00ed v obl\u00edben\u00e9m bruselsk\u00e9m stylu. Vysok\u00e1 a elegantn\u00ed jako kv\u011btina se dv\u011bma stonky. Pravd\u011bpodobn\u011b<\/p>\n","protected":false},"featured_media":36880,"template":"","meta":[],"product_brand":[],"product_cat":[95,79,142],"product_tag":[],"class_list":{"0":"post-36878","1":"product","2":"type-product","3":"status-publish","4":"has-post-thumbnail","6":"product_cat-novinky","7":"product_cat-svetla","8":"product_cat-stojaci-lampy","9":"product_shipping_class-nadrozmerne","11":"first","12":"instock","13":"purchasable","14":"product-type-simple"},"_links":{"self":[{"href":"https:\/\/eterle.cz\/eshop\/wp-json\/wp\/v2\/product\/36878","targetHints":{"allow":["GET"]}}],"collection":[{"href":"https:\/\/eterle.cz\/eshop\/wp-json\/wp\/v2\/product"}],"about":[{"href":"https:\/\/eterle.cz\/eshop\/wp-json\/wp\/v2\/types\/product"}],"version-history":[{"count":1,"href":"https:\/\/eterle.cz\/eshop\/wp-json\/wp\/v2\/product\/36878\/revisions"}],"predecessor-version":[{"id":36879,"href":"https:\/\/eterle.cz\/eshop\/wp-json\/wp\/v2\/product\/36878\/revisions\/36879"}],"wp:featuredmedia":[{"embeddable":true,"href":"https:\/\/eterle.cz\/eshop\/wp-json\/wp\/v2\/media\/36880"}],"wp:attachment":[{"href":"https:\/\/eterle.cz\/eshop\/wp-json\/wp\/v2\/media?parent=36878"}],"wp:term":[{"taxonomy":"product_brand","embeddable":true,"href":"https:\/\/eterle.cz\/eshop\/wp-json\/wp\/v2\/product_brand?post=36878"},{"taxonomy":"product_cat","embeddable":true,"href":"https:\/\/eterle.cz\/eshop\/wp-json\/wp\/v2\/product_cat?post=36878"},{"taxonomy":"product_tag","embeddable":true,"href":"https:\/\/eterle.cz\/eshop\/wp-json\/wp\/v2\/product_tag?post=36878"}],"curies":[{"name":"wp","href":"https:\/\/api.w.org\/{rel}","templated":true}]}}