{"id":36885,"date":"2026-04-21T21:54:02","date_gmt":"2026-04-21T19:54:02","guid":{"rendered":"https:\/\/eterle.cz\/eshop\/produkt\/stojaci-lampa-dijkstra\/"},"modified":"2026-04-21T21:58:54","modified_gmt":"2026-04-21T19:58:54","slug":"stojaci-lampa-dijkstra","status":"publish","type":"product","link":"https:\/\/eterle.cz\/eshop\/produkt\/stojaci-lampa-dijkstra\/","title":{"rendered":"Stojac\u00ed lampa \/ Dijkstra"},"content":{"rendered":"<p>Sp\u00ed\u0161 objekt ne\u017e jen lampa. Neobvykl\u00e1 kompozice centr\u00e1ln\u00edho kovov\u00e9ho \u201etal\u00ed\u0159e\u201c, op\u00e1lov\u00e9ho skla a trojice bo\u010dn\u00edch sv\u011bteln\u00fdch bod\u016f vytv\u00e1\u0159\u00ed v\u00fdrazn\u00fd celek, kter\u00fd okam\u017eit\u011b p\u0159it\u00e1hne pozornost.<\/p>\n<p>Lampa poch\u00e1z\u00ed z produkce nizozemsk\u00e9 zna\u010dky Dijkstra Lampen, pro kterou byla v 70. letech charakteristick\u00e1 pr\u00e1ce s kombinac\u00ed kovu, skla a d\u0159eva. Sklen\u011bn\u00e9 st\u00ednidlo m\u00e1 tlumen\u00fd okrov\u011b-slonovinov\u00fd odst\u00edn, kter\u00fd p\u016fsob\u00ed klidn\u011b a p\u0159irozen\u011b a dob\u0159e kontrastuje s chladn\u011bj\u0161\u00edm kovem konstrukce.<\/p>\n<p>Celek m\u00e1 lehce futuristick\u00fd v\u00fdraz, ale nep\u016fsob\u00ed chladn\u011b \u2013 technick\u00fd z\u00e1klad vyva\u017euje m\u011bkk\u00e9 sklo i d\u0159ev\u011bn\u00fd prvek ve stojin\u011b. Lampa tak funguje nejen jako zdroj sv\u011btla, ale i jako v\u00fdrazn\u00fd solit\u00e9r v interi\u00e9ru.<\/p>\n<p>Stav: p\u016fvodn\u00ed elektroinstalace &#8211; pln\u011b funk\u010dn\u00ed<br \/>\nZna\u010dkla: Dijkstra lampen<br \/>\nRozm\u011br<br \/>\nCelkov\u00e1 v\u00fd\u0161ka: 164 cm<br \/>\nPr\u016fm\u011br z\u00e1kladny: 27 cm<br \/>\nP\u016fm\u011br: 30 cm<\/p>\n<p>&nbsp;<\/p>\n","protected":false},"excerpt":{"rendered":"<p>Sp\u00ed\u0161 objekt ne\u017e jen lampa. Neobvykl\u00e1 kompozice centr\u00e1ln\u00edho kovov\u00e9ho \u201etal\u00ed\u0159e\u201c, op\u00e1lov\u00e9ho skla a trojice bo\u010dn\u00edch sv\u011bteln\u00fdch bod\u016f vytv\u00e1\u0159\u00ed v\u00fdrazn\u00fd celek,<\/p>\n","protected":false},"featured_media":36887,"template":"","meta":[],"product_brand":[],"product_cat":[95,79,142],"product_tag":[],"class_list":{"0":"post-36885","1":"product","2":"type-product","3":"status-publish","4":"has-post-thumbnail","6":"product_cat-novinky","7":"product_cat-svetla","8":"product_cat-stojaci-lampy","9":"product_shipping_class-nadrozmerne","11":"first","12":"instock","13":"purchasable","14":"product-type-simple"},"_links":{"self":[{"href":"https:\/\/eterle.cz\/eshop\/wp-json\/wp\/v2\/product\/36885","targetHints":{"allow":["GET"]}}],"collection":[{"href":"https:\/\/eterle.cz\/eshop\/wp-json\/wp\/v2\/product"}],"about":[{"href":"https:\/\/eterle.cz\/eshop\/wp-json\/wp\/v2\/types\/product"}],"version-history":[{"count":1,"href":"https:\/\/eterle.cz\/eshop\/wp-json\/wp\/v2\/product\/36885\/revisions"}],"predecessor-version":[{"id":36886,"href":"https:\/\/eterle.cz\/eshop\/wp-json\/wp\/v2\/product\/36885\/revisions\/36886"}],"wp:featuredmedia":[{"embeddable":true,"href":"https:\/\/eterle.cz\/eshop\/wp-json\/wp\/v2\/media\/36887"}],"wp:attachment":[{"href":"https:\/\/eterle.cz\/eshop\/wp-json\/wp\/v2\/media?parent=36885"}],"wp:term":[{"taxonomy":"product_brand","embeddable":true,"href":"https:\/\/eterle.cz\/eshop\/wp-json\/wp\/v2\/product_brand?post=36885"},{"taxonomy":"product_cat","embeddable":true,"href":"https:\/\/eterle.cz\/eshop\/wp-json\/wp\/v2\/product_cat?post=36885"},{"taxonomy":"product_tag","embeddable":true,"href":"https:\/\/eterle.cz\/eshop\/wp-json\/wp\/v2\/product_tag?post=36885"}],"curies":[{"name":"wp","href":"https:\/\/api.w.org\/{rel}","templated":true}]}}

Stojací lampa / Dijkstra

<p>Spíš objekt než jen lampa. Neobvyklá kompozice centrálního kovového „talíře“, opálového skla a trojice bočních světelných bodů vytváří výrazný celek, který okamžitě přitáhne pozornost.</p>
<p>Lampa pochází z produkce nizozemské značky Dijkstra Lampen, pro kterou byla v 70. letech charakteristická práce s kombinací kovu, skla a dřeva. Skleněné stínidlo má tlumený okrově-slonovinový odstín, který působí klidně a přirozeně a dobře kontrastuje s chladnějším kovem konstrukce.</p>
<p>Celek má lehce futuristický výraz, ale nepůsobí chladně – technický základ vyvažuje měkké sklo i dřevěný prvek ve stojině. Lampa tak funguje nejen jako zdroj světla, ale i jako výrazný solitér v interiéru.</p>
<p>Stav: původní elektroinstalace &#8211; plně funkční<br />
Značkla: Dijkstra lampen<br />
Rozměr<br />
Celková výška: 164 cm<br />
Průměr základny: 27 cm<br />
Půměr: 30 cm</p>
<p>&nbsp;</p>

<p>Spíš objekt než jen lampa. Neobvyklá kompozice centrálního kovového „talíře“, opálového skla a trojice bočních světelných bodů vytváří výrazný celek,</p>
