{"id":36896,"date":"2026-04-21T21:54:26","date_gmt":"2026-04-21T19:54:26","guid":{"rendered":"https:\/\/eterle.cz\/eshop\/produkt\/stojaci-lampa-se-stoleckem\/"},"modified":"2026-04-21T21:58:54","modified_gmt":"2026-04-21T19:58:54","slug":"stojaci-lampa-se-stoleckem","status":"publish","type":"product","link":"https:\/\/eterle.cz\/eshop\/produkt\/stojaci-lampa-se-stoleckem\/","title":{"rendered":"Stojac\u00ed lampa se stole\u010dkem"},"content":{"rendered":"<p>Stojac\u00ed lampa z obdob\u00ed 20.\u201330. let, kter\u00e1 v sob\u011b nese eleganci ran\u00e9 moderny i n\u00e1znak luxusn\u00edho art deca. Chromovan\u00e1 konstrukce s obloukov\u00fdm ramenem p\u016fsob\u00ed lehce a technicky p\u0159esn\u011b, zat\u00edmco kulov\u00e9 op\u00e1lov\u00e9 st\u00ednidlo zm\u011bk\u010duje celek do p\u0159\u00edjemn\u00e9ho, rozpt\u00fdlen\u00e9ho sv\u011btla.<\/p>\n<p>Zaj\u00edmav\u00fdm detailem je odkl\u00e1dac\u00ed plocha a d\u0159ev\u011bn\u00e1 z\u00e1kladna s v\u00fdraznou kresbou d\u00fdhy, kter\u00e1 do jinak stroh\u00e9ho kovov\u00e9ho r\u00e1mu vn\u00e1\u0161\u00ed teplo a kontrast. Pr\u00e1v\u011b tahle kombinace \u2013 chladn\u00fd kov a \u017eiv\u00e9 d\u0159evo \u2013 je pro meziv\u00e1le\u010dn\u00fd design typick\u00e1.<\/p>\n<p>Je to kus, kter\u00fd funguje nejen jako sv\u011btlo, ale i jako solit\u00e9r. Hod\u00ed se do interi\u00e9r\u016f, kde se m\u00eds\u00ed modern\u00ed jednoduchost s vintage vrstvou \u2013 vedle k\u0159esla, k pohovce nebo jako tich\u00fd akcent v prostoru, kter\u00fd nepot\u0159ebuje mnoho, aby zaujal.<\/p>\n<p>Stav: elektroinstalace p\u016fvodn\u00ed, funk\u010dn\u00ed<br \/>\nRozm\u011br<br \/>\nCelkov\u00e1 v\u00fd\u0161ka: 184 cm<br \/>\nPr\u016fm\u011br z\u00e1kladny: 39 cm<br \/>\nHloubka: 72 cm<\/p>\n<p>&nbsp;<\/p>\n","protected":false},"excerpt":{"rendered":"<p>Stojac\u00ed lampa z obdob\u00ed 20.\u201330. let, kter\u00e1 v sob\u011b nese eleganci ran\u00e9 moderny i n\u00e1znak luxusn\u00edho art deca. Chromovan\u00e1 konstrukce<\/p>\n","protected":false},"featured_media":36898,"template":"","meta":[],"product_brand":[],"product_cat":[95,79,142],"product_tag":[],"class_list":{"0":"post-36896","1":"product","2":"type-product","3":"status-publish","4":"has-post-thumbnail","6":"product_cat-novinky","7":"product_cat-svetla","8":"product_cat-stojaci-lampy","9":"product_shipping_class-nadrozmerne","11":"first","12":"instock","13":"purchasable","14":"product-type-simple"},"_links":{"self":[{"href":"https:\/\/eterle.cz\/eshop\/wp-json\/wp\/v2\/product\/36896","targetHints":{"allow":["GET"]}}],"collection":[{"href":"https:\/\/eterle.cz\/eshop\/wp-json\/wp\/v2\/product"}],"about":[{"href":"https:\/\/eterle.cz\/eshop\/wp-json\/wp\/v2\/types\/product"}],"version-history":[{"count":1,"href":"https:\/\/eterle.cz\/eshop\/wp-json\/wp\/v2\/product\/36896\/revisions"}],"predecessor-version":[{"id":36897,"href":"https:\/\/eterle.cz\/eshop\/wp-json\/wp\/v2\/product\/36896\/revisions\/36897"}],"wp:featuredmedia":[{"embeddable":true,"href":"https:\/\/eterle.cz\/eshop\/wp-json\/wp\/v2\/media\/36898"}],"wp:attachment":[{"href":"https:\/\/eterle.cz\/eshop\/wp-json\/wp\/v2\/media?parent=36896"}],"wp:term":[{"taxonomy":"product_brand","embeddable":true,"href":"https:\/\/eterle.cz\/eshop\/wp-json\/wp\/v2\/product_brand?post=36896"},{"taxonomy":"product_cat","embeddable":true,"href":"https:\/\/eterle.cz\/eshop\/wp-json\/wp\/v2\/product_cat?post=36896"},{"taxonomy":"product_tag","embeddable":true,"href":"https:\/\/eterle.cz\/eshop\/wp-json\/wp\/v2\/product_tag?post=36896"}],"curies":[{"name":"wp","href":"https:\/\/api.w.org\/{rel}","templated":true}]}}