{"id":6235,"date":"2021-06-02T20:08:40","date_gmt":"2021-06-02T18:08:40","guid":{"rendered":"https:\/\/eterle.cz\/eshopprodukt\/hrnecky-s-neobvyklym-dekorem\/"},"modified":"2025-02-16T03:06:25","modified_gmt":"2025-02-16T02:06:25","slug":"hrnecky-s-neobvyklym-dekorem","status":"publish","type":"product","link":"https:\/\/eterle.cz\/eshop\/produkt\/hrnecky-s-neobvyklym-dekorem\/","title":{"rendered":"Hrne\u010dky s neobvykl\u00fdm dekorem"},"content":{"rendered":"<p>Hrne\u010dky na k\u00e1vu ze 70. let s m\u00e1lo v\u00eddan\u00fdm geometrick\u00fdm vzorem se budou kr\u00e1sn\u011b vyj\u00edmat i v modern\u00edm interi\u00e9ru. Vhodn\u00e9 budou i jako d\u00e1rek pro mu\u017ee, co\u017e se o v\u011bt\u0161in\u011b star\u00e9ho porcel\u00e1nu s \u010dast\u00fdm romantick\u00fdm motivem kv\u011btin \u0159\u00edci ned\u00e1.<\/p>\n<p>Stav: perfektn\u00ed<br \/>\nRozm\u011br:<br \/>\nV\u00fd\u0161ka: 6 cm<br \/>\nPr\u016fm\u011br: 5 cm<br \/>\nObjem: 100 ml<\/p>\n","protected":false},"excerpt":{"rendered":"<p>Hrne\u010dky na k\u00e1vu ze 70. let s m\u00e1lo v\u00eddan\u00fdm geometrick\u00fdm vzorem se budou kr\u00e1sn\u011b vyj\u00edmat i v modern\u00edm interi\u00e9ru. Vhodn\u00e9<\/p>\n","protected":false},"featured_media":6236,"template":"","meta":[],"product_brand":[153],"product_cat":[91],"product_tag":[],"class_list":{"0":"post-6235","1":"product","2":"type-product","3":"status-publish","4":"has-post-thumbnail","6":"product_brand-eterle-cz","7":"product_cat-prodane","9":"first","10":"outofstock","11":"purchasable","12":"product-type-simple"},"_links":{"self":[{"href":"https:\/\/eterle.cz\/eshop\/wp-json\/wp\/v2\/product\/6235","targetHints":{"allow":["GET"]}}],"collection":[{"href":"https:\/\/eterle.cz\/eshop\/wp-json\/wp\/v2\/product"}],"about":[{"href":"https:\/\/eterle.cz\/eshop\/wp-json\/wp\/v2\/types\/product"}],"version-history":[{"count":0,"href":"https:\/\/eterle.cz\/eshop\/wp-json\/wp\/v2\/product\/6235\/revisions"}],"wp:featuredmedia":[{"embeddable":true,"href":"https:\/\/eterle.cz\/eshop\/wp-json\/wp\/v2\/media\/6236"}],"wp:attachment":[{"href":"https:\/\/eterle.cz\/eshop\/wp-json\/wp\/v2\/media?parent=6235"}],"wp:term":[{"taxonomy":"product_brand","embeddable":true,"href":"https:\/\/eterle.cz\/eshop\/wp-json\/wp\/v2\/product_brand?post=6235"},{"taxonomy":"product_cat","embeddable":true,"href":"https:\/\/eterle.cz\/eshop\/wp-json\/wp\/v2\/product_cat?post=6235"},{"taxonomy":"product_tag","embeddable":true,"href":"https:\/\/eterle.cz\/eshop\/wp-json\/wp\/v2\/product_tag?post=6235"}],"curies":[{"name":"wp","href":"https:\/\/api.w.org\/{rel}","templated":true}]}}