{"id":6303,"date":"2021-06-02T20:16:15","date_gmt":"2021-06-02T18:16:15","guid":{"rendered":"https:\/\/eterle.cz\/eshopprodukt\/sada-pestrobarevnych-sklenic\/"},"modified":"2025-02-16T03:06:21","modified_gmt":"2025-02-16T02:06:21","slug":"sada-pestrobarevnych-sklenic","status":"publish","type":"product","link":"https:\/\/eterle.cz\/eshop\/produkt\/sada-pestrobarevnych-sklenic\/","title":{"rendered":"Sada pestrobarevn\u00fdch sklenic"},"content":{"rendered":"<p>Jsou lehce avatgardn\u00ed, t\u011b\u017ece elegantn\u00ed a nad\u010dasov\u00e9 a maj\u00ed jednu velkou v\u00fdhodu. Nikdy se nenapijete z t\u00e9, co v\u00e1m nepat\u0159\u00ed. Sta\u010d\u00ed si pamatovat barvu t\u00e9 va\u0161\u00ed. Ide\u00e1ln\u00ed pro ve\u010de\u0159e i ve\u010d\u00edrky s p\u0159\u00e1teli.<\/p>\n<p>Stav: nespo\u0161kozen\u00e9, pou\u017e\u00edvan\u00e9<br \/>\nRozm\u011br:<br \/>\nV\u00fd\u0161ka: 15,5 cm<br \/>\nPr\u016fm\u011br: 6 cm<br \/>\nObjem: 150 ml<\/p>\n","protected":false},"excerpt":{"rendered":"<p>Jsou lehce avatgardn\u00ed, t\u011b\u017ece elegantn\u00ed a nad\u010dasov\u00e9 a maj\u00ed jednu velkou v\u00fdhodu. Nikdy se nenapijete z t\u00e9, co v\u00e1m nepat\u0159\u00ed.<\/p>\n","protected":false},"featured_media":6304,"template":"","meta":[],"product_brand":[153],"product_cat":[91],"product_tag":[],"class_list":{"0":"post-6303","1":"product","2":"type-product","3":"status-publish","4":"has-post-thumbnail","6":"product_brand-eterle-cz","7":"product_cat-prodane","9":"first","10":"outofstock","11":"sale","12":"purchasable","13":"product-type-simple"},"_links":{"self":[{"href":"https:\/\/eterle.cz\/eshop\/wp-json\/wp\/v2\/product\/6303","targetHints":{"allow":["GET"]}}],"collection":[{"href":"https:\/\/eterle.cz\/eshop\/wp-json\/wp\/v2\/product"}],"about":[{"href":"https:\/\/eterle.cz\/eshop\/wp-json\/wp\/v2\/types\/product"}],"version-history":[{"count":0,"href":"https:\/\/eterle.cz\/eshop\/wp-json\/wp\/v2\/product\/6303\/revisions"}],"wp:featuredmedia":[{"embeddable":true,"href":"https:\/\/eterle.cz\/eshop\/wp-json\/wp\/v2\/media\/6304"}],"wp:attachment":[{"href":"https:\/\/eterle.cz\/eshop\/wp-json\/wp\/v2\/media?parent=6303"}],"wp:term":[{"taxonomy":"product_brand","embeddable":true,"href":"https:\/\/eterle.cz\/eshop\/wp-json\/wp\/v2\/product_brand?post=6303"},{"taxonomy":"product_cat","embeddable":true,"href":"https:\/\/eterle.cz\/eshop\/wp-json\/wp\/v2\/product_cat?post=6303"},{"taxonomy":"product_tag","embeddable":true,"href":"https:\/\/eterle.cz\/eshop\/wp-json\/wp\/v2\/product_tag?post=6303"}],"curies":[{"name":"wp","href":"https:\/\/api.w.org\/{rel}","templated":true}]}}