{"id":6384,"date":"2021-06-02T20:20:28","date_gmt":"2021-06-02T18:20:28","guid":{"rendered":"https:\/\/eterle.cz\/eshopprodukt\/jidelni-zidle-4-kusy\/"},"modified":"2025-02-16T03:06:17","modified_gmt":"2025-02-16T02:06:17","slug":"jidelni-zidle-4-kusy","status":"publish","type":"product","link":"https:\/\/eterle.cz\/eshop\/produkt\/jidelni-zidle-4-kusy\/","title":{"rendered":"J\u00eddeln\u00ed \u017eidle &#8211; 4 kusy"},"content":{"rendered":"<p>\u010cty\u0159i j\u00eddeln\u00ed \u017eidle Thonet. D\u0159evo temn\u011b hn\u011bd\u00e9 v p\u016fvodn\u00edm stavu, sed\u00e1ky nov\u011b \u010daloun\u011bny v l\u00e1tce s geometrick\u00fdm vzorem evokuj\u00edc\u00edm bruselskou \u00e9ru.<\/p>\n<p>Zna\u010dka: Thonet<br \/>\nStav: nov\u00e9 \u010daloun\u011bn\u00ed, d\u0159evo s patinou<br \/>\nRozm\u011br:<br \/>\n\u0160\u00ed\u0159ka: 42 cm<br \/>\nHloubka: 42 cm<br \/>\nV\u00fd\u0161ka sedu: 45 cm<br \/>\nV\u00fd\u0161ka celkem: 80 cm<\/p>\n","protected":false},"excerpt":{"rendered":"<p>\u010cty\u0159i j\u00eddeln\u00ed \u017eidle Thonet. D\u0159evo temn\u011b hn\u011bd\u00e9 v p\u016fvodn\u00edm stavu, sed\u00e1ky nov\u011b \u010daloun\u011bny v l\u00e1tce s geometrick\u00fdm vzorem evokuj\u00edc\u00edm bruselskou<\/p>\n","protected":false},"featured_media":6385,"template":"","meta":[],"product_brand":[153],"product_cat":[91],"product_tag":[],"class_list":{"0":"post-6384","1":"product","2":"type-product","3":"status-publish","4":"has-post-thumbnail","6":"product_brand-eterle-cz","7":"product_cat-prodane","8":"product_shipping_class-nadrozmerne","10":"first","11":"outofstock","12":"purchasable","13":"product-type-simple"},"_links":{"self":[{"href":"https:\/\/eterle.cz\/eshop\/wp-json\/wp\/v2\/product\/6384","targetHints":{"allow":["GET"]}}],"collection":[{"href":"https:\/\/eterle.cz\/eshop\/wp-json\/wp\/v2\/product"}],"about":[{"href":"https:\/\/eterle.cz\/eshop\/wp-json\/wp\/v2\/types\/product"}],"version-history":[{"count":0,"href":"https:\/\/eterle.cz\/eshop\/wp-json\/wp\/v2\/product\/6384\/revisions"}],"wp:featuredmedia":[{"embeddable":true,"href":"https:\/\/eterle.cz\/eshop\/wp-json\/wp\/v2\/media\/6385"}],"wp:attachment":[{"href":"https:\/\/eterle.cz\/eshop\/wp-json\/wp\/v2\/media?parent=6384"}],"wp:term":[{"taxonomy":"product_brand","embeddable":true,"href":"https:\/\/eterle.cz\/eshop\/wp-json\/wp\/v2\/product_brand?post=6384"},{"taxonomy":"product_cat","embeddable":true,"href":"https:\/\/eterle.cz\/eshop\/wp-json\/wp\/v2\/product_cat?post=6384"},{"taxonomy":"product_tag","embeddable":true,"href":"https:\/\/eterle.cz\/eshop\/wp-json\/wp\/v2\/product_tag?post=6384"}],"curies":[{"name":"wp","href":"https:\/\/api.w.org\/{rel}","templated":true}]}}