{"id":6473,"date":"2021-06-02T20:23:57","date_gmt":"2021-06-02T18:23:57","guid":{"rendered":"https:\/\/eterle.cz\/eshopprodukt\/lustr\/"},"modified":"2025-02-16T03:06:13","modified_gmt":"2025-02-16T02:06:13","slug":"lustr","status":"publish","type":"product","link":"https:\/\/eterle.cz\/eshop\/produkt\/lustr\/","title":{"rendered":"Lustr"},"content":{"rendered":"<p>Lustr z b\u00edl\u00e9ho op\u00e1lov\u00e9ho skla p\u0159ipom\u00ednaj\u00edc\u00ed sv\u00fdm tvarem vrtuli \u010di indi\u00e1nka se bude hodit pro sv\u016fj jednoduch\u00fd tvar a nad\u010dasovost t\u00e9m\u011b\u0159 kamkoliv. My bychom ale ide\u00e1ln\u011b vid\u011bly nad j\u00eddeln\u00edm stolem \u010di ve vstupn\u00ed hale.<\/p>\n<p>Stav: p\u016fvodn\u00ed &#8211; plast na jedn\u00e9 stran\u011b vy\u0159\u00edznut\u00fd, spodn\u00ed lem st\u00ednidla lehce o\u0161t\u00edpan\u00fd. Funk\u010dn\u00ed, elektroinstalace p\u016fvodn\u00ed.<br \/>\nRozm\u011br:<br \/>\nV\u00fd\u0161ka st\u00ednidla: 30 cm<br \/>\nPr\u016fm\u011br: 24 cm<\/p>\n","protected":false},"excerpt":{"rendered":"<p>Lustr z b\u00edl\u00e9ho op\u00e1lov\u00e9ho skla p\u0159ipom\u00ednaj\u00edc\u00ed sv\u00fdm tvarem vrtuli \u010di indi\u00e1nka se bude hodit pro sv\u016fj jednoduch\u00fd tvar a nad\u010dasovost<\/p>\n","protected":false},"featured_media":7135,"template":"","meta":[],"product_brand":[153],"product_cat":[91],"product_tag":[],"class_list":{"0":"post-6473","1":"product","2":"type-product","3":"status-publish","4":"has-post-thumbnail","6":"product_brand-eterle-cz","7":"product_cat-prodane","9":"first","10":"outofstock","11":"purchasable","12":"product-type-simple"},"_links":{"self":[{"href":"https:\/\/eterle.cz\/eshop\/wp-json\/wp\/v2\/product\/6473","targetHints":{"allow":["GET"]}}],"collection":[{"href":"https:\/\/eterle.cz\/eshop\/wp-json\/wp\/v2\/product"}],"about":[{"href":"https:\/\/eterle.cz\/eshop\/wp-json\/wp\/v2\/types\/product"}],"version-history":[{"count":0,"href":"https:\/\/eterle.cz\/eshop\/wp-json\/wp\/v2\/product\/6473\/revisions"}],"wp:featuredmedia":[{"embeddable":true,"href":"https:\/\/eterle.cz\/eshop\/wp-json\/wp\/v2\/media\/7135"}],"wp:attachment":[{"href":"https:\/\/eterle.cz\/eshop\/wp-json\/wp\/v2\/media?parent=6473"}],"wp:term":[{"taxonomy":"product_brand","embeddable":true,"href":"https:\/\/eterle.cz\/eshop\/wp-json\/wp\/v2\/product_brand?post=6473"},{"taxonomy":"product_cat","embeddable":true,"href":"https:\/\/eterle.cz\/eshop\/wp-json\/wp\/v2\/product_cat?post=6473"},{"taxonomy":"product_tag","embeddable":true,"href":"https:\/\/eterle.cz\/eshop\/wp-json\/wp\/v2\/product_tag?post=6473"}],"curies":[{"name":"wp","href":"https:\/\/api.w.org\/{rel}","templated":true}]}}