{"id":6474,"date":"2021-06-02T20:25:07","date_gmt":"2021-06-02T18:25:07","guid":{"rendered":"https:\/\/eterle.cz\/eshopprodukt\/lustr-talir-brusel\/"},"modified":"2025-02-16T03:06:12","modified_gmt":"2025-02-16T02:06:12","slug":"lustr-talir-brusel","status":"publish","type":"product","link":"https:\/\/eterle.cz\/eshop\/produkt\/lustr-talir-brusel\/","title":{"rendered":"Lustr tal\u00ed\u0159 \/ Brusel"},"content":{"rendered":"<p>Retro lustr &#8222;tal\u00ed\u0159&#8220; v bruselsk\u00e9m stylu z 60 let. Sklen\u011bn\u00e9 st\u00ednidlo v pastelov\u011b zelen\u00e9 barv\u011b v kombinaci s hlin\u00edkovou ty\u010d\u00ed.<\/p>\n<p>Stav: p\u016fvodn\u00ed &#8211; st\u0159\u00edbrn\u00e1 linka po obvodu je m\u00edsty set\u0159en\u00e1, zlat\u00fd krou\u017eek kolem plastov\u00e9 \u0161pi\u010dky lustru je orezl\u00fd. Funk\u010dn\u00ed, elektroinstalace p\u016fvodn\u00ed.<br \/>\nRozm\u011br:<br \/>\nPr\u016fm\u011br: 57 cm<br \/>\nV\u00fd\u0161ka: 44 cm<\/p>\n","protected":false},"excerpt":{"rendered":"<p>Retro lustr &#8222;tal\u00ed\u0159&#8220; v bruselsk\u00e9m stylu z 60 let. Sklen\u011bn\u00e9 st\u00ednidlo v pastelov\u011b zelen\u00e9 barv\u011b v kombinaci s hlin\u00edkovou ty\u010d\u00ed.<\/p>\n","protected":false},"featured_media":7134,"template":"","meta":[],"product_brand":[153],"product_cat":[91],"product_tag":[],"class_list":{"0":"post-6474","1":"product","2":"type-product","3":"status-publish","4":"has-post-thumbnail","6":"product_brand-eterle-cz","7":"product_cat-prodane","9":"first","10":"outofstock","11":"purchasable","12":"product-type-simple"},"_links":{"self":[{"href":"https:\/\/eterle.cz\/eshop\/wp-json\/wp\/v2\/product\/6474","targetHints":{"allow":["GET"]}}],"collection":[{"href":"https:\/\/eterle.cz\/eshop\/wp-json\/wp\/v2\/product"}],"about":[{"href":"https:\/\/eterle.cz\/eshop\/wp-json\/wp\/v2\/types\/product"}],"version-history":[{"count":0,"href":"https:\/\/eterle.cz\/eshop\/wp-json\/wp\/v2\/product\/6474\/revisions"}],"wp:featuredmedia":[{"embeddable":true,"href":"https:\/\/eterle.cz\/eshop\/wp-json\/wp\/v2\/media\/7134"}],"wp:attachment":[{"href":"https:\/\/eterle.cz\/eshop\/wp-json\/wp\/v2\/media?parent=6474"}],"wp:term":[{"taxonomy":"product_brand","embeddable":true,"href":"https:\/\/eterle.cz\/eshop\/wp-json\/wp\/v2\/product_brand?post=6474"},{"taxonomy":"product_cat","embeddable":true,"href":"https:\/\/eterle.cz\/eshop\/wp-json\/wp\/v2\/product_cat?post=6474"},{"taxonomy":"product_tag","embeddable":true,"href":"https:\/\/eterle.cz\/eshop\/wp-json\/wp\/v2\/product_tag?post=6474"}],"curies":[{"name":"wp","href":"https:\/\/api.w.org\/{rel}","templated":true}]}}