{"id":6475,"date":"2021-06-02T20:25:07","date_gmt":"2021-06-02T18:25:07","guid":{"rendered":"https:\/\/eterle.cz\/eshopprodukt\/lustr-kostka-kamenicky-senov\/"},"modified":"2025-02-16T03:06:12","modified_gmt":"2025-02-16T02:06:12","slug":"lustr-kostka-kamenicky-senov","status":"publish","type":"product","link":"https:\/\/eterle.cz\/eshop\/produkt\/lustr-kostka-kamenicky-senov\/","title":{"rendered":"Lustr kostka \/ Kamenick\u00fd \u0160enov"},"content":{"rendered":"<p>Nev\u0161edn\u00ed lustr ve tvaru kostky poch\u00e1zej\u00edc\u00ed ze 70.let byl vyroben\u00fd ve skl\u00e1rn\u00e1ch Kamenick\u00fd \u0160enov, podle n\u00e1vrhu Jaroslava Bejvlta st..<\/p>\n<p>Zna\u010dka: Jaroslav Bejvlt, Kamenick\u00fd \u0160enov<br \/>\nStav: velmi dobr\u00fd zachoval\u00fd stav. Funk\u010dn\u00ed, elektroinstalace p\u016fvodn\u00ed.<br \/>\nRozm\u011br:<br \/>\nD\u00e9lka: 78 cm<br \/>\nPr\u016fm\u011br: 36 cm<\/p>\n","protected":false},"excerpt":{"rendered":"<p>Nev\u0161edn\u00ed lustr ve tvaru kostky poch\u00e1zej\u00edc\u00ed ze 70.let byl vyroben\u00fd ve skl\u00e1rn\u00e1ch Kamenick\u00fd \u0160enov, podle n\u00e1vrhu Jaroslava Bejvlta st.. Zna\u010dka:<\/p>\n","protected":false},"featured_media":6476,"template":"","meta":[],"product_brand":[153],"product_cat":[91],"product_tag":[],"class_list":{"0":"post-6475","1":"product","2":"type-product","3":"status-publish","4":"has-post-thumbnail","6":"product_brand-eterle-cz","7":"product_cat-prodane","9":"first","10":"outofstock","11":"purchasable","12":"product-type-simple"},"_links":{"self":[{"href":"https:\/\/eterle.cz\/eshop\/wp-json\/wp\/v2\/product\/6475","targetHints":{"allow":["GET"]}}],"collection":[{"href":"https:\/\/eterle.cz\/eshop\/wp-json\/wp\/v2\/product"}],"about":[{"href":"https:\/\/eterle.cz\/eshop\/wp-json\/wp\/v2\/types\/product"}],"version-history":[{"count":0,"href":"https:\/\/eterle.cz\/eshop\/wp-json\/wp\/v2\/product\/6475\/revisions"}],"wp:featuredmedia":[{"embeddable":true,"href":"https:\/\/eterle.cz\/eshop\/wp-json\/wp\/v2\/media\/6476"}],"wp:attachment":[{"href":"https:\/\/eterle.cz\/eshop\/wp-json\/wp\/v2\/media?parent=6475"}],"wp:term":[{"taxonomy":"product_brand","embeddable":true,"href":"https:\/\/eterle.cz\/eshop\/wp-json\/wp\/v2\/product_brand?post=6475"},{"taxonomy":"product_cat","embeddable":true,"href":"https:\/\/eterle.cz\/eshop\/wp-json\/wp\/v2\/product_cat?post=6475"},{"taxonomy":"product_tag","embeddable":true,"href":"https:\/\/eterle.cz\/eshop\/wp-json\/wp\/v2\/product_tag?post=6475"}],"curies":[{"name":"wp","href":"https:\/\/api.w.org\/{rel}","templated":true}]}}