{"id":6482,"date":"2021-06-02T20:25:25","date_gmt":"2021-06-02T18:25:25","guid":{"rendered":"https:\/\/eterle.cz\/eshopprodukt\/lustr-koule\/"},"modified":"2026-04-09T11:19:26","modified_gmt":"2026-04-09T09:19:26","slug":"lustr-koule","status":"publish","type":"product","link":"https:\/\/eterle.cz\/eshop\/produkt\/lustr-koule\/","title":{"rendered":"Lustr koule"},"content":{"rendered":"<p>Z\u00e1v\u011bsn\u00e1 lampa z 60. let je vyrobena z lisovan\u00e9ho skla s n\u00e1padnou strukturou. Lustr je jednoduch\u00fd, ale pr\u00e1v\u011b struktura skla mu dod\u00e1v\u00e1 na zaj\u00edmavosti. V\u00fdborn\u011b bude vypadat t\u0159eba ve vstupn\u00ed hale.<\/p>\n<p>Stav: velmi dobr\u00fd p\u016fvodn\u00ed zachoval\u00fd stav. Funk\u010dn\u00ed, elektroinstalace p\u016fvodn\u00ed.<br \/>\nRozm\u011br:<br \/>\nV\u00fd\u0161ka 92 cm<\/p>\n<p>D\u00e9lka ty\u010de: 60 cm<\/p>\n<p>Pr\u016fm\u011br: 30 cm<\/p>\n","protected":false},"excerpt":{"rendered":"<p>Z\u00e1v\u011bsn\u00e1 lampa z 60. let je vyrobena z lisovan\u00e9ho skla s n\u00e1padnou strukturou. Lustr je jednoduch\u00fd, ale pr\u00e1v\u011b struktura skla<\/p>\n","protected":false},"featured_media":6483,"template":"","meta":[],"product_brand":[153],"product_cat":[79,140],"product_tag":[],"class_list":{"0":"post-6482","1":"product","2":"type-product","3":"status-publish","4":"has-post-thumbnail","6":"product_brand-eterle-cz","7":"product_cat-svetla","8":"product_cat-lustry","10":"first","11":"instock","12":"purchasable","13":"product-type-simple"},"_links":{"self":[{"href":"https:\/\/eterle.cz\/eshop\/wp-json\/wp\/v2\/product\/6482","targetHints":{"allow":["GET"]}}],"collection":[{"href":"https:\/\/eterle.cz\/eshop\/wp-json\/wp\/v2\/product"}],"about":[{"href":"https:\/\/eterle.cz\/eshop\/wp-json\/wp\/v2\/types\/product"}],"version-history":[{"count":1,"href":"https:\/\/eterle.cz\/eshop\/wp-json\/wp\/v2\/product\/6482\/revisions"}],"predecessor-version":[{"id":26131,"href":"https:\/\/eterle.cz\/eshop\/wp-json\/wp\/v2\/product\/6482\/revisions\/26131"}],"wp:featuredmedia":[{"embeddable":true,"href":"https:\/\/eterle.cz\/eshop\/wp-json\/wp\/v2\/media\/6483"}],"wp:attachment":[{"href":"https:\/\/eterle.cz\/eshop\/wp-json\/wp\/v2\/media?parent=6482"}],"wp:term":[{"taxonomy":"product_brand","embeddable":true,"href":"https:\/\/eterle.cz\/eshop\/wp-json\/wp\/v2\/product_brand?post=6482"},{"taxonomy":"product_cat","embeddable":true,"href":"https:\/\/eterle.cz\/eshop\/wp-json\/wp\/v2\/product_cat?post=6482"},{"taxonomy":"product_tag","embeddable":true,"href":"https:\/\/eterle.cz\/eshop\/wp-json\/wp\/v2\/product_tag?post=6482"}],"curies":[{"name":"wp","href":"https:\/\/api.w.org\/{rel}","templated":true}]}}